{"text_format":"1","workbook":"xlsx","n_sheets":11,"sheets":["ReadMe","Base Values","HVI & Yield Entry","Premiums & Discounts","Yield & Return","Staple Lookup","G&S","Str","Mic","Uni","Ext"],"not_rendered":{"charts":0,"images":1,"macros":1,"external_links":1,"defined_names":2,"comments":0,"pivot_tables":0},"unopened":[],"bounds":{"document_bytes":16777216,"sheet_cells":100000,"rows_first":2000,"rows_last":500,"rows_between":2000,"halvings":0,"cell_chars":16384,"cell_head_chars":4096},"cells_cut":0,"cells_raw":0,"read":"whole","date_system":"1900"}

{"sheet":"ReadMe","index":0,"n_rows":35,"n_cols":1,"rows_kept":35,"cut":false,"hidden":false,"merged":[]}
[]
[]
[]
["Two data entry sheets (Base Values and HVI & Yield Entry)"]
["Two output sheets (Premiums & Discounts and Yield & Return)"]
[]
["Step 1 - Base Values sheet"]
["Check/enter cells of base data for the loan value, seed value, costs, and turnout."]
["These values are applied to Yield & Return calculations."]
[]
["Step 2 - HVI & Yield Entry sheet"]
["HVI Option 1 - Import"]
["The Loan Calculator can import data from sources with known formatting (i.e., USDA, Texas Tech FBRI, and Cotton Incorporated).  After importing, the HVI data are automatically fed into the Premiums & Discounts sheet."]
["If the import option is not working for one of the known formats, please email us (address below) so we can de-bug it for you."]
["HVI Option 2 - Paste HVI data"]
["As in previous versions, HVI data can also be pasted into columns on the HVI Data sheet.  After pasting, click send button to push HVI data through to the Premiums & Discounts sheet."]
["Paste Extraneous Matter and Yield & Turnout"]
["Extraneous matter readings are assumed to be zero.  Non-zero values have to be entered manually.  Press one of the send buttons to push data to Premiums & Discounts sheet."]
[]
["Step 3 - Optional Yield & Return Data"]
["Yield & Turnout data have to be entered manually (columns N & O on HVI & Yield Entry sheet)"]
["Press the send button to feed these values to the Yield & Return sheet."]
[]
["Sorting buttons on all sheets"]
["Sort a = sort ascending (smallest values at top)"]
["Sort d = sort descending (largest values at top)"]
[]
["For more detailed instructions, please visit Cotton Incorporated's website."]
["link to Loan Calculator page"]
[]
["Source Premium & Discount Values"]
["Premium and Discount values are updated each year from the USDA."]
["link to USDA source tables"]
[]
["Please email any questions, suggestions or issues to Jon Devine jdevine@cottoninc.com"]

{"sheet":"Base Values","index":1,"n_rows":14,"n_cols":3,"rows_kept":14,"cut":false,"hidden":false,"merged":[]}
["Enter Base Values"]
[]
[null,"Base Values","Value Units"]
["Study/Test Title","2022/23 Sample Loan Values","n/a"]
[]
["Base Quality Price (41 Color, 4 Leaf, 34 Staple)",52,"cents/lb"]
[]
["Cottonseed Value (USD/ton)",185,"USD/ton"]
[]
["Picking/Stripping & Moduling Cost per Cwt of Seed Cotton",3.2,"USD/Cwt"]
[]
["Ginning Cost per Pound of Lint",0.12,"USD/lb"]
[]
["Pounds of Seed per Pound of Lint",1.4119999999999999,"lb of seed per lb of lint"]

{"sheet":"HVI & Yield Entry","index":2,"n_rows":68,"n_cols":15,"rows_kept":68,"cut":false,"hidden":false,"merged":[[4,9,4,12]]}
["Enter HVI Data"]
["HVI data can either be imported or pasted"]
[]
["Import HVI Data"]
["HVI data from sources/labs with known formatting can be",null,null,null,null,null,null,null,null,"Extraneous Matter (blanks treated as 0)"]
["imported with the buttons below.  After you locate the file, the",null,null,null,null,null,null,null,null,"Bark",null,null,null,"Lint Yield","Turnout"]
["data will appear here and on the Premiums & Discount sheet.",null,"Sample Name/Code","Color","Leaf","Mic","Length","Strength","Uniformity","TX/NM/OK/KS","Prep","Other","Plastic","(lbs acre)","(%)"]
[null,null,1915001,31,3,4.0999999999999996,1.2,31,82]
[null,null,1915002,31,3,4.4000000000000004,1.24,29,83.7]
[null,null,1915003,41,4,4.5999999999999996,1.1499999999999999,28.4,82.2]
[null,null,1915004,41,4,4.4000000000000004,1.18,31.3,83.6]
[null,null,1915005,41,3,4.2,1.17,30.1,81.5]
[null,null,1915006,41,3,4.9000000000000004,1.17,29.8,84.9]
[null,null,1915007,41,4,4.5,1.18,30.5,83.3]
[null,null,1915008,41,4,4.5999999999999996,1.23,31.6,83.7]
[null,null,1915009,41,4,4.7,1.22,33.299999999999997,84]
[null,null,1915010,41,4,4.7,1.21,30,83.7]
["Paste HVI Data",null,1915011,31,3,4.5999999999999996,1.1599999999999999,29.1,83.2]
["HVI data can also be pasted in.  After pasting data,",null,1915012,41,4,4.4000000000000004,1.2,31.6,84.1]
["hit the button below and the columns will be",null,1915013,41,4,4.8,1.2,29,83.6]
["fed into the Premiums & Discounts sheet.",null,1915014,41,3,4.5,1.1200000000000001,30.6,83.5]
[null,null,1915015,41,2,4.5999999999999996,1.1399999999999999,27.9,83.2]
[null,null,1915016,31,3,4.2,1.18,30.9,82.3]
[null,null,1915017,41,4,4.0999999999999996,1.19,29.4,82.5]
[null,null,1915018,41,3,4.2,1.17,32.4,83.3]
["Extraneous Matter",null,1921009,52,5,4.4000000000000004,1.18,29.1,83.4]
["These data have to pasted in.  Column C (Sample Name/Code)",null,1921013,52,5,4.4000000000000004,1.17,29.1,82.1]
["can be sorted to help with data entry.  Pushing \"Send HVI Data ...\" ",null,1921018,52,4,4.3,1.17,29,83.6]
["buttons (A29 or D1) will fill in values on Premiums & Discounts sheet.",null,1922001,52,5,4.3,1.21,31.2,82.7]
[null,null,1969001,52,5,4.5999999999999996,1.1399999999999999,29.6,82.4]
["Yield & Turnout",null,1969002,52,5,4.5999999999999996,1.1399999999999999,30,81.900000000000006]
["These data have to pasted in.  Column C (Sample Name/Code)",null,1969005,52,5,4.5,1.1100000000000001,28.1,81.599999999999994]
["can be sorted to help with data entry.  Pushing \"Send Yield & Turnout ...\" ",null,1969006,52,5,4.4000000000000004,1.1399999999999999,29.6,82]
["button (N1) will fill in values on Yield & Return sheet.",null,1969010,52,5,4.9000000000000004,1.1399999999999999,28.1,83.6]
[null,null,1969013,42,4,4.0999999999999996,1.1000000000000001,29.1,80.900000000000006]
[null,null,1969014,52,4,4.7,1.1200000000000001,30.3,82.5]
[null,null,1969015,52,4,4.5999999999999996,1.1000000000000001,27.6,80.900000000000006]
[null,null,1969016,42,4,4.7,1.0900000000000001,28.7,82.4]
[null,null,1969019,52,4,4.5999999999999996,1.1399999999999999,29.2,81.900000000000006]
[null,null,1969022,52,5,4.9000000000000004,1.1299999999999999,28.2,81.3]
[null,null,1969027,42,4,4.3,1.1000000000000001,29.6,81.7]
[null,null,1969032,42,6,4.5,1.1399999999999999,28.8,83.2]
[null,null,1969033,42,6,4.2,1.1399999999999999,30.4,83.1]
[null,null,1969037,42,6,4.5999999999999996,1.22,32.700000000000003,83.9]
[null,null,1969040,42,4,4.5999999999999996,1.1499999999999999,30.3,82.5]
[null,null,1969041,52,5,4.5,1.17,29.5,80.400000000000006]
[null,null,1969046,52,5,4.5,1.1299999999999999,29.4,83.7]
[null,null,1969053,42,5,3.9,1.19,29.8,82.5]
[null,null,1969056,41,3,4.5999999999999996,1.21,29,84.6]
[null,null,1969059,52,6,4.0999999999999996,1.2,28.5,82.3]
[null,null,7101001,42,4,4.5999999999999996,1.19,30.6,84]
[null,null,7101002,41,4,4.2,1.2,31.6,84]
[null,null,7101003,41,3,4.5999999999999996,1.21,30.9,83.8]
[null,null,7101004,42,4,4.5,1.1399999999999999,29.8,82.7]
[null,null,7201055,51,4,3.8,1.18,31.9,83.7]
[null,null,7201056,52,4,4.2,1.1599999999999999,30.8,82.4]
[null,null,7201057,42,4,4.3,1.1599999999999999,30.5,82]
[null,null,7201058,51,4,4.3,1.1599999999999999,30,82]
[null,null,7201059,52,4,4,1.1299999999999999,30.2,81.8]
[null,null,7201060,52,4,4,1.22,33.299999999999997,81.5]
[null,null,7201061,52,4,4,1.18,31.1,83.3]
[null,null,7401009,31,3,3,1.21,31.6,83.1]
[null,null,7401010,31,5,3.7,1.2,30,82.3]
[null,null,7401011,32,4,3.5,1.1399999999999999,29.6,82.3]
[null,null,7401012,31,3,3.6,1.2,31.7,82.4]
[null,null,7401013,31,4,3.8,1.2,32,84.2]
[null,null,7401014,31,3,3.9,1.1399999999999999,29.6,82.2]
[null,null,7401015,41,5,3.5,1.1299999999999999,30,82]

{"sheet":"Premiums & Discounts","index":3,"n_rows":68,"n_cols":34,"rows_kept":68,"cut":false,"hidden":false,"merged":[[4,7,4,10],[4,13,4,17],[5,22,5,25]]}
["Premiums & Discounts"]
["Uses HVI data from HVI & Yield Entry sheet"]
[]
[]
[null,null,null,null,null,null,null,"Extraneous Matter (blanks treated as 0)",null,null,null,null,null,"Premiums & Discounts",null,null,null,null,null,"Net ","Loan",null,"These columns break out the discount for extraneous matter by type",null,null,null,null,null,null,null,null,null,"Mic Premium Eligibility"]
[null,null,null,null,null,null,null,"Bark",null,null,null,null,null,"Grade & ",null,null,"Ext",null,null,"Premium","Value",null,"Extraneous Matter Breakout",null,null,null,null,null,null,null,null,null,"Micronaire only eligible for certain windows of color/leaf"]
["Sample Name/Code","Color","Leaf","Mic","Length","Strength","Uniformity","TX/NM/OK/KS","Prep","Other","Plastic","Staple",null,"Length","Strength","Mic","Matter","Uniformity",null,"(points)","(cents/lb)",null,"TX/NM/OK/KS","Prep","Other","Plastic",null,"38+","26-31","n/a","Normal",null,"a/ Premium applies only to white grades 11-41, leaf 1-6; 51, leaf 1-5; light spotted grades 12-32, leaf 1-5; 42, leaf 1-4; and 52, leaf 1-3.","Raw Mic PD"]
[1915001,31,3,4.0999999999999996,1.2,31,82,null,null,null,null,{"$f":"IF(LEN(A8)=0,\"\",IF(LEN(E8)=0,\"HVI data needed\",INDEX('Staple Lookup'!$C$3:$C$100,MATCH(TRUE,'Staple Lookup'!$B$3:$B$100>=E8,0))))","v":38},null,{"$f":"IF(OR(LEN(B8)=0,LEN(C8)=0,LEN(D8)=0),\"\",IF(AND(RIGHT(B8,1)*1=1,C8=8),-2000,IF(L8>=38,AB8,IF(L8<=31,AC8,AE8))))","v":420},{"$f":"IF(LEN(A8)=0,\"\",INDEX(Str!$C$1:$C$18,MATCH(F8,Str!$A$1:$A$18,1)))","v":30},{"$f":"IF(LEN(A8)=0,\"\",IF(AND(AG8=1,AH8>0),AH8,IF(AND(AG8=0,AH8>0),0,AH8)))","v":5},{"$f":"IF(LEN(A8)=0,\"\",SUM(W8:Z8))","v":0},{"$f":"IF(LEN(A8)=0,\"\",INDEX(Uni!$C$1:$C$20,MATCH($G8,Uni!$A$1:$A$20,1)))","v":5},null,{"$f":"IF(LEN(A8)=0,\"\",IF(OR(LEN(B8)=0,LEN(C8)=0,LEN(D8)=0,LEN(E8)=0,LEN(F8)=0,LEN(G8)=0),\"no HVI data\",SUM(N8:R8)))","v":460},{"$f":"IF(LEN(A8)=0,\"\",IF(OR(LEN(B8)=0,LEN(C8)=0,LEN(D8)=0,LEN(E8)=0,LEN(F8)=0,LEN(G8)=0),\"no HVI data\",IF('Base Values'!$B$6+(SUM($N8:$R8)/100)<0,0,'Base Values'!$B$6+(SUM(N8:R8)/100))))","v":56.6},null,{"$f":"IF(LEN(A8)=0,\"\",IF(LEN(H8)=0,INDEX(Ext!$A$1:$G$5,MATCH(0,Ext!$A$1:$A$5,0),MATCH(H$7,Ext!$A$2:$E$2,0)),IF(AND(H8>=0,H8<3),INDEX(Ext!$A$1:$G$5,MATCH(H8,Ext!$A$1:$A$5,0),MATCH(H$7,Ext!$A$2:$E$2,0)),\"invalid entry\")))","v":0},{"$f":"IF(LEN(B8)=0,\"\",IF(LEN(I8)=0,INDEX(Ext!$A$1:$G$5,MATCH(0,Ext!$A$1:$A$5,0),MATCH(I$7,Ext!$A$2:$E$2,0)),IF(AND(I8>=0,I8<3),INDEX(Ext!$A$1:$G$5,MATCH(I8,Ext!$A$1:$A$5,0),MATCH(I$7,Ext!$A$2:$E$2,0)),\"invalid entry\")))","v":0},{"$f":"IF(LEN(C8)=0,\"\",IF(LEN(J8)=0,INDEX(Ext!$A$1:$G$5,MATCH(0,Ext!$A$1:$A$5,0),MATCH(J$7,Ext!$A$2:$E$2,0)),IF(AND(J8>=0,J8<3),INDEX(Ext!$A$1:$G$5,MATCH(J8,Ext!$A$1:$A$5,0),MATCH(J$7,Ext!$A$2:$E$2,0)),\"invalid entry\")))","v":0},{"$f":"IF(LEN(D8)=0,\"\",IF(LEN(K8)=0,INDEX(Ext!$A$1:$G$5,MATCH(0,Ext!$A$1:$A$5,0),MATCH(K$7,Ext!$A$2:$E$2,0)),IF(AND(K8>=0,K8<3),INDEX(Ext!$A$1:$G$5,MATCH(K8,Ext!$A$1:$A$5,0),MATCH(K$7,Ext!$A$2:$E$2,0)),\"invalid entry\")))","v":0},null,{"$f":"IF(ISNA(INDEX('G&S'!$A$1:$K$1000,MATCH($B8&$C8,'G&S'!$B$1:$B$1000&'G&S'!$C$1:$C$1000,0),MATCH(\"38+\",'G&S'!$A$3:$K$3,0))),-4000,INDEX('G&S'!$A$1:$K$1000,MATCH($B8&$C8,'G&S'!$B$1:$B$1000&'G&S'!$C$1:$C$1000,0),MATCH(\"38+\",'G&S'!$A$3:$K$3,0)))","v":420},{"$f":"IF(ISNA(INDEX('G&S'!$A$1:$K$1000,MATCH($B8&$C8,'G&S'!$B$1:$B$1000&'G&S'!$C$1:$C$1000,0),MATCH(\"26-31\",'G&S'!$A$3:$K$3,0))),-4000,INDEX('G&S'!$A$1:$K$1000,MATCH($B8&$C8,'G&S'!$B$1:$B$1000&'G&S'!$C$1:$C$1000,0),MATCH(\"26-31\",'G&S'!$A$3:$K$3,0)))","v":-530},{"$f":"IF(ISNA(INDEX('G&S'!$A$1:$K$1000,MATCH($B8&$C8,'G&S'!$B$1:$B$1000&'G&S'!$C$1:$C$1000,0),MATCH($L8,'G&S'!$A$3:$K$3,0))),-4000,INDEX('G&S'!$A$1:$K$1000,MATCH($B8&$C8,'G&S'!$B$1:$B$1000&'G&S'!$C$1:$C$1000,0),MATCH($L8,'G&S'!$A$3:$K$3,0)))","v":-4000},{"$f":"IF(ISNA(INDEX('G&S'!$A$1:$K$1000,MATCH($B8&$C8,'G&S'!$B$1:$B$1000&'G&S'!$C$1:$C$1000,0),MATCH($L8,'G&S'!$A$3:$K$3,0))),-4000,INDEX('G&S'!$A$1:$K$1000,MATCH($B8&$C8,'G&S'!$B$1:$B$1000&'G&S'!$C$1:$C$1000,0),MATCH($L8,'G&S'!$A$3:$K$3,0)))","v":-4000},null,{"$f":"IF(LEN(A8)=0,\"\",IF(AND(RIGHT(B8,1)=\"1\",B8>=11,B8<=41,C8<=6),1,IF(AND(RIGHT(B8,1)=\"1\",B8=51,C8<=5),1,IF(AND(RIGHT(B8,1)=\"2\",B8>=12,B8<=32,C8<=5),1,IF(AND(RIGHT(B8,1)=\"2\",B8=42,C8<=4),1,IF(AND(RIGHT(B8,1)=\"2\",B8=52,C8<=3),1,0))))))","v":1},{"$f":"IF(LEN(A8)=0,\"\",INDEX(Mic!$C$1:$C$20,MATCH($D8,Mic!$A$1:$A$20,1)))","v":5}]
[1915002,31,3,4.4000000000000004,1.24,29,83.7,null,null,null,null,{"$f":"IF(LEN(A9)=0,\"\",IF(LEN(E9)=0,\"HVI data needed\",INDEX('Staple Lookup'!$C$3:$C$100,MATCH(TRUE,'Staple Lookup'!$B$3:$B$100>=E9,0))))","v":40},null,{"$f":"IF(OR(LEN(B9)=0,LEN(C9)=0,LEN(D9)=0),\"\",IF(AND(RIGHT(B9,1)*1=1,C9=8),-2000,IF(L9>=38,AB9,IF(L9<=31,AC9,AE9))))","v":420},{"$f":"IF(LEN(A9)=0,\"\",INDEX(Str!$C$1:$C$18,MATCH(F9,Str!$A$1:$A$18,1)))","v":5},{"$f":"IF(LEN(A9)=0,\"\",IF(AND(AG9=1,AH9>0),AH9,IF(AND(AG9=0,AH9>0),0,AH9)))","v":0},{"$f":"IF(LEN(A9)=0,\"\",SUM(W9:Z9))","v":0},{"$f":"IF(LEN(A9)=0,\"\",INDEX(Uni!$C$1:$C$20,MATCH($G9,Uni!$A$1:$A$20,1)))","v":10},null,{"$f":"IF(LEN(A9)=0,\"\",IF(OR(LEN(B9)=0,LEN(C9)=0,LEN(D9)=0,LEN(E9)=0,LEN(F9)=0,LEN(G9)=0),\"no HVI data\",SUM(N9:R9)))","v":435},{"$f":"IF(LEN(A9)=0,\"\",IF(OR(LEN(B9)=0,LEN(C9)=0,LEN(D9)=0,LEN(E9)=0,LEN(F9)=0,LEN(G9)=0),\"no HVI data\",IF('Base Values'!$B$6+(SUM($N9:$R9)/100)<0,0,'Base Values'!$B$6+(SUM(N9:R9)/100))))","v":56.35},null,{"$f":"IF(LEN(A9)=0,\"\",IF(LEN(H9)=0,INDEX(Ext!$A$1:$G$5,MATCH(0,Ext!$A$1:$A$5,0),MATCH(H$7,Ext!$A$2:$E$2,0)),IF(AND(H9>=0,H9<3),INDEX(Ext!$A$1:$G$5,MATCH(H9,Ext!$A$1:$A$5,0),MATCH(H$7,Ext!$A$2:$E$2,0)),\"invalid entry\")))","v":0},{"$f":"IF(LEN(B9)=0,\"\",IF(LEN(I9)=0,INDEX(Ext!$A$1:$G$5,MATCH(0,Ext!$A$1:$A$5,0),MATCH(I$7,Ext!$A$2:$E$2,0)),IF(AND(I9>=0,I9<3),INDEX(Ext!$A$1:$G$5,MATCH(I9,Ext!$A$1:$A$5,0),MATCH(I$7,Ext!$A$2:$E$2,0)),\"invalid entry\")))","v":0},{"$f":"IF(LEN(C9)=0,\"\",IF(LEN(J9)=0,INDEX(Ext!$A$1:$G$5,MATCH(0,Ext!$A$1:$A$5,0),MATCH(J$7,Ext!$A$2:$E$2,0)),IF(AND(J9>=0,J9<3),INDEX(Ext!$A$1:$G$5,MATCH(J9,Ext!$A$1:$A$5,0),MATCH(J$7,Ext!$A$2:$E$2,0)),\"invalid entry\")))","v":0},{"$f":"IF(LEN(D9)=0,\"\",IF(LEN(K9)=0,INDEX(Ext!$A$1:$G$5,MATCH(0,Ext!$A$1:$A$5,0),MATCH(K$7,Ext!$A$2:$E$2,0)),IF(AND(K9>=0,K9<3),INDEX(Ext!$A$1:$G$5,MATCH(K9,Ext!$A$1:$A$5,0),MATCH(K$7,Ext!$A$2:$E$2,0)),\"invalid entry\")))","v":0},null,{"$f":"IF(ISNA(INDEX('G&S'!$A$1:$K$1000,MATCH($B9&$C9,'G&S'!$B$1:$B$1000&'G&S'!$C$1:$C$1000,0),MATCH(\"38+\",'G&S'!$A$3:$K$3,0))),-4000,INDEX('G&S'!$A$1:$K$1000,MATCH($B9&$C9,'G&S'!$B$1:$B$1000&'G&S'!$C$1:$C$1000,0),MATCH(\"38+\",'G&S'!$A$3:$K$3,0)))","v":420},{"$f":"IF(ISNA(INDEX('G&S'!$A$1:$K$1000,MATCH($B9&$C9,'G&S'!$B$1:$B$1000&'G&S'!$C$1:$C$1000,0),MATCH(\"26-31\",'G&S'!$A$3:$K$3,0))),-4000,INDEX('G&S'!$A$1:$K$1000,MATCH($B9&$C9,'G&S'!$B$1:$B$1000&'G&S'!$C$1:$C$1000,0),MATCH(\"26-31\",'G&S'!$A$3:$K$3,0)))","v":-530},{"$f":"IF(ISNA(INDEX('G&S'!$A$1:$K$1000,MATCH($B9&$C9,'G&S'!$B$1:$B$1000&'G&S'!$C$1:$C$1000,0),MATCH($L9,'G&S'!$A$3:$K$3,0))),-4000,INDEX('G&S'!$A$1:$K$1000,MATCH($B9&$C9,'G&S'!$B$1:$B$1000&'G&S'!$C$1:$C$1000,0),MATCH($L9,'G&S'!$A$3:$K$3,0)))","v":-4000},{"$f":"IF(ISNA(INDEX('G&S'!$A$1:$K$1000,MATCH($B9&$C9,'G&S'!$B$1:$B$1000&'G&S'!$C$1:$C$1000,0),MATCH($L9,'G&S'!$A$3:$K$3,0))),-4000,INDEX('G&S'!$A$1:$K$1000,MATCH($B9&$C9,'G&S'!$B$1:$B$1000&'G&S'!$C$1:$C$1000,0),MATCH($L9,'G&S'!$A$3:$K$3,0)))","v":-4000},null,{"$f":"IF(LEN(A9)=0,\"\",IF(AND(RIGHT(B9,1)=\"1\",B9>=11,B9<=41,C9<=6),1,IF(AND(RIGHT(B9,1)=\"1\",B9=51,C9<=5),1,IF(AND(RIGHT(B9,1)=\"2\",B9>=12,B9<=32,C9<=5),1,IF(AND(RIGHT(B9,1)=\"2\",B9=42,C9<=4),1,IF(AND(RIGHT(B9,1)=\"2\",B9=52,C9<=3),1,0))))))","v":1},{"$f":"IF(LEN(A9)=0,\"\",INDEX(Mic!$C$1:$C$20,MATCH($D9,Mic!$A$1:$A$20,1)))","v":0}]
[1915003,41,4,4.5999999999999996,1.1499999999999999,28.4,82.2,null,null,null,null,{"$f":"IF(LEN(A10)=0,\"\",IF(LEN(E10)=0,\"HVI data needed\",INDEX('Staple Lookup'!$C$3:$C$100,MATCH(TRUE,'Staple Lookup'!$B$3:$B$100>=E10,0))))","v":37},null,{"$f":"IF(OR(LEN(B10)=0,LEN(C10)=0,LEN(D10)=0),\"\",IF(AND(RIGHT(B10,1)*1=1,C10=8),-2000,IF(L10>=38,AB10,IF(L10<=31,AC10,AE10))))","v":145},{"$f":"IF(LEN(A10)=0,\"\",INDEX(Str!$C$1:$C$18,MATCH(F10,Str!$A$1:$A$18,1)))","v":0},0,0,{"$f":"IF(LEN(A10)=0,\"\",INDEX(Uni!$C$1:$C$20,MATCH($G10,Uni!$A$1:$A$20,1)))","v":5},null,150,{"$f":"IF(LEN(A10)=0,\"\",IF(OR(LEN(B10)=0,LEN(C10)=0,LEN(D10)=0,LEN(E10)=0,LEN(F10)=0,LEN(G10)=0),\"no HVI data\",IF('Base Values'!$B$6+(SUM($N10:$R10)/100)<0,0,'Base Values'!$B$6+(SUM(N10:R10)/100))))","v":53.5},null,{"$f":"IF(LEN(A10)=0,\"\",IF(LEN(H10)=0,INDEX(Ext!$A$1:$G$5,MATCH(0,Ext!$A$1:$A$5,0),MATCH(H$7,Ext!$A$2:$E$2,0)),IF(AND(H10>=0,H10<3),INDEX(Ext!$A$1:$G$5,MATCH(H10,Ext!$A$1:$A$5,0),MATCH(H$7,Ext!$A$2:$E$2,0)),\"invalid entry\")))","v":0},{"$f":"IF(LEN(B10)=0,\"\",IF(LEN(I10)=0,INDEX(Ext!$A$1:$G$5,MATCH(0,Ext!$A$1:$A$5,0),MATCH(I$7,Ext!$A$2:$E$2,0)),IF(AND(I10>=0,I10<3),INDEX(Ext!$A$1:$G$5,MATCH(I10,Ext!$A$1:$A$5,0),MATCH(I$7,Ext!$A$2:$E$2,0)),\"invalid entry\")))","v":0},{"$f":"IF(LEN(C10)=0,\"\",IF(LEN(J10)=0,INDEX(Ext!$A$1:$G$5,MATCH(0,Ext!$A$1:$A$5,0),MATCH(J$7,Ext!$A$2:$E$2,0)),IF(AND(J10>=0,J10<3),INDEX(Ext!$A$1:$G$5,MATCH(J10,Ext!$A$1:$A$5,0),MATCH(J$7,Ext!$A$2:$E$2,0)),\"invalid entry\")))","v":0},{"$f":"IF(LEN(D10)=0,\"\",IF(LEN(K10)=0,INDEX(Ext!$A$1:$G$5,MATCH(0,Ext!$A$1:$A$5,0),MATCH(K$7,Ext!$A$2:$E$2,0)),IF(AND(K10>=0,K10<3),INDEX(Ext!$A$1:$G$5,MATCH(K10,Ext!$A$1:$A$5,0),MATCH(K$7,Ext!$A$2:$E$2,0)),\"invalid entry\")))","v":0},null,{"$f":"IF(ISNA(INDEX('G&S'!$A$1:$K$1000,MATCH($B10&$C10,'G&S'!$B$1:$B$1000&'G&S'!$C$1:$C$1000,0),MATCH(\"38+\",'G&S'!$A$3:$K$3,0))),-4000,INDEX('G&S'!$A$1:$K$1000,MATCH($B10&$C10,'G&S'!$B$1:$B$1000&'G&S'!$C$1:$C$1000,0),MATCH(\"38+\",'G&S'!$A$3:$K$3,0)))","v":155},{"$f":"IF(ISNA(INDEX('G&S'!$A$1:$K$1000,MATCH($B10&$C10,'G&S'!$B$1:$B$1000&'G&S'!$C$1:$C$1000,0),MATCH(\"26-31\",'G&S'!$A$3:$K$3,0))),-4000,INDEX('G&S'!$A$1:$K$1000,MATCH($B10&$C10,'G&S'!$B$1:$B$1000&'G&S'!$C$1:$C$1000,0),MATCH(\"26-31\",'G&S'!$A$3:$K$3,0)))","v":-690},{"$f":"IF(ISNA(INDEX('G&S'!$A$1:$K$1000,MATCH($B10&$C10,'G&S'!$B$1:$B$1000&'G&S'!$C$1:$C$1000,0),MATCH($L10,'G&S'!$A$3:$K$3,0))),-4000,INDEX('G&S'!$A$1:$K$1000,MATCH($B10&$C10,'G&S'!$B$1:$B$1000&'G&S'!$C$1:$C$1000,0),MATCH($L10,'G&S'!$A$3:$K$3,0)))","v":145},{"$f":"IF(ISNA(INDEX('G&S'!$A$1:$K$1000,MATCH($B10&$C10,'G&S'!$B$1:$B$1000&'G&S'!$C$1:$C$1000,0),MATCH($L10,'G&S'!$A$3:$K$3,0))),-4000,INDEX('G&S'!$A$1:$K$1000,MATCH($B10&$C10,'G&S'!$B$1:$B$1000&'G&S'!$C$1:$C$1000,0),MATCH($L10,'G&S'!$A$3:$K$3,0)))","v":145},null,1,{"$f":"IF(LEN(A10)=0,\"\",INDEX(Mic!$C$1:$C$20,MATCH($D10,Mic!$A$1:$A$20,1)))","v":0}]
[1915004,41,4,4.4000000000000004,1.18,31.3,83.6,null,null,null,null,{"$f":"IF(LEN(A11)=0,\"\",IF(LEN(E11)=0,\"HVI data needed\",INDEX('Staple Lookup'!$C$3:$C$100,MATCH(TRUE,'Staple Lookup'!$B$3:$B$100>=E11,0))))","v":38},null,{"$f":"IF(OR(LEN(B11)=0,LEN(C11)=0,LEN(D11)=0),\"\",IF(AND(RIGHT(B11,1)*1=1,C11=8),-2000,IF(L11>=38,AB11,IF(L11<=31,AC11,AE11))))","v":155},{"$f":"IF(LEN(A11)=0,\"\",INDEX(Str!$C$1:$C$18,MATCH(F11,Str!$A$1:$A$18,1)))","v":30},0,0,{"$f":"IF(LEN(A11)=0,\"\",INDEX(Uni!$C$1:$C$20,MATCH($G11,Uni!$A$1:$A$20,1)))","v":10},null,195,{"$f":"IF(LEN(A11)=0,\"\",IF(OR(LEN(B11)=0,LEN(C11)=0,LEN(D11)=0,LEN(E11)=0,LEN(F11)=0,LEN(G11)=0),\"no HVI data\",IF('Base Values'!$B$6+(SUM($N11:$R11)/100)<0,0,'Base Values'!$B$6+(SUM(N11:R11)/100))))","v":53.95},null,{"$f":"IF(LEN(A11)=0,\"\",IF(LEN(H11)=0,INDEX(Ext!$A$1:$G$5,MATCH(0,Ext!$A$1:$A$5,0),MATCH(H$7,Ext!$A$2:$E$2,0)),IF(AND(H11>=0,H11<3),INDEX(Ext!$A$1:$G$5,MATCH(H11,Ext!$A$1:$A$5,0),MATCH(H$7,Ext!$A$2:$E$2,0)),\"invalid entry\")))","v":0},{"$f":"IF(LEN(B11)=0,\"\",IF(LEN(I11)=0,INDEX(Ext!$A$1:$G$5,MATCH(0,Ext!$A$1:$A$5,0),MATCH(I$7,Ext!$A$2:$E$2,0)),IF(AND(I11>=0,I11<3),INDEX(Ext!$A$1:$G$5,MATCH(I11,Ext!$A$1:$A$5,0),MATCH(I$7,Ext!$A$2:$E$2,0)),\"invalid entry\")))","v":0},{"$f":"IF(LEN(C11)=0,\"\",IF(LEN(J11)=0,INDEX(Ext!$A$1:$G$5,MATCH(0,Ext!$A$1:$A$5,0),MATCH(J$7,Ext!$A$2:$E$2,0)),IF(AND(J11>=0,J11<3),INDEX(Ext!$A$1:$G$5,MATCH(J11,Ext!$A$1:$A$5,0),MATCH(J$7,Ext!$A$2:$E$2,0)),\"invalid entry\")))","v":0},{"$f":"IF(LEN(D11)=0,\"\",IF(LEN(K11)=0,INDEX(Ext!$A$1:$G$5,MATCH(0,Ext!$A$1:$A$5,0),MATCH(K$7,Ext!$A$2:$E$2,0)),IF(AND(K11>=0,K11<3),INDEX(Ext!$A$1:$G$5,MATCH(K11,Ext!$A$1:$A$5,0),MATCH(K$7,Ext!$A$2:$E$2,0)),\"invalid entry\")))","v":0},null,{"$f":"IF(ISNA(INDEX('G&S'!$A$1:$K$1000,MATCH($B11&$C11,'G&S'!$B$1:$B$1000&'G&S'!$C$1:$C$1000,0),MATCH(\"38+\",'G&S'!$A$3:$K$3,0))),-4000,INDEX('G&S'!$A$1:$K$1000,MATCH($B11&$C11,'G&S'!$B$1:$B$1000&'G&S'!$C$1:$C$1000,0),MATCH(\"38+\",'G&S'!$A$3:$K$3,0)))","v":155},{"$f":"IF(ISNA(INDEX('G&S'!$A$1:$K$1000,MATCH($B11&$C11,'G&S'!$B$1:$B$1000&'G&S'!$C$1:$C$1000,0),MATCH(\"26-31\",'G&S'!$A$3:$K$3,0))),-4000,INDEX('G&S'!$A$1:$K$1000,MATCH($B11&$C11,'G&S'!$B$1:$B$1000&'G&S'!$C$1:$C$1000,0),MATCH(\"26-31\",'G&S'!$A$3:$K$3,0)))","v":-690},{"$f":"IF(ISNA(INDEX('G&S'!$A$1:$K$1000,MATCH($B11&$C11,'G&S'!$B$1:$B$1000&'G&S'!$C$1:$C$1000,0),MATCH($L11,'G&S'!$A$3:$K$3,0))),-4000,INDEX('G&S'!$A$1:$K$1000,MATCH($B11&$C11,'G&S'!$B$1:$B$1000&'G&S'!$C$1:$C$1000,0),MATCH($L11,'G&S'!$A$3:$K$3,0)))","v":-4000},{"$f":"IF(ISNA(INDEX('G&S'!$A$1:$K$1000,MATCH($B11&$C11,'G&S'!$B$1:$B$1000&'G&S'!$C$1:$C$1000,0),MATCH($L11,'G&S'!$A$3:$K$3,0))),-4000,INDEX('G&S'!$A$1:$K$1000,MATCH($B11&$C11,'G&S'!$B$1:$B$1000&'G&S'!$C$1:$C$1000,0),MATCH($L11,'G&S'!$A$3:$K$3,0)))","v":-4000},null,1,{"$f":"IF(LEN(A11)=0,\"\",INDEX(Mic!$C$1:$C$20,MATCH($D11,Mic!$A$1:$A$20,1)))","v":0}]
[1915005,41,3,4.2,1.17,30.1,81.5,null,null,null,null,{"$f":"IF(LEN(A12)=0,\"\",IF(LEN(E12)=0,\"HVI data needed\",INDEX('Staple Lookup'!$C$3:$C$100,MATCH(TRUE,'Staple Lookup'!$B$3:$B$100>=E12,0))))","v":37},null,{"$f":"IF(OR(LEN(B12)=0,LEN(C12)=0,LEN(D12)=0),\"\",IF(AND(RIGHT(B12,1)*1=1,C12=8),-2000,IF(L12>=38,AB12,IF(L12<=31,AC12,AE12))))","v":200},{"$f":"IF(LEN(A12)=0,\"\",INDEX(Str!$C$1:$C$18,MATCH(F12,Str!$A$1:$A$18,1)))","v":15},5,0,{"$f":"IF(LEN(A12)=0,\"\",INDEX(Uni!$C$1:$C$20,MATCH($G12,Uni!$A$1:$A$20,1)))","v":0},null,220,{"$f":"IF(LEN(A12)=0,\"\",IF(OR(LEN(B12)=0,LEN(C12)=0,LEN(D12)=0,LEN(E12)=0,LEN(F12)=0,LEN(G12)=0),\"no HVI data\",IF('Base Values'!$B$6+(SUM($N12:$R12)/100)<0,0,'Base Values'!$B$6+(SUM(N12:R12)/100))))","v":54.2},null,{"$f":"IF(LEN(A12)=0,\"\",IF(LEN(H12)=0,INDEX(Ext!$A$1:$G$5,MATCH(0,Ext!$A$1:$A$5,0),MATCH(H$7,Ext!$A$2:$E$2,0)),IF(AND(H12>=0,H12<3),INDEX(Ext!$A$1:$G$5,MATCH(H12,Ext!$A$1:$A$5,0),MATCH(H$7,Ext!$A$2:$E$2,0)),\"invalid entry\")))","v":0},{"$f":"IF(LEN(B12)=0,\"\",IF(LEN(I12)=0,INDEX(Ext!$A$1:$G$5,MATCH(0,Ext!$A$1:$A$5,0),MATCH(I$7,Ext!$A$2:$E$2,0)),IF(AND(I12>=0,I12<3),INDEX(Ext!$A$1:$G$5,MATCH(I12,Ext!$A$1:$A$5,0),MATCH(I$7,Ext!$A$2:$E$2,0)),\"invalid entry\")))","v":0},{"$f":"IF(LEN(C12)=0,\"\",IF(LEN(J12)=0,INDEX(Ext!$A$1:$G$5,MATCH(0,Ext!$A$1:$A$5,0),MATCH(J$7,Ext!$A$2:$E$2,0)),IF(AND(J12>=0,J12<3),INDEX(Ext!$A$1:$G$5,MATCH(J12,Ext!$A$1:$A$5,0),MATCH(J$7,Ext!$A$2:$E$2,0)),\"invalid entry\")))","v":0},{"$f":"IF(LEN(D12)=0,\"\",IF(LEN(K12)=0,INDEX(Ext!$A$1:$G$5,MATCH(0,Ext!$A$1:$A$5,0),MATCH(K$7,Ext!$A$2:$E$2,0)),IF(AND(K12>=0,K12<3),INDEX(Ext!$A$1:$G$5,MATCH(K12,Ext!$A$1:$A$5,0),MATCH(K$7,Ext!$A$2:$E$2,0)),\"invalid entry\")))","v":0},null,{"$f":"IF(ISNA(INDEX('G&S'!$A$1:$K$1000,MATCH($B12&$C12,'G&S'!$B$1:$B$1000&'G&S'!$C$1:$C$1000,0),MATCH(\"38+\",'G&S'!$A$3:$K$3,0))),-4000,INDEX('G&S'!$A$1:$K$1000,MATCH($B12&$C12,'G&S'!$B$1:$B$1000&'G&S'!$C$1:$C$1000,0),MATCH(\"38+\",'G&S'!$A$3:$K$3,0)))","v":215},{"$f":"IF(ISNA(INDEX('G&S'!$A$1:$K$1000,MATCH($B12&$C12,'G&S'!$B$1:$B$1000&'G&S'!$C$1:$C$1000,0),MATCH(\"26-31\",'G&S'!$A$3:$K$3,0))),-4000,INDEX('G&S'!$A$1:$K$1000,MATCH($B12&$C12,'G&S'!$B$1:$B$1000&'G&S'!$C$1:$C$1000,0),MATCH(\"26-31\",'G&S'!$A$3:$K$3,0)))","v":-640},{"$f":"IF(ISNA(INDEX('G&S'!$A$1:$K$1000,MATCH($B12&$C12,'G&S'!$B$1:$B$1000&'G&S'!$C$1:$C$1000,0),MATCH($L12,'G&S'!$A$3:$K$3,0))),-4000,INDEX('G&S'!$A$1:$K$1000,MATCH($B12&$C12,'G&S'!$B$1:$B$1000&'G&S'!$C$1:$C$1000,0),MATCH($L12,'G&S'!$A$3:$K$3,0)))","v":200},{"$f":"IF(ISNA(INDEX('G&S'!$A$1:$K$1000,MATCH($B12&$C12,'G&S'!$B$1:$B$1000&'G&S'!$C$1:$C$1000,0),MATCH($L12,'G&S'!$A$3:$K$3,0))),-4000,INDEX('G&S'!$A$1:$K$1000,MATCH($B12&$C12,'G&S'!$B$1:$B$1000&'G&S'!$C$1:$C$1000,0),MATCH($L12,'G&S'!$A$3:$K$3,0)))","v":200},null,1,{"$f":"IF(LEN(A12)=0,\"\",INDEX(Mic!$C$1:$C$20,MATCH($D12,Mic!$A$1:$A$20,1)))","v":5}]
[1915006,41,3,4.9000000000000004,1.17,29.8,84.9,null,null,null,null,{"$f":"IF(LEN(A13)=0,\"\",IF(LEN(E13)=0,\"HVI data needed\",INDEX('Staple Lookup'!$C$3:$C$100,MATCH(TRUE,'Staple Lookup'!$B$3:$B$100>=E13,0))))","v":37},null,{"$f":"IF(OR(LEN(B13)=0,LEN(C13)=0,LEN(D13)=0),\"\",IF(AND(RIGHT(B13,1)*1=1,C13=8),-2000,IF(L13>=38,AB13,IF(L13<=31,AC13,AE13))))","v":200},{"$f":"IF(LEN(A13)=0,\"\",INDEX(Str!$C$1:$C$18,MATCH(F13,Str!$A$1:$A$18,1)))","v":5},0,0,{"$f":"IF(LEN(A13)=0,\"\",INDEX(Uni!$C$1:$C$20,MATCH($G13,Uni!$A$1:$A$20,1)))","v":15},null,220,{"$f":"IF(LEN(A13)=0,\"\",IF(OR(LEN(B13)=0,LEN(C13)=0,LEN(D13)=0,LEN(E13)=0,LEN(F13)=0,LEN(G13)=0),\"no HVI data\",IF('Base Values'!$B$6+(SUM($N13:$R13)/100)<0,0,'Base Values'!$B$6+(SUM(N13:R13)/100))))","v":54.2},null,{"$f":"IF(LEN(A13)=0,\"\",IF(LEN(H13)=0,INDEX(Ext!$A$1:$G$5,MATCH(0,Ext!$A$1:$A$5,0),MATCH(H$7,Ext!$A$2:$E$2,0)),IF(AND(H13>=0,H13<3),INDEX(Ext!$A$1:$G$5,MATCH(H13,Ext!$A$1:$A$5,0),MATCH(H$7,Ext!$A$2:$E$2,0)),\"invalid entry\")))","v":0},{"$f":"IF(LEN(B13)=0,\"\",IF(LEN(I13)=0,INDEX(Ext!$A$1:$G$5,MATCH(0,Ext!$A$1:$A$5,0),MATCH(I$7,Ext!$A$2:$E$2,0)),IF(AND(I13>=0,I13<3),INDEX(Ext!$A$1:$G$5,MATCH(I13,Ext!$A$1:$A$5,0),MATCH(I$7,Ext!$A$2:$E$2,0)),\"invalid entry\")))","v":0},{"$f":"IF(LEN(C13)=0,\"\",IF(LEN(J13)=0,INDEX(Ext!$A$1:$G$5,MATCH(0,Ext!$A$1:$A$5,0),MATCH(J$7,Ext!$A$2:$E$2,0)),IF(AND(J13>=0,J13<3),INDEX(Ext!$A$1:$G$5,MATCH(J13,Ext!$A$1:$A$5,0),MATCH(J$7,Ext!$A$2:$E$2,0)),\"invalid entry\")))","v":0},{"$f":"IF(LEN(D13)=0,\"\",IF(LEN(K13)=0,INDEX(Ext!$A$1:$G$5,MATCH(0,Ext!$A$1:$A$5,0),MATCH(K$7,Ext!$A$2:$E$2,0)),IF(AND(K13>=0,K13<3),INDEX(Ext!$A$1:$G$5,MATCH(K13,Ext!$A$1:$A$5,0),MATCH(K$7,Ext!$A$2:$E$2,0)),\"invalid entry\")))","v":0},null,{"$f":"IF(ISNA(INDEX('G&S'!$A$1:$K$1000,MATCH($B13&$C13,'G&S'!$B$1:$B$1000&'G&S'!$C$1:$C$1000,0),MATCH(\"38+\",'G&S'!$A$3:$K$3,0))),-4000,INDEX('G&S'!$A$1:$K$1000,MATCH($B13&$C13,'G&S'!$B$1:$B$1000&'G&S'!$C$1:$C$1000,0),MATCH(\"38+\",'G&S'!$A$3:$K$3,0)))","v":215},{"$f":"IF(ISNA(INDEX('G&S'!$A$1:$K$1000,MATCH($B13&$C13,'G&S'!$B$1:$B$1000&'G&S'!$C$1:$C$1000,0),MATCH(\"26-31\",'G&S'!$A$3:$K$3,0))),-4000,INDEX('G&S'!$A$1:$K$1000,MATCH($B13&$C13,'G&S'!$B$1:$B$1000&'G&S'!$C$1:$C$1000,0),MATCH(\"26-31\",'G&S'!$A$3:$K$3,0)))","v":-640},{"$f":"IF(ISNA(INDEX('G&S'!$A$1:$K$1000,MATCH($B13&$C13,'G&S'!$B$1:$B$1000&'G&S'!$C$1:$C$1000,0),MATCH($L13,'G&S'!$A$3:$K$3,0))),-4000,INDEX('G&S'!$A$1:$K$1000,MATCH($B13&$C13,'G&S'!$B$1:$B$1000&'G&S'!$C$1:$C$1000,0),MATCH($L13,'G&S'!$A$3:$K$3,0)))","v":200},{"$f":"IF(ISNA(INDEX('G&S'!$A$1:$K$1000,MATCH($B13&$C13,'G&S'!$B$1:$B$1000&'G&S'!$C$1:$C$1000,0),MATCH($L13,'G&S'!$A$3:$K$3,0))),-4000,INDEX('G&S'!$A$1:$K$1000,MATCH($B13&$C13,'G&S'!$B$1:$B$1000&'G&S'!$C$1:$C$1000,0),MATCH($L13,'G&S'!$A$3:$K$3,0)))","v":200},null,1,{"$f":"IF(LEN(A13)=0,\"\",INDEX(Mic!$C$1:$C$20,MATCH($D13,Mic!$A$1:$A$20,1)))","v":0}]
[1915007,41,4,4.5,1.18,30.5,83.3,null,null,null,null,{"$f":"IF(LEN(A14)=0,\"\",IF(LEN(E14)=0,\"HVI data needed\",INDEX('Staple Lookup'!$C$3:$C$100,MATCH(TRUE,'Staple Lookup'!$B$3:$B$100>=E14,0))))","v":38},null,{"$f":"IF(OR(LEN(B14)=0,LEN(C14)=0,LEN(D14)=0),\"\",IF(AND(RIGHT(B14,1)*1=1,C14=8),-2000,IF(L14>=38,AB14,IF(L14<=31,AC14,AE14))))","v":155},{"$f":"IF(LEN(A14)=0,\"\",INDEX(Str!$C$1:$C$18,MATCH(F14,Str!$A$1:$A$18,1)))","v":15},0,0,{"$f":"IF(LEN(A14)=0,\"\",INDEX(Uni!$C$1:$C$20,MATCH($G14,Uni!$A$1:$A$20,1)))","v":10},null,180,{"$f":"IF(LEN(A14)=0,\"\",IF(OR(LEN(B14)=0,LEN(C14)=0,LEN(D14)=0,LEN(E14)=0,LEN(F14)=0,LEN(G14)=0),\"no HVI data\",IF('Base Values'!$B$6+(SUM($N14:$R14)/100)<0,0,'Base Values'!$B$6+(SUM(N14:R14)/100))))","v":53.8},null,{"$f":"IF(LEN(A14)=0,\"\",IF(LEN(H14)=0,INDEX(Ext!$A$1:$G$5,MATCH(0,Ext!$A$1:$A$5,0),MATCH(H$7,Ext!$A$2:$E$2,0)),IF(AND(H14>=0,H14<3),INDEX(Ext!$A$1:$G$5,MATCH(H14,Ext!$A$1:$A$5,0),MATCH(H$7,Ext!$A$2:$E$2,0)),\"invalid entry\")))","v":0},{"$f":"IF(LEN(B14)=0,\"\",IF(LEN(I14)=0,INDEX(Ext!$A$1:$G$5,MATCH(0,Ext!$A$1:$A$5,0),MATCH(I$7,Ext!$A$2:$E$2,0)),IF(AND(I14>=0,I14<3),INDEX(Ext!$A$1:$G$5,MATCH(I14,Ext!$A$1:$A$5,0),MATCH(I$7,Ext!$A$2:$E$2,0)),\"invalid entry\")))","v":0},{"$f":"IF(LEN(C14)=0,\"\",IF(LEN(J14)=0,INDEX(Ext!$A$1:$G$5,MATCH(0,Ext!$A$1:$A$5,0),MATCH(J$7,Ext!$A$2:$E$2,0)),IF(AND(J14>=0,J14<3),INDEX(Ext!$A$1:$G$5,MATCH(J14,Ext!$A$1:$A$5,0),MATCH(J$7,Ext!$A$2:$E$2,0)),\"invalid entry\")))","v":0},{"$f":"IF(LEN(D14)=0,\"\",IF(LEN(K14)=0,INDEX(Ext!$A$1:$G$5,MATCH(0,Ext!$A$1:$A$5,0),MATCH(K$7,Ext!$A$2:$E$2,0)),IF(AND(K14>=0,K14<3),INDEX(Ext!$A$1:$G$5,MATCH(K14,Ext!$A$1:$A$5,0),MATCH(K$7,Ext!$A$2:$E$2,0)),\"invalid entry\")))","v":0},null,{"$f":"IF(ISNA(INDEX('G&S'!$A$1:$K$1000,MATCH($B14&$C14,'G&S'!$B$1:$B$1000&'G&S'!$C$1:$C$1000,0),MATCH(\"38+\",'G&S'!$A$3:$K$3,0))),-4000,INDEX('G&S'!$A$1:$K$1000,MATCH($B14&$C14,'G&S'!$B$1:$B$1000&'G&S'!$C$1:$C$1000,0),MATCH(\"38+\",'G&S'!$A$3:$K$3,0)))","v":155},{"$f":"IF(ISNA(INDEX('G&S'!$A$1:$K$1000,MATCH($B14&$C14,'G&S'!$B$1:$B$1000&'G&S'!$C$1:$C$1000,0),MATCH(\"26-31\",'G&S'!$A$3:$K$3,0))),-4000,INDEX('G&S'!$A$1:$K$1000,MATCH($B14&$C14,'G&S'!$B$1:$B$1000&'G&S'!$C$1:$C$1000,0),MATCH(\"26-31\",'G&S'!$A$3:$K$3,0)))","v":-690},{"$f":"IF(ISNA(INDEX('G&S'!$A$1:$K$1000,MATCH($B14&$C14,'G&S'!$B$1:$B$1000&'G&S'!$C$1:$C$1000,0),MATCH($L14,'G&S'!$A$3:$K$3,0))),-4000,INDEX('G&S'!$A$1:$K$1000,MATCH($B14&$C14,'G&S'!$B$1:$B$1000&'G&S'!$C$1:$C$1000,0),MATCH($L14,'G&S'!$A$3:$K$3,0)))","v":-4000},{"$f":"IF(ISNA(INDEX('G&S'!$A$1:$K$1000,MATCH($B14&$C14,'G&S'!$B$1:$B$1000&'G&S'!$C$1:$C$1000,0),MATCH($L14,'G&S'!$A$3:$K$3,0))),-4000,INDEX('G&S'!$A$1:$K$1000,MATCH($B14&$C14,'G&S'!$B$1:$B$1000&'G&S'!$C$1:$C$1000,0),MATCH($L14,'G&S'!$A$3:$K$3,0)))","v":-4000},null,1,{"$f":"IF(LEN(A14)=0,\"\",INDEX(Mic!$C$1:$C$20,MATCH($D14,Mic!$A$1:$A$20,1)))","v":0}]
[1915008,41,4,4.5999999999999996,1.23,31.6,83.7,null,null,null,null,{"$f":"IF(LEN(A15)=0,\"\",IF(LEN(E15)=0,\"HVI data needed\",INDEX('Staple Lookup'!$C$3:$C$100,MATCH(TRUE,'Staple Lookup'!$B$3:$B$100>=E15,0))))","v":39},null,{"$f":"IF(OR(LEN(B15)=0,LEN(C15)=0,LEN(D15)=0),\"\",IF(AND(RIGHT(B15,1)*1=1,C15=8),-2000,IF(L15>=38,AB15,IF(L15<=31,AC15,AE15))))","v":155},{"$f":"IF(LEN(A15)=0,\"\",INDEX(Str!$C$1:$C$18,MATCH(F15,Str!$A$1:$A$18,1)))","v":30},0,0,{"$f":"IF(LEN(A15)=0,\"\",INDEX(Uni!$C$1:$C$20,MATCH($G15,Uni!$A$1:$A$20,1)))","v":10},null,195,{"$f":"IF(LEN(A15)=0,\"\",IF(OR(LEN(B15)=0,LEN(C15)=0,LEN(D15)=0,LEN(E15)=0,LEN(F15)=0,LEN(G15)=0),\"no HVI data\",IF('Base Values'!$B$6+(SUM($N15:$R15)/100)<0,0,'Base Values'!$B$6+(SUM(N15:R15)/100))))","v":53.95},null,{"$f":"IF(LEN(A15)=0,\"\",IF(LEN(H15)=0,INDEX(Ext!$A$1:$G$5,MATCH(0,Ext!$A$1:$A$5,0),MATCH(H$7,Ext!$A$2:$E$2,0)),IF(AND(H15>=0,H15<3),INDEX(Ext!$A$1:$G$5,MATCH(H15,Ext!$A$1:$A$5,0),MATCH(H$7,Ext!$A$2:$E$2,0)),\"invalid entry\")))","v":0},{"$f":"IF(LEN(B15)=0,\"\",IF(LEN(I15)=0,INDEX(Ext!$A$1:$G$5,MATCH(0,Ext!$A$1:$A$5,0),MATCH(I$7,Ext!$A$2:$E$2,0)),IF(AND(I15>=0,I15<3),INDEX(Ext!$A$1:$G$5,MATCH(I15,Ext!$A$1:$A$5,0),MATCH(I$7,Ext!$A$2:$E$2,0)),\"invalid entry\")))","v":0},{"$f":"IF(LEN(C15)=0,\"\",IF(LEN(J15)=0,INDEX(Ext!$A$1:$G$5,MATCH(0,Ext!$A$1:$A$5,0),MATCH(J$7,Ext!$A$2:$E$2,0)),IF(AND(J15>=0,J15<3),INDEX(Ext!$A$1:$G$5,MATCH(J15,Ext!$A$1:$A$5,0),MATCH(J$7,Ext!$A$2:$E$2,0)),\"invalid entry\")))","v":0},{"$f":"IF(LEN(D15)=0,\"\",IF(LEN(K15)=0,INDEX(Ext!$A$1:$G$5,MATCH(0,Ext!$A$1:$A$5,0),MATCH(K$7,Ext!$A$2:$E$2,0)),IF(AND(K15>=0,K15<3),INDEX(Ext!$A$1:$G$5,MATCH(K15,Ext!$A$1:$A$5,0),MATCH(K$7,Ext!$A$2:$E$2,0)),\"invalid entry\")))","v":0},null,{"$f":"IF(ISNA(INDEX('G&S'!$A$1:$K$1000,MATCH($B15&$C15,'G&S'!$B$1:$B$1000&'G&S'!$C$1:$C$1000,0),MATCH(\"38+\",'G&S'!$A$3:$K$3,0))),-4000,INDEX('G&S'!$A$1:$K$1000,MATCH($B15&$C15,'G&S'!$B$1:$B$1000&'G&S'!$C$1:$C$1000,0),MATCH(\"38+\",'G&S'!$A$3:$K$3,0)))","v":155},{"$f":"IF(ISNA(INDEX('G&S'!$A$1:$K$1000,MATCH($B15&$C15,'G&S'!$B$1:$B$1000&'G&S'!$C$1:$C$1000,0),MATCH(\"26-31\",'G&S'!$A$3:$K$3,0))),-4000,INDEX('G&S'!$A$1:$K$1000,MATCH($B15&$C15,'G&S'!$B$1:$B$1000&'G&S'!$C$1:$C$1000,0),MATCH(\"26-31\",'G&S'!$A$3:$K$3,0)))","v":-690},{"$f":"IF(ISNA(INDEX('G&S'!$A$1:$K$1000,MATCH($B15&$C15,'G&S'!$B$1:$B$1000&'G&S'!$C$1:$C$1000,0),MATCH($L15,'G&S'!$A$3:$K$3,0))),-4000,INDEX('G&S'!$A$1:$K$1000,MATCH($B15&$C15,'G&S'!$B$1:$B$1000&'G&S'!$C$1:$C$1000,0),MATCH($L15,'G&S'!$A$3:$K$3,0)))","v":-4000},{"$f":"IF(ISNA(INDEX('G&S'!$A$1:$K$1000,MATCH($B15&$C15,'G&S'!$B$1:$B$1000&'G&S'!$C$1:$C$1000,0),MATCH($L15,'G&S'!$A$3:$K$3,0))),-4000,INDEX('G&S'!$A$1:$K$1000,MATCH($B15&$C15,'G&S'!$B$1:$B$1000&'G&S'!$C$1:$C$1000,0),MATCH($L15,'G&S'!$A$3:$K$3,0)))","v":-4000},null,1,{"$f":"IF(LEN(A15)=0,\"\",INDEX(Mic!$C$1:$C$20,MATCH($D15,Mic!$A$1:$A$20,1)))","v":0}]
[1915009,41,4,4.7,1.22,33.299999999999997,84,null,null,null,null,{"$f":"IF(LEN(A16)=0,\"\",IF(LEN(E16)=0,\"HVI data needed\",INDEX('Staple Lookup'!$C$3:$C$100,MATCH(TRUE,'Staple Lookup'!$B$3:$B$100>=E16,0))))","v":39},null,{"$f":"IF(OR(LEN(B16)=0,LEN(C16)=0,LEN(D16)=0),\"\",IF(AND(RIGHT(B16,1)*1=1,C16=8),-2000,IF(L16>=38,AB16,IF(L16<=31,AC16,AE16))))","v":155},{"$f":"IF(LEN(A16)=0,\"\",INDEX(Str!$C$1:$C$18,MATCH(F16,Str!$A$1:$A$18,1)))","v":40},0,0,{"$f":"IF(LEN(A16)=0,\"\",INDEX(Uni!$C$1:$C$20,MATCH($G16,Uni!$A$1:$A$20,1)))","v":15},null,210,{"$f":"IF(LEN(A16)=0,\"\",IF(OR(LEN(B16)=0,LEN(C16)=0,LEN(D16)=0,LEN(E16)=0,LEN(F16)=0,LEN(G16)=0),\"no HVI data\",IF('Base Values'!$B$6+(SUM($N16:$R16)/100)<0,0,'Base Values'!$B$6+(SUM(N16:R16)/100))))","v":54.1},null,{"$f":"IF(LEN(A16)=0,\"\",IF(LEN(H16)=0,INDEX(Ext!$A$1:$G$5,MATCH(0,Ext!$A$1:$A$5,0),MATCH(H$7,Ext!$A$2:$E$2,0)),IF(AND(H16>=0,H16<3),INDEX(Ext!$A$1:$G$5,MATCH(H16,Ext!$A$1:$A$5,0),MATCH(H$7,Ext!$A$2:$E$2,0)),\"invalid entry\")))","v":0},{"$f":"IF(LEN(B16)=0,\"\",IF(LEN(I16)=0,INDEX(Ext!$A$1:$G$5,MATCH(0,Ext!$A$1:$A$5,0),MATCH(I$7,Ext!$A$2:$E$2,0)),IF(AND(I16>=0,I16<3),INDEX(Ext!$A$1:$G$5,MATCH(I16,Ext!$A$1:$A$5,0),MATCH(I$7,Ext!$A$2:$E$2,0)),\"invalid entry\")))","v":0},{"$f":"IF(LEN(C16)=0,\"\",IF(LEN(J16)=0,INDEX(Ext!$A$1:$G$5,MATCH(0,Ext!$A$1:$A$5,0),MATCH(J$7,Ext!$A$2:$E$2,0)),IF(AND(J16>=0,J16<3),INDEX(Ext!$A$1:$G$5,MATCH(J16,Ext!$A$1:$A$5,0),MATCH(J$7,Ext!$A$2:$E$2,0)),\"invalid entry\")))","v":0},{"$f":"IF(LEN(D16)=0,\"\",IF(LEN(K16)=0,INDEX(Ext!$A$1:$G$5,MATCH(0,Ext!$A$1:$A$5,0),MATCH(K$7,Ext!$A$2:$E$2,0)),IF(AND(K16>=0,K16<3),INDEX(Ext!$A$1:$G$5,MATCH(K16,Ext!$A$1:$A$5,0),MATCH(K$7,Ext!$A$2:$E$2,0)),\"invalid entry\")))","v":0},null,{"$f":"IF(ISNA(INDEX('G&S'!$A$1:$K$1000,MATCH($B16&$C16,'G&S'!$B$1:$B$1000&'G&S'!$C$1:$C$1000,0),MATCH(\"38+\",'G&S'!$A$3:$K$3,0))),-4000,INDEX('G&S'!$A$1:$K$1000,MATCH($B16&$C16,'G&S'!$B$1:$B$1000&'G&S'!$C$1:$C$1000,0),MATCH(\"38+\",'G&S'!$A$3:$K$3,0)))","v":155},{"$f":"IF(ISNA(INDEX('G&S'!$A$1:$K$1000,MATCH($B16&$C16,'G&S'!$B$1:$B$1000&'G&S'!$C$1:$C$1000,0),MATCH(\"26-31\",'G&S'!$A$3:$K$3,0))),-4000,INDEX('G&S'!$A$1:$K$1000,MATCH($B16&$C16,'G&S'!$B$1:$B$1000&'G&S'!$C$1:$C$1000,0),MATCH(\"26-31\",'G&S'!$A$3:$K$3,0)))","v":-690},{"$f":"IF(ISNA(INDEX('G&S'!$A$1:$K$1000,MATCH($B16&$C16,'G&S'!$B$1:$B$1000&'G&S'!$C$1:$C$1000,0),MATCH($L16,'G&S'!$A$3:$K$3,0))),-4000,INDEX('G&S'!$A$1:$K$1000,MATCH($B16&$C16,'G&S'!$B$1:$B$1000&'G&S'!$C$1:$C$1000,0),MATCH($L16,'G&S'!$A$3:$K$3,0)))","v":-4000},{"$f":"IF(ISNA(INDEX('G&S'!$A$1:$K$1000,MATCH($B16&$C16,'G&S'!$B$1:$B$1000&'G&S'!$C$1:$C$1000,0),MATCH($L16,'G&S'!$A$3:$K$3,0))),-4000,INDEX('G&S'!$A$1:$K$1000,MATCH($B16&$C16,'G&S'!$B$1:$B$1000&'G&S'!$C$1:$C$1000,0),MATCH($L16,'G&S'!$A$3:$K$3,0)))","v":-4000},null,1,{"$f":"IF(LEN(A16)=0,\"\",INDEX(Mic!$C$1:$C$20,MATCH($D16,Mic!$A$1:$A$20,1)))","v":0}]
[1915010,41,4,4.7,1.21,30,83.7,null,null,null,null,{"$f":"IF(LEN(A17)=0,\"\",IF(LEN(E17)=0,\"HVI data needed\",INDEX('Staple Lookup'!$C$3:$C$100,MATCH(TRUE,'Staple Lookup'!$B$3:$B$100>=E17,0))))","v":39},null,{"$f":"IF(OR(LEN(B17)=0,LEN(C17)=0,LEN(D17)=0),\"\",IF(AND(RIGHT(B17,1)*1=1,C17=8),-2000,IF(L17>=38,AB17,IF(L17<=31,AC17,AE17))))","v":155},{"$f":"IF(LEN(A17)=0,\"\",INDEX(Str!$C$1:$C$18,MATCH(F17,Str!$A$1:$A$18,1)))","v":15},0,0,{"$f":"IF(LEN(A17)=0,\"\",INDEX(Uni!$C$1:$C$20,MATCH($G17,Uni!$A$1:$A$20,1)))","v":10},null,180,{"$f":"IF(LEN(A17)=0,\"\",IF(OR(LEN(B17)=0,LEN(C17)=0,LEN(D17)=0,LEN(E17)=0,LEN(F17)=0,LEN(G17)=0),\"no HVI data\",IF('Base Values'!$B$6+(SUM($N17:$R17)/100)<0,0,'Base Values'!$B$6+(SUM(N17:R17)/100))))","v":53.8},null,{"$f":"IF(LEN(A17)=0,\"\",IF(LEN(H17)=0,INDEX(Ext!$A$1:$G$5,MATCH(0,Ext!$A$1:$A$5,0),MATCH(H$7,Ext!$A$2:$E$2,0)),IF(AND(H17>=0,H17<3),INDEX(Ext!$A$1:$G$5,MATCH(H17,Ext!$A$1:$A$5,0),MATCH(H$7,Ext!$A$2:$E$2,0)),\"invalid entry\")))","v":0},{"$f":"IF(LEN(B17)=0,\"\",IF(LEN(I17)=0,INDEX(Ext!$A$1:$G$5,MATCH(0,Ext!$A$1:$A$5,0),MATCH(I$7,Ext!$A$2:$E$2,0)),IF(AND(I17>=0,I17<3),INDEX(Ext!$A$1:$G$5,MATCH(I17,Ext!$A$1:$A$5,0),MATCH(I$7,Ext!$A$2:$E$2,0)),\"invalid entry\")))","v":0},{"$f":"IF(LEN(C17)=0,\"\",IF(LEN(J17)=0,INDEX(Ext!$A$1:$G$5,MATCH(0,Ext!$A$1:$A$5,0),MATCH(J$7,Ext!$A$2:$E$2,0)),IF(AND(J17>=0,J17<3),INDEX(Ext!$A$1:$G$5,MATCH(J17,Ext!$A$1:$A$5,0),MATCH(J$7,Ext!$A$2:$E$2,0)),\"invalid entry\")))","v":0},{"$f":"IF(LEN(D17)=0,\"\",IF(LEN(K17)=0,INDEX(Ext!$A$1:$G$5,MATCH(0,Ext!$A$1:$A$5,0),MATCH(K$7,Ext!$A$2:$E$2,0)),IF(AND(K17>=0,K17<3),INDEX(Ext!$A$1:$G$5,MATCH(K17,Ext!$A$1:$A$5,0),MATCH(K$7,Ext!$A$2:$E$2,0)),\"invalid entry\")))","v":0},null,{"$f":"IF(ISNA(INDEX('G&S'!$A$1:$K$1000,MATCH($B17&$C17,'G&S'!$B$1:$B$1000&'G&S'!$C$1:$C$1000,0),MATCH(\"38+\",'G&S'!$A$3:$K$3,0))),-4000,INDEX('G&S'!$A$1:$K$1000,MATCH($B17&$C17,'G&S'!$B$1:$B$1000&'G&S'!$C$1:$C$1000,0),MATCH(\"38+\",'G&S'!$A$3:$K$3,0)))","v":155},{"$f":"IF(ISNA(INDEX('G&S'!$A$1:$K$1000,MATCH($B17&$C17,'G&S'!$B$1:$B$1000&'G&S'!$C$1:$C$1000,0),MATCH(\"26-31\",'G&S'!$A$3:$K$3,0))),-4000,INDEX('G&S'!$A$1:$K$1000,MATCH($B17&$C17,'G&S'!$B$1:$B$1000&'G&S'!$C$1:$C$1000,0),MATCH(\"26-31\",'G&S'!$A$3:$K$3,0)))","v":-690},{"$f":"IF(ISNA(INDEX('G&S'!$A$1:$K$1000,MATCH($B17&$C17,'G&S'!$B$1:$B$1000&'G&S'!$C$1:$C$1000,0),MATCH($L17,'G&S'!$A$3:$K$3,0))),-4000,INDEX('G&S'!$A$1:$K$1000,MATCH($B17&$C17,'G&S'!$B$1:$B$1000&'G&S'!$C$1:$C$1000,0),MATCH($L17,'G&S'!$A$3:$K$3,0)))","v":-4000},{"$f":"IF(ISNA(INDEX('G&S'!$A$1:$K$1000,MATCH($B17&$C17,'G&S'!$B$1:$B$1000&'G&S'!$C$1:$C$1000,0),MATCH($L17,'G&S'!$A$3:$K$3,0))),-4000,INDEX('G&S'!$A$1:$K$1000,MATCH($B17&$C17,'G&S'!$B$1:$B$1000&'G&S'!$C$1:$C$1000,0),MATCH($L17,'G&S'!$A$3:$K$3,0)))","v":-4000},null,1,{"$f":"IF(LEN(A17)=0,\"\",INDEX(Mic!$C$1:$C$20,MATCH($D17,Mic!$A$1:$A$20,1)))","v":0}]
[1915011,31,3,4.5999999999999996,1.1599999999999999,29.1,83.2,null,null,null,null,{"$f":"IF(LEN(A18)=0,\"\",IF(LEN(E18)=0,\"HVI data needed\",INDEX('Staple Lookup'!$C$3:$C$100,MATCH(TRUE,'Staple Lookup'!$B$3:$B$100>=E18,0))))","v":37},null,{"$f":"IF(OR(LEN(B18)=0,LEN(C18)=0,LEN(D18)=0),\"\",IF(AND(RIGHT(B18,1)*1=1,C18=8),-2000,IF(L18>=38,AB18,IF(L18<=31,AC18,AE18))))","v":410},{"$f":"IF(LEN(A18)=0,\"\",INDEX(Str!$C$1:$C$18,MATCH(F18,Str!$A$1:$A$18,1)))","v":5},0,0,{"$f":"IF(LEN(A18)=0,\"\",INDEX(Uni!$C$1:$C$20,MATCH($G18,Uni!$A$1:$A$20,1)))","v":10},null,425,{"$f":"IF(LEN(A18)=0,\"\",IF(OR(LEN(B18)=0,LEN(C18)=0,LEN(D18)=0,LEN(E18)=0,LEN(F18)=0,LEN(G18)=0),\"no HVI data\",IF('Base Values'!$B$6+(SUM($N18:$R18)/100)<0,0,'Base Values'!$B$6+(SUM(N18:R18)/100))))","v":56.25},null,{"$f":"IF(LEN(A18)=0,\"\",IF(LEN(H18)=0,INDEX(Ext!$A$1:$G$5,MATCH(0,Ext!$A$1:$A$5,0),MATCH(H$7,Ext!$A$2:$E$2,0)),IF(AND(H18>=0,H18<3),INDEX(Ext!$A$1:$G$5,MATCH(H18,Ext!$A$1:$A$5,0),MATCH(H$7,Ext!$A$2:$E$2,0)),\"invalid entry\")))","v":0},{"$f":"IF(LEN(B18)=0,\"\",IF(LEN(I18)=0,INDEX(Ext!$A$1:$G$5,MATCH(0,Ext!$A$1:$A$5,0),MATCH(I$7,Ext!$A$2:$E$2,0)),IF(AND(I18>=0,I18<3),INDEX(Ext!$A$1:$G$5,MATCH(I18,Ext!$A$1:$A$5,0),MATCH(I$7,Ext!$A$2:$E$2,0)),\"invalid entry\")))","v":0},{"$f":"IF(LEN(C18)=0,\"\",IF(LEN(J18)=0,INDEX(Ext!$A$1:$G$5,MATCH(0,Ext!$A$1:$A$5,0),MATCH(J$7,Ext!$A$2:$E$2,0)),IF(AND(J18>=0,J18<3),INDEX(Ext!$A$1:$G$5,MATCH(J18,Ext!$A$1:$A$5,0),MATCH(J$7,Ext!$A$2:$E$2,0)),\"invalid entry\")))","v":0},{"$f":"IF(LEN(D18)=0,\"\",IF(LEN(K18)=0,INDEX(Ext!$A$1:$G$5,MATCH(0,Ext!$A$1:$A$5,0),MATCH(K$7,Ext!$A$2:$E$2,0)),IF(AND(K18>=0,K18<3),INDEX(Ext!$A$1:$G$5,MATCH(K18,Ext!$A$1:$A$5,0),MATCH(K$7,Ext!$A$2:$E$2,0)),\"invalid entry\")))","v":0},null,{"$f":"IF(ISNA(INDEX('G&S'!$A$1:$K$1000,MATCH($B18&$C18,'G&S'!$B$1:$B$1000&'G&S'!$C$1:$C$1000,0),MATCH(\"38+\",'G&S'!$A$3:$K$3,0))),-4000,INDEX('G&S'!$A$1:$K$1000,MATCH($B18&$C18,'G&S'!$B$1:$B$1000&'G&S'!$C$1:$C$1000,0),MATCH(\"38+\",'G&S'!$A$3:$K$3,0)))","v":420},{"$f":"IF(ISNA(INDEX('G&S'!$A$1:$K$1000,MATCH($B18&$C18,'G&S'!$B$1:$B$1000&'G&S'!$C$1:$C$1000,0),MATCH(\"26-31\",'G&S'!$A$3:$K$3,0))),-4000,INDEX('G&S'!$A$1:$K$1000,MATCH($B18&$C18,'G&S'!$B$1:$B$1000&'G&S'!$C$1:$C$1000,0),MATCH(\"26-31\",'G&S'!$A$3:$K$3,0)))","v":-530},{"$f":"IF(ISNA(INDEX('G&S'!$A$1:$K$1000,MATCH($B18&$C18,'G&S'!$B$1:$B$1000&'G&S'!$C$1:$C$1000,0),MATCH($L18,'G&S'!$A$3:$K$3,0))),-4000,INDEX('G&S'!$A$1:$K$1000,MATCH($B18&$C18,'G&S'!$B$1:$B$1000&'G&S'!$C$1:$C$1000,0),MATCH($L18,'G&S'!$A$3:$K$3,0)))","v":410},{"$f":"IF(ISNA(INDEX('G&S'!$A$1:$K$1000,MATCH($B18&$C18,'G&S'!$B$1:$B$1000&'G&S'!$C$1:$C$1000,0),MATCH($L18,'G&S'!$A$3:$K$3,0))),-4000,INDEX('G&S'!$A$1:$K$1000,MATCH($B18&$C18,'G&S'!$B$1:$B$1000&'G&S'!$C$1:$C$1000,0),MATCH($L18,'G&S'!$A$3:$K$3,0)))","v":410},null,1,{"$f":"IF(LEN(A18)=0,\"\",INDEX(Mic!$C$1:$C$20,MATCH($D18,Mic!$A$1:$A$20,1)))","v":0}]
[1915012,41,4,4.4000000000000004,1.2,31.6,84.1,null,null,null,null,{"$f":"IF(LEN(A19)=0,\"\",IF(LEN(E19)=0,\"HVI data needed\",INDEX('Staple Lookup'!$C$3:$C$100,MATCH(TRUE,'Staple Lookup'!$B$3:$B$100>=E19,0))))","v":38},null,{"$f":"IF(OR(LEN(B19)=0,LEN(C19)=0,LEN(D19)=0),\"\",IF(AND(RIGHT(B19,1)*1=1,C19=8),-2000,IF(L19>=38,AB19,IF(L19<=31,AC19,AE19))))","v":155},{"$f":"IF(LEN(A19)=0,\"\",INDEX(Str!$C$1:$C$18,MATCH(F19,Str!$A$1:$A$18,1)))","v":30},0,0,{"$f":"IF(LEN(A19)=0,\"\",INDEX(Uni!$C$1:$C$20,MATCH($G19,Uni!$A$1:$A$20,1)))","v":15},null,200,{"$f":"IF(LEN(A19)=0,\"\",IF(OR(LEN(B19)=0,LEN(C19)=0,LEN(D19)=0,LEN(E19)=0,LEN(F19)=0,LEN(G19)=0),\"no HVI data\",IF('Base Values'!$B$6+(SUM($N19:$R19)/100)<0,0,'Base Values'!$B$6+(SUM(N19:R19)/100))))","v":54},null,{"$f":"IF(LEN(A19)=0,\"\",IF(LEN(H19)=0,INDEX(Ext!$A$1:$G$5,MATCH(0,Ext!$A$1:$A$5,0),MATCH(H$7,Ext!$A$2:$E$2,0)),IF(AND(H19>=0,H19<3),INDEX(Ext!$A$1:$G$5,MATCH(H19,Ext!$A$1:$A$5,0),MATCH(H$7,Ext!$A$2:$E$2,0)),\"invalid entry\")))","v":0},{"$f":"IF(LEN(B19)=0,\"\",IF(LEN(I19)=0,INDEX(Ext!$A$1:$G$5,MATCH(0,Ext!$A$1:$A$5,0),MATCH(I$7,Ext!$A$2:$E$2,0)),IF(AND(I19>=0,I19<3),INDEX(Ext!$A$1:$G$5,MATCH(I19,Ext!$A$1:$A$5,0),MATCH(I$7,Ext!$A$2:$E$2,0)),\"invalid entry\")))","v":0},{"$f":"IF(LEN(C19)=0,\"\",IF(LEN(J19)=0,INDEX(Ext!$A$1:$G$5,MATCH(0,Ext!$A$1:$A$5,0),MATCH(J$7,Ext!$A$2:$E$2,0)),IF(AND(J19>=0,J19<3),INDEX(Ext!$A$1:$G$5,MATCH(J19,Ext!$A$1:$A$5,0),MATCH(J$7,Ext!$A$2:$E$2,0)),\"invalid entry\")))","v":0},{"$f":"IF(LEN(D19)=0,\"\",IF(LEN(K19)=0,INDEX(Ext!$A$1:$G$5,MATCH(0,Ext!$A$1:$A$5,0),MATCH(K$7,Ext!$A$2:$E$2,0)),IF(AND(K19>=0,K19<3),INDEX(Ext!$A$1:$G$5,MATCH(K19,Ext!$A$1:$A$5,0),MATCH(K$7,Ext!$A$2:$E$2,0)),\"invalid entry\")))","v":0},null,{"$f":"IF(ISNA(INDEX('G&S'!$A$1:$K$1000,MATCH($B19&$C19,'G&S'!$B$1:$B$1000&'G&S'!$C$1:$C$1000,0),MATCH(\"38+\",'G&S'!$A$3:$K$3,0))),-4000,INDEX('G&S'!$A$1:$K$1000,MATCH($B19&$C19,'G&S'!$B$1:$B$1000&'G&S'!$C$1:$C$1000,0),MATCH(\"38+\",'G&S'!$A$3:$K$3,0)))","v":155},{"$f":"IF(ISNA(INDEX('G&S'!$A$1:$K$1000,MATCH($B19&$C19,'G&S'!$B$1:$B$1000&'G&S'!$C$1:$C$1000,0),MATCH(\"26-31\",'G&S'!$A$3:$K$3,0))),-4000,INDEX('G&S'!$A$1:$K$1000,MATCH($B19&$C19,'G&S'!$B$1:$B$1000&'G&S'!$C$1:$C$1000,0),MATCH(\"26-31\",'G&S'!$A$3:$K$3,0)))","v":-690},{"$f":"IF(ISNA(INDEX('G&S'!$A$1:$K$1000,MATCH($B19&$C19,'G&S'!$B$1:$B$1000&'G&S'!$C$1:$C$1000,0),MATCH($L19,'G&S'!$A$3:$K$3,0))),-4000,INDEX('G&S'!$A$1:$K$1000,MATCH($B19&$C19,'G&S'!$B$1:$B$1000&'G&S'!$C$1:$C$1000,0),MATCH($L19,'G&S'!$A$3:$K$3,0)))","v":-4000},{"$f":"IF(ISNA(INDEX('G&S'!$A$1:$K$1000,MATCH($B19&$C19,'G&S'!$B$1:$B$1000&'G&S'!$C$1:$C$1000,0),MATCH($L19,'G&S'!$A$3:$K$3,0))),-4000,INDEX('G&S'!$A$1:$K$1000,MATCH($B19&$C19,'G&S'!$B$1:$B$1000&'G&S'!$C$1:$C$1000,0),MATCH($L19,'G&S'!$A$3:$K$3,0)))","v":-4000},null,1,{"$f":"IF(LEN(A19)=0,\"\",INDEX(Mic!$C$1:$C$20,MATCH($D19,Mic!$A$1:$A$20,1)))","v":0}]
[1915013,41,4,4.8,1.2,29,83.6,null,null,null,null,{"$f":"IF(LEN(A20)=0,\"\",IF(LEN(E20)=0,\"HVI data needed\",INDEX('Staple Lookup'!$C$3:$C$100,MATCH(TRUE,'Staple Lookup'!$B$3:$B$100>=E20,0))))","v":38},null,{"$f":"IF(OR(LEN(B20)=0,LEN(C20)=0,LEN(D20)=0),\"\",IF(AND(RIGHT(B20,1)*1=1,C20=8),-2000,IF(L20>=38,AB20,IF(L20<=31,AC20,AE20))))","v":155},{"$f":"IF(LEN(A20)=0,\"\",INDEX(Str!$C$1:$C$18,MATCH(F20,Str!$A$1:$A$18,1)))","v":5},0,0,{"$f":"IF(LEN(A20)=0,\"\",INDEX(Uni!$C$1:$C$20,MATCH($G20,Uni!$A$1:$A$20,1)))","v":10},null,170,{"$f":"IF(LEN(A20)=0,\"\",IF(OR(LEN(B20)=0,LEN(C20)=0,LEN(D20)=0,LEN(E20)=0,LEN(F20)=0,LEN(G20)=0),\"no HVI data\",IF('Base Values'!$B$6+(SUM($N20:$R20)/100)<0,0,'Base Values'!$B$6+(SUM(N20:R20)/100))))","v":53.7},null,{"$f":"IF(LEN(A20)=0,\"\",IF(LEN(H20)=0,INDEX(Ext!$A$1:$G$5,MATCH(0,Ext!$A$1:$A$5,0),MATCH(H$7,Ext!$A$2:$E$2,0)),IF(AND(H20>=0,H20<3),INDEX(Ext!$A$1:$G$5,MATCH(H20,Ext!$A$1:$A$5,0),MATCH(H$7,Ext!$A$2:$E$2,0)),\"invalid entry\")))","v":0},{"$f":"IF(LEN(B20)=0,\"\",IF(LEN(I20)=0,INDEX(Ext!$A$1:$G$5,MATCH(0,Ext!$A$1:$A$5,0),MATCH(I$7,Ext!$A$2:$E$2,0)),IF(AND(I20>=0,I20<3),INDEX(Ext!$A$1:$G$5,MATCH(I20,Ext!$A$1:$A$5,0),MATCH(I$7,Ext!$A$2:$E$2,0)),\"invalid entry\")))","v":0},{"$f":"IF(LEN(C20)=0,\"\",IF(LEN(J20)=0,INDEX(Ext!$A$1:$G$5,MATCH(0,Ext!$A$1:$A$5,0),MATCH(J$7,Ext!$A$2:$E$2,0)),IF(AND(J20>=0,J20<3),INDEX(Ext!$A$1:$G$5,MATCH(J20,Ext!$A$1:$A$5,0),MATCH(J$7,Ext!$A$2:$E$2,0)),\"invalid entry\")))","v":0},{"$f":"IF(LEN(D20)=0,\"\",IF(LEN(K20)=0,INDEX(Ext!$A$1:$G$5,MATCH(0,Ext!$A$1:$A$5,0),MATCH(K$7,Ext!$A$2:$E$2,0)),IF(AND(K20>=0,K20<3),INDEX(Ext!$A$1:$G$5,MATCH(K20,Ext!$A$1:$A$5,0),MATCH(K$7,Ext!$A$2:$E$2,0)),\"invalid entry\")))","v":0},null,{"$f":"IF(ISNA(INDEX('G&S'!$A$1:$K$1000,MATCH($B20&$C20,'G&S'!$B$1:$B$1000&'G&S'!$C$1:$C$1000,0),MATCH(\"38+\",'G&S'!$A$3:$K$3,0))),-4000,INDEX('G&S'!$A$1:$K$1000,MATCH($B20&$C20,'G&S'!$B$1:$B$1000&'G&S'!$C$1:$C$1000,0),MATCH(\"38+\",'G&S'!$A$3:$K$3,0)))","v":155},{"$f":"IF(ISNA(INDEX('G&S'!$A$1:$K$1000,MATCH($B20&$C20,'G&S'!$B$1:$B$1000&'G&S'!$C$1:$C$1000,0),MATCH(\"26-31\",'G&S'!$A$3:$K$3,0))),-4000,INDEX('G&S'!$A$1:$K$1000,MATCH($B20&$C20,'G&S'!$B$1:$B$1000&'G&S'!$C$1:$C$1000,0),MATCH(\"26-31\",'G&S'!$A$3:$K$3,0)))","v":-690},{"$f":"IF(ISNA(INDEX('G&S'!$A$1:$K$1000,MATCH($B20&$C20,'G&S'!$B$1:$B$1000&'G&S'!$C$1:$C$1000,0),MATCH($L20,'G&S'!$A$3:$K$3,0))),-4000,INDEX('G&S'!$A$1:$K$1000,MATCH($B20&$C20,'G&S'!$B$1:$B$1000&'G&S'!$C$1:$C$1000,0),MATCH($L20,'G&S'!$A$3:$K$3,0)))","v":-4000},{"$f":"IF(ISNA(INDEX('G&S'!$A$1:$K$1000,MATCH($B20&$C20,'G&S'!$B$1:$B$1000&'G&S'!$C$1:$C$1000,0),MATCH($L20,'G&S'!$A$3:$K$3,0))),-4000,INDEX('G&S'!$A$1:$K$1000,MATCH($B20&$C20,'G&S'!$B$1:$B$1000&'G&S'!$C$1:$C$1000,0),MATCH($L20,'G&S'!$A$3:$K$3,0)))","v":-4000},null,1,{"$f":"IF(LEN(A20)=0,\"\",INDEX(Mic!$C$1:$C$20,MATCH($D20,Mic!$A$1:$A$20,1)))","v":0}]
[1915014,41,3,4.5,1.1200000000000001,30.6,83.5,null,null,null,null,{"$f":"IF(LEN(A21)=0,\"\",IF(LEN(E21)=0,\"HVI data needed\",INDEX('Staple Lookup'!$C$3:$C$100,MATCH(TRUE,'Staple Lookup'!$B$3:$B$100>=E21,0))))","v":36},null,{"$f":"IF(OR(LEN(B21)=0,LEN(C21)=0,LEN(D21)=0),\"\",IF(AND(RIGHT(B21,1)*1=1,C21=8),-2000,IF(L21>=38,AB21,IF(L21<=31,AC21,AE21))))","v":185},{"$f":"IF(LEN(A21)=0,\"\",INDEX(Str!$C$1:$C$18,MATCH(F21,Str!$A$1:$A$18,1)))","v":15},0,0,{"$f":"IF(LEN(A21)=0,\"\",INDEX(Uni!$C$1:$C$20,MATCH($G21,Uni!$A$1:$A$20,1)))","v":10},null,210,{"$f":"IF(LEN(A21)=0,\"\",IF(OR(LEN(B21)=0,LEN(C21)=0,LEN(D21)=0,LEN(E21)=0,LEN(F21)=0,LEN(G21)=0),\"no HVI data\",IF('Base Values'!$B$6+(SUM($N21:$R21)/100)<0,0,'Base Values'!$B$6+(SUM(N21:R21)/100))))","v":54.1},null,{"$f":"IF(LEN(A21)=0,\"\",IF(LEN(H21)=0,INDEX(Ext!$A$1:$G$5,MATCH(0,Ext!$A$1:$A$5,0),MATCH(H$7,Ext!$A$2:$E$2,0)),IF(AND(H21>=0,H21<3),INDEX(Ext!$A$1:$G$5,MATCH(H21,Ext!$A$1:$A$5,0),MATCH(H$7,Ext!$A$2:$E$2,0)),\"invalid entry\")))","v":0},{"$f":"IF(LEN(B21)=0,\"\",IF(LEN(I21)=0,INDEX(Ext!$A$1:$G$5,MATCH(0,Ext!$A$1:$A$5,0),MATCH(I$7,Ext!$A$2:$E$2,0)),IF(AND(I21>=0,I21<3),INDEX(Ext!$A$1:$G$5,MATCH(I21,Ext!$A$1:$A$5,0),MATCH(I$7,Ext!$A$2:$E$2,0)),\"invalid entry\")))","v":0},{"$f":"IF(LEN(C21)=0,\"\",IF(LEN(J21)=0,INDEX(Ext!$A$1:$G$5,MATCH(0,Ext!$A$1:$A$5,0),MATCH(J$7,Ext!$A$2:$E$2,0)),IF(AND(J21>=0,J21<3),INDEX(Ext!$A$1:$G$5,MATCH(J21,Ext!$A$1:$A$5,0),MATCH(J$7,Ext!$A$2:$E$2,0)),\"invalid entry\")))","v":0},{"$f":"IF(LEN(D21)=0,\"\",IF(LEN(K21)=0,INDEX(Ext!$A$1:$G$5,MATCH(0,Ext!$A$1:$A$5,0),MATCH(K$7,Ext!$A$2:$E$2,0)),IF(AND(K21>=0,K21<3),INDEX(Ext!$A$1:$G$5,MATCH(K21,Ext!$A$1:$A$5,0),MATCH(K$7,Ext!$A$2:$E$2,0)),\"invalid entry\")))","v":0},null,{"$f":"IF(ISNA(INDEX('G&S'!$A$1:$K$1000,MATCH($B21&$C21,'G&S'!$B$1:$B$1000&'G&S'!$C$1:$C$1000,0),MATCH(\"38+\",'G&S'!$A$3:$K$3,0))),-4000,INDEX('G&S'!$A$1:$K$1000,MATCH($B21&$C21,'G&S'!$B$1:$B$1000&'G&S'!$C$1:$C$1000,0),MATCH(\"38+\",'G&S'!$A$3:$K$3,0)))","v":215},{"$f":"IF(ISNA(INDEX('G&S'!$A$1:$K$1000,MATCH($B21&$C21,'G&S'!$B$1:$B$1000&'G&S'!$C$1:$C$1000,0),MATCH(\"26-31\",'G&S'!$A$3:$K$3,0))),-4000,INDEX('G&S'!$A$1:$K$1000,MATCH($B21&$C21,'G&S'!$B$1:$B$1000&'G&S'!$C$1:$C$1000,0),MATCH(\"26-31\",'G&S'!$A$3:$K$3,0)))","v":-640},{"$f":"IF(ISNA(INDEX('G&S'!$A$1:$K$1000,MATCH($B21&$C21,'G&S'!$B$1:$B$1000&'G&S'!$C$1:$C$1000,0),MATCH($L21,'G&S'!$A$3:$K$3,0))),-4000,INDEX('G&S'!$A$1:$K$1000,MATCH($B21&$C21,'G&S'!$B$1:$B$1000&'G&S'!$C$1:$C$1000,0),MATCH($L21,'G&S'!$A$3:$K$3,0)))","v":185},{"$f":"IF(ISNA(INDEX('G&S'!$A$1:$K$1000,MATCH($B21&$C21,'G&S'!$B$1:$B$1000&'G&S'!$C$1:$C$1000,0),MATCH($L21,'G&S'!$A$3:$K$3,0))),-4000,INDEX('G&S'!$A$1:$K$1000,MATCH($B21&$C21,'G&S'!$B$1:$B$1000&'G&S'!$C$1:$C$1000,0),MATCH($L21,'G&S'!$A$3:$K$3,0)))","v":185},null,1,{"$f":"IF(LEN(A21)=0,\"\",INDEX(Mic!$C$1:$C$20,MATCH($D21,Mic!$A$1:$A$20,1)))","v":0}]
[1915015,41,2,4.5999999999999996,1.1399999999999999,27.9,83.2,null,null,null,null,{"$f":"IF(LEN(A22)=0,\"\",IF(LEN(E22)=0,\"HVI data needed\",INDEX('Staple Lookup'!$C$3:$C$100,MATCH(TRUE,'Staple Lookup'!$B$3:$B$100>=E22,0))))","v":37},null,{"$f":"IF(OR(LEN(B22)=0,LEN(C22)=0,LEN(D22)=0),\"\",IF(AND(RIGHT(B22,1)*1=1,C22=8),-2000,IF(L22>=38,AB22,IF(L22<=31,AC22,AE22))))","v":200},{"$f":"IF(LEN(A22)=0,\"\",INDEX(Str!$C$1:$C$18,MATCH(F22,Str!$A$1:$A$18,1)))","v":0},0,0,{"$f":"IF(LEN(A22)=0,\"\",INDEX(Uni!$C$1:$C$20,MATCH($G22,Uni!$A$1:$A$20,1)))","v":10},null,210,{"$f":"IF(LEN(A22)=0,\"\",IF(OR(LEN(B22)=0,LEN(C22)=0,LEN(D22)=0,LEN(E22)=0,LEN(F22)=0,LEN(G22)=0),\"no HVI data\",IF('Base Values'!$B$6+(SUM($N22:$R22)/100)<0,0,'Base Values'!$B$6+(SUM(N22:R22)/100))))","v":54.1},null,{"$f":"IF(LEN(A22)=0,\"\",IF(LEN(H22)=0,INDEX(Ext!$A$1:$G$5,MATCH(0,Ext!$A$1:$A$5,0),MATCH(H$7,Ext!$A$2:$E$2,0)),IF(AND(H22>=0,H22<3),INDEX(Ext!$A$1:$G$5,MATCH(H22,Ext!$A$1:$A$5,0),MATCH(H$7,Ext!$A$2:$E$2,0)),\"invalid entry\")))","v":0},{"$f":"IF(LEN(B22)=0,\"\",IF(LEN(I22)=0,INDEX(Ext!$A$1:$G$5,MATCH(0,Ext!$A$1:$A$5,0),MATCH(I$7,Ext!$A$2:$E$2,0)),IF(AND(I22>=0,I22<3),INDEX(Ext!$A$1:$G$5,MATCH(I22,Ext!$A$1:$A$5,0),MATCH(I$7,Ext!$A$2:$E$2,0)),\"invalid entry\")))","v":0},{"$f":"IF(LEN(C22)=0,\"\",IF(LEN(J22)=0,INDEX(Ext!$A$1:$G$5,MATCH(0,Ext!$A$1:$A$5,0),MATCH(J$7,Ext!$A$2:$E$2,0)),IF(AND(J22>=0,J22<3),INDEX(Ext!$A$1:$G$5,MATCH(J22,Ext!$A$1:$A$5,0),MATCH(J$7,Ext!$A$2:$E$2,0)),\"invalid entry\")))","v":0},{"$f":"IF(LEN(D22)=0,\"\",IF(LEN(K22)=0,INDEX(Ext!$A$1:$G$5,MATCH(0,Ext!$A$1:$A$5,0),MATCH(K$7,Ext!$A$2:$E$2,0)),IF(AND(K22>=0,K22<3),INDEX(Ext!$A$1:$G$5,MATCH(K22,Ext!$A$1:$A$5,0),MATCH(K$7,Ext!$A$2:$E$2,0)),\"invalid entry\")))","v":0},null,{"$f":"IF(ISNA(INDEX('G&S'!$A$1:$K$1000,MATCH($B22&$C22,'G&S'!$B$1:$B$1000&'G&S'!$C$1:$C$1000,0),MATCH(\"38+\",'G&S'!$A$3:$K$3,0))),-4000,INDEX('G&S'!$A$1:$K$1000,MATCH($B22&$C22,'G&S'!$B$1:$B$1000&'G&S'!$C$1:$C$1000,0),MATCH(\"38+\",'G&S'!$A$3:$K$3,0)))","v":215},{"$f":"IF(ISNA(INDEX('G&S'!$A$1:$K$1000,MATCH($B22&$C22,'G&S'!$B$1:$B$1000&'G&S'!$C$1:$C$1000,0),MATCH(\"26-31\",'G&S'!$A$3:$K$3,0))),-4000,INDEX('G&S'!$A$1:$K$1000,MATCH($B22&$C22,'G&S'!$B$1:$B$1000&'G&S'!$C$1:$C$1000,0),MATCH(\"26-31\",'G&S'!$A$3:$K$3,0)))","v":-640},{"$f":"IF(ISNA(INDEX('G&S'!$A$1:$K$1000,MATCH($B22&$C22,'G&S'!$B$1:$B$1000&'G&S'!$C$1:$C$1000,0),MATCH($L22,'G&S'!$A$3:$K$3,0))),-4000,INDEX('G&S'!$A$1:$K$1000,MATCH($B22&$C22,'G&S'!$B$1:$B$1000&'G&S'!$C$1:$C$1000,0),MATCH($L22,'G&S'!$A$3:$K$3,0)))","v":200},{"$f":"IF(ISNA(INDEX('G&S'!$A$1:$K$1000,MATCH($B22&$C22,'G&S'!$B$1:$B$1000&'G&S'!$C$1:$C$1000,0),MATCH($L22,'G&S'!$A$3:$K$3,0))),-4000,INDEX('G&S'!$A$1:$K$1000,MATCH($B22&$C22,'G&S'!$B$1:$B$1000&'G&S'!$C$1:$C$1000,0),MATCH($L22,'G&S'!$A$3:$K$3,0)))","v":200},null,1,{"$f":"IF(LEN(A22)=0,\"\",INDEX(Mic!$C$1:$C$20,MATCH($D22,Mic!$A$1:$A$20,1)))","v":0}]
[1915016,31,3,4.2,1.18,30.9,82.3,null,null,null,null,{"$f":"IF(LEN(A23)=0,\"\",IF(LEN(E23)=0,\"HVI data needed\",INDEX('Staple Lookup'!$C$3:$C$100,MATCH(TRUE,'Staple Lookup'!$B$3:$B$100>=E23,0))))","v":38},null,{"$f":"IF(OR(LEN(B23)=0,LEN(C23)=0,LEN(D23)=0),\"\",IF(AND(RIGHT(B23,1)*1=1,C23=8),-2000,IF(L23>=38,AB23,IF(L23<=31,AC23,AE23))))","v":420},{"$f":"IF(LEN(A23)=0,\"\",INDEX(Str!$C$1:$C$18,MATCH(F23,Str!$A$1:$A$18,1)))","v":15},5,0,{"$f":"IF(LEN(A23)=0,\"\",INDEX(Uni!$C$1:$C$20,MATCH($G23,Uni!$A$1:$A$20,1)))","v":5},null,445,{"$f":"IF(LEN(A23)=0,\"\",IF(OR(LEN(B23)=0,LEN(C23)=0,LEN(D23)=0,LEN(E23)=0,LEN(F23)=0,LEN(G23)=0),\"no HVI data\",IF('Base Values'!$B$6+(SUM($N23:$R23)/100)<0,0,'Base Values'!$B$6+(SUM(N23:R23)/100))))","v":56.45},null,{"$f":"IF(LEN(A23)=0,\"\",IF(LEN(H23)=0,INDEX(Ext!$A$1:$G$5,MATCH(0,Ext!$A$1:$A$5,0),MATCH(H$7,Ext!$A$2:$E$2,0)),IF(AND(H23>=0,H23<3),INDEX(Ext!$A$1:$G$5,MATCH(H23,Ext!$A$1:$A$5,0),MATCH(H$7,Ext!$A$2:$E$2,0)),\"invalid entry\")))","v":0},{"$f":"IF(LEN(B23)=0,\"\",IF(LEN(I23)=0,INDEX(Ext!$A$1:$G$5,MATCH(0,Ext!$A$1:$A$5,0),MATCH(I$7,Ext!$A$2:$E$2,0)),IF(AND(I23>=0,I23<3),INDEX(Ext!$A$1:$G$5,MATCH(I23,Ext!$A$1:$A$5,0),MATCH(I$7,Ext!$A$2:$E$2,0)),\"invalid entry\")))","v":0},{"$f":"IF(LEN(C23)=0,\"\",IF(LEN(J23)=0,INDEX(Ext!$A$1:$G$5,MATCH(0,Ext!$A$1:$A$5,0),MATCH(J$7,Ext!$A$2:$E$2,0)),IF(AND(J23>=0,J23<3),INDEX(Ext!$A$1:$G$5,MATCH(J23,Ext!$A$1:$A$5,0),MATCH(J$7,Ext!$A$2:$E$2,0)),\"invalid entry\")))","v":0},{"$f":"IF(LEN(D23)=0,\"\",IF(LEN(K23)=0,INDEX(Ext!$A$1:$G$5,MATCH(0,Ext!$A$1:$A$5,0),MATCH(K$7,Ext!$A$2:$E$2,0)),IF(AND(K23>=0,K23<3),INDEX(Ext!$A$1:$G$5,MATCH(K23,Ext!$A$1:$A$5,0),MATCH(K$7,Ext!$A$2:$E$2,0)),\"invalid entry\")))","v":0},null,{"$f":"IF(ISNA(INDEX('G&S'!$A$1:$K$1000,MATCH($B23&$C23,'G&S'!$B$1:$B$1000&'G&S'!$C$1:$C$1000,0),MATCH(\"38+\",'G&S'!$A$3:$K$3,0))),-4000,INDEX('G&S'!$A$1:$K$1000,MATCH($B23&$C23,'G&S'!$B$1:$B$1000&'G&S'!$C$1:$C$1000,0),MATCH(\"38+\",'G&S'!$A$3:$K$3,0)))","v":420},{"$f":"IF(ISNA(INDEX('G&S'!$A$1:$K$1000,MATCH($B23&$C23,'G&S'!$B$1:$B$1000&'G&S'!$C$1:$C$1000,0),MATCH(\"26-31\",'G&S'!$A$3:$K$3,0))),-4000,INDEX('G&S'!$A$1:$K$1000,MATCH($B23&$C23,'G&S'!$B$1:$B$1000&'G&S'!$C$1:$C$1000,0),MATCH(\"26-31\",'G&S'!$A$3:$K$3,0)))","v":-530},{"$f":"IF(ISNA(INDEX('G&S'!$A$1:$K$1000,MATCH($B23&$C23,'G&S'!$B$1:$B$1000&'G&S'!$C$1:$C$1000,0),MATCH($L23,'G&S'!$A$3:$K$3,0))),-4000,INDEX('G&S'!$A$1:$K$1000,MATCH($B23&$C23,'G&S'!$B$1:$B$1000&'G&S'!$C$1:$C$1000,0),MATCH($L23,'G&S'!$A$3:$K$3,0)))","v":-4000},{"$f":"IF(ISNA(INDEX('G&S'!$A$1:$K$1000,MATCH($B23&$C23,'G&S'!$B$1:$B$1000&'G&S'!$C$1:$C$1000,0),MATCH($L23,'G&S'!$A$3:$K$3,0))),-4000,INDEX('G&S'!$A$1:$K$1000,MATCH($B23&$C23,'G&S'!$B$1:$B$1000&'G&S'!$C$1:$C$1000,0),MATCH($L23,'G&S'!$A$3:$K$3,0)))","v":-4000},null,1,{"$f":"IF(LEN(A23)=0,\"\",INDEX(Mic!$C$1:$C$20,MATCH($D23,Mic!$A$1:$A$20,1)))","v":5}]
[1915017,41,4,4.0999999999999996,1.19,29.4,82.5,null,null,null,null,{"$f":"IF(LEN(A24)=0,\"\",IF(LEN(E24)=0,\"HVI data needed\",INDEX('Staple Lookup'!$C$3:$C$100,MATCH(TRUE,'Staple Lookup'!$B$3:$B$100>=E24,0))))","v":38},null,{"$f":"IF(OR(LEN(B24)=0,LEN(C24)=0,LEN(D24)=0),\"\",IF(AND(RIGHT(B24,1)*1=1,C24=8),-2000,IF(L24>=38,AB24,IF(L24<=31,AC24,AE24))))","v":155},{"$f":"IF(LEN(A24)=0,\"\",INDEX(Str!$C$1:$C$18,MATCH(F24,Str!$A$1:$A$18,1)))","v":5},5,0,{"$f":"IF(LEN(A24)=0,\"\",INDEX(Uni!$C$1:$C$20,MATCH($G24,Uni!$A$1:$A$20,1)))","v":5},null,170,{"$f":"IF(LEN(A24)=0,\"\",IF(OR(LEN(B24)=0,LEN(C24)=0,LEN(D24)=0,LEN(E24)=0,LEN(F24)=0,LEN(G24)=0),\"no HVI data\",IF('Base Values'!$B$6+(SUM($N24:$R24)/100)<0,0,'Base Values'!$B$6+(SUM(N24:R24)/100))))","v":53.7},null,{"$f":"IF(LEN(A24)=0,\"\",IF(LEN(H24)=0,INDEX(Ext!$A$1:$G$5,MATCH(0,Ext!$A$1:$A$5,0),MATCH(H$7,Ext!$A$2:$E$2,0)),IF(AND(H24>=0,H24<3),INDEX(Ext!$A$1:$G$5,MATCH(H24,Ext!$A$1:$A$5,0),MATCH(H$7,Ext!$A$2:$E$2,0)),\"invalid entry\")))","v":0},{"$f":"IF(LEN(B24)=0,\"\",IF(LEN(I24)=0,INDEX(Ext!$A$1:$G$5,MATCH(0,Ext!$A$1:$A$5,0),MATCH(I$7,Ext!$A$2:$E$2,0)),IF(AND(I24>=0,I24<3),INDEX(Ext!$A$1:$G$5,MATCH(I24,Ext!$A$1:$A$5,0),MATCH(I$7,Ext!$A$2:$E$2,0)),\"invalid entry\")))","v":0},{"$f":"IF(LEN(C24)=0,\"\",IF(LEN(J24)=0,INDEX(Ext!$A$1:$G$5,MATCH(0,Ext!$A$1:$A$5,0),MATCH(J$7,Ext!$A$2:$E$2,0)),IF(AND(J24>=0,J24<3),INDEX(Ext!$A$1:$G$5,MATCH(J24,Ext!$A$1:$A$5,0),MATCH(J$7,Ext!$A$2:$E$2,0)),\"invalid entry\")))","v":0},{"$f":"IF(LEN(D24)=0,\"\",IF(LEN(K24)=0,INDEX(Ext!$A$1:$G$5,MATCH(0,Ext!$A$1:$A$5,0),MATCH(K$7,Ext!$A$2:$E$2,0)),IF(AND(K24>=0,K24<3),INDEX(Ext!$A$1:$G$5,MATCH(K24,Ext!$A$1:$A$5,0),MATCH(K$7,Ext!$A$2:$E$2,0)),\"invalid entry\")))","v":0},null,{"$f":"IF(ISNA(INDEX('G&S'!$A$1:$K$1000,MATCH($B24&$C24,'G&S'!$B$1:$B$1000&'G&S'!$C$1:$C$1000,0),MATCH(\"38+\",'G&S'!$A$3:$K$3,0))),-4000,INDEX('G&S'!$A$1:$K$1000,MATCH($B24&$C24,'G&S'!$B$1:$B$1000&'G&S'!$C$1:$C$1000,0),MATCH(\"38+\",'G&S'!$A$3:$K$3,0)))","v":155},{"$f":"IF(ISNA(INDEX('G&S'!$A$1:$K$1000,MATCH($B24&$C24,'G&S'!$B$1:$B$1000&'G&S'!$C$1:$C$1000,0),MATCH(\"26-31\",'G&S'!$A$3:$K$3,0))),-4000,INDEX('G&S'!$A$1:$K$1000,MATCH($B24&$C24,'G&S'!$B$1:$B$1000&'G&S'!$C$1:$C$1000,0),MATCH(\"26-31\",'G&S'!$A$3:$K$3,0)))","v":-690},{"$f":"IF(ISNA(INDEX('G&S'!$A$1:$K$1000,MATCH($B24&$C24,'G&S'!$B$1:$B$1000&'G&S'!$C$1:$C$1000,0),MATCH($L24,'G&S'!$A$3:$K$3,0))),-4000,INDEX('G&S'!$A$1:$K$1000,MATCH($B24&$C24,'G&S'!$B$1:$B$1000&'G&S'!$C$1:$C$1000,0),MATCH($L24,'G&S'!$A$3:$K$3,0)))","v":-4000},{"$f":"IF(ISNA(INDEX('G&S'!$A$1:$K$1000,MATCH($B24&$C24,'G&S'!$B$1:$B$1000&'G&S'!$C$1:$C$1000,0),MATCH($L24,'G&S'!$A$3:$K$3,0))),-4000,INDEX('G&S'!$A$1:$K$1000,MATCH($B24&$C24,'G&S'!$B$1:$B$1000&'G&S'!$C$1:$C$1000,0),MATCH($L24,'G&S'!$A$3:$K$3,0)))","v":-4000},null,1,{"$f":"IF(LEN(A24)=0,\"\",INDEX(Mic!$C$1:$C$20,MATCH($D24,Mic!$A$1:$A$20,1)))","v":5}]
[1915018,41,3,4.2,1.17,32.4,83.3,null,null,null,null,{"$f":"IF(LEN(A25)=0,\"\",IF(LEN(E25)=0,\"HVI data needed\",INDEX('Staple Lookup'!$C$3:$C$100,MATCH(TRUE,'Staple Lookup'!$B$3:$B$100>=E25,0))))","v":37},null,{"$f":"IF(OR(LEN(B25)=0,LEN(C25)=0,LEN(D25)=0),\"\",IF(AND(RIGHT(B25,1)*1=1,C25=8),-2000,IF(L25>=38,AB25,IF(L25<=31,AC25,AE25))))","v":200},{"$f":"IF(LEN(A25)=0,\"\",INDEX(Str!$C$1:$C$18,MATCH(F25,Str!$A$1:$A$18,1)))","v":30},5,0,{"$f":"IF(LEN(A25)=0,\"\",INDEX(Uni!$C$1:$C$20,MATCH($G25,Uni!$A$1:$A$20,1)))","v":10},null,245,{"$f":"IF(LEN(A25)=0,\"\",IF(OR(LEN(B25)=0,LEN(C25)=0,LEN(D25)=0,LEN(E25)=0,LEN(F25)=0,LEN(G25)=0),\"no HVI data\",IF('Base Values'!$B$6+(SUM($N25:$R25)/100)<0,0,'Base Values'!$B$6+(SUM(N25:R25)/100))))","v":54.45},null,{"$f":"IF(LEN(A25)=0,\"\",IF(LEN(H25)=0,INDEX(Ext!$A$1:$G$5,MATCH(0,Ext!$A$1:$A$5,0),MATCH(H$7,Ext!$A$2:$E$2,0)),IF(AND(H25>=0,H25<3),INDEX(Ext!$A$1:$G$5,MATCH(H25,Ext!$A$1:$A$5,0),MATCH(H$7,Ext!$A$2:$E$2,0)),\"invalid entry\")))","v":0},{"$f":"IF(LEN(B25)=0,\"\",IF(LEN(I25)=0,INDEX(Ext!$A$1:$G$5,MATCH(0,Ext!$A$1:$A$5,0),MATCH(I$7,Ext!$A$2:$E$2,0)),IF(AND(I25>=0,I25<3),INDEX(Ext!$A$1:$G$5,MATCH(I25,Ext!$A$1:$A$5,0),MATCH(I$7,Ext!$A$2:$E$2,0)),\"invalid entry\")))","v":0},{"$f":"IF(LEN(C25)=0,\"\",IF(LEN(J25)=0,INDEX(Ext!$A$1:$G$5,MATCH(0,Ext!$A$1:$A$5,0),MATCH(J$7,Ext!$A$2:$E$2,0)),IF(AND(J25>=0,J25<3),INDEX(Ext!$A$1:$G$5,MATCH(J25,Ext!$A$1:$A$5,0),MATCH(J$7,Ext!$A$2:$E$2,0)),\"invalid entry\")))","v":0},{"$f":"IF(LEN(D25)=0,\"\",IF(LEN(K25)=0,INDEX(Ext!$A$1:$G$5,MATCH(0,Ext!$A$1:$A$5,0),MATCH(K$7,Ext!$A$2:$E$2,0)),IF(AND(K25>=0,K25<3),INDEX(Ext!$A$1:$G$5,MATCH(K25,Ext!$A$1:$A$5,0),MATCH(K$7,Ext!$A$2:$E$2,0)),\"invalid entry\")))","v":0},null,{"$f":"IF(ISNA(INDEX('G&S'!$A$1:$K$1000,MATCH($B25&$C25,'G&S'!$B$1:$B$1000&'G&S'!$C$1:$C$1000,0),MATCH(\"38+\",'G&S'!$A$3:$K$3,0))),-4000,INDEX('G&S'!$A$1:$K$1000,MATCH($B25&$C25,'G&S'!$B$1:$B$1000&'G&S'!$C$1:$C$1000,0),MATCH(\"38+\",'G&S'!$A$3:$K$3,0)))","v":215},{"$f":"IF(ISNA(INDEX('G&S'!$A$1:$K$1000,MATCH($B25&$C25,'G&S'!$B$1:$B$1000&'G&S'!$C$1:$C$1000,0),MATCH(\"26-31\",'G&S'!$A$3:$K$3,0))),-4000,INDEX('G&S'!$A$1:$K$1000,MATCH($B25&$C25,'G&S'!$B$1:$B$1000&'G&S'!$C$1:$C$1000,0),MATCH(\"26-31\",'G&S'!$A$3:$K$3,0)))","v":-640},{"$f":"IF(ISNA(INDEX('G&S'!$A$1:$K$1000,MATCH($B25&$C25,'G&S'!$B$1:$B$1000&'G&S'!$C$1:$C$1000,0),MATCH($L25,'G&S'!$A$3:$K$3,0))),-4000,INDEX('G&S'!$A$1:$K$1000,MATCH($B25&$C25,'G&S'!$B$1:$B$1000&'G&S'!$C$1:$C$1000,0),MATCH($L25,'G&S'!$A$3:$K$3,0)))","v":200},{"$f":"IF(ISNA(INDEX('G&S'!$A$1:$K$1000,MATCH($B25&$C25,'G&S'!$B$1:$B$1000&'G&S'!$C$1:$C$1000,0),MATCH($L25,'G&S'!$A$3:$K$3,0))),-4000,INDEX('G&S'!$A$1:$K$1000,MATCH($B25&$C25,'G&S'!$B$1:$B$1000&'G&S'!$C$1:$C$1000,0),MATCH($L25,'G&S'!$A$3:$K$3,0)))","v":200},null,1,{"$f":"IF(LEN(A25)=0,\"\",INDEX(Mic!$C$1:$C$20,MATCH($D25,Mic!$A$1:$A$20,1)))","v":5}]
[1921009,52,5,4.4000000000000004,1.18,29.1,83.4,null,null,null,null,{"$f":"IF(LEN(A26)=0,\"\",IF(LEN(E26)=0,\"HVI data needed\",INDEX('Staple Lookup'!$C$3:$C$100,MATCH(TRUE,'Staple Lookup'!$B$3:$B$100>=E26,0))))","v":38},null,{"$f":"IF(OR(LEN(B26)=0,LEN(C26)=0,LEN(D26)=0),\"\",IF(AND(RIGHT(B26,1)*1=1,C26=8),-2000,IF(L26>=38,AB26,IF(L26<=31,AC26,AE26))))","v":-540},{"$f":"IF(LEN(A26)=0,\"\",INDEX(Str!$C$1:$C$18,MATCH(F26,Str!$A$1:$A$18,1)))","v":5},0,0,{"$f":"IF(LEN(A26)=0,\"\",INDEX(Uni!$C$1:$C$20,MATCH($G26,Uni!$A$1:$A$20,1)))","v":10},null,-525,{"$f":"IF(LEN(A26)=0,\"\",IF(OR(LEN(B26)=0,LEN(C26)=0,LEN(D26)=0,LEN(E26)=0,LEN(F26)=0,LEN(G26)=0),\"no HVI data\",IF('Base Values'!$B$6+(SUM($N26:$R26)/100)<0,0,'Base Values'!$B$6+(SUM(N26:R26)/100))))","v":46.75},null,{"$f":"IF(LEN(A26)=0,\"\",IF(LEN(H26)=0,INDEX(Ext!$A$1:$G$5,MATCH(0,Ext!$A$1:$A$5,0),MATCH(H$7,Ext!$A$2:$E$2,0)),IF(AND(H26>=0,H26<3),INDEX(Ext!$A$1:$G$5,MATCH(H26,Ext!$A$1:$A$5,0),MATCH(H$7,Ext!$A$2:$E$2,0)),\"invalid entry\")))","v":0},{"$f":"IF(LEN(B26)=0,\"\",IF(LEN(I26)=0,INDEX(Ext!$A$1:$G$5,MATCH(0,Ext!$A$1:$A$5,0),MATCH(I$7,Ext!$A$2:$E$2,0)),IF(AND(I26>=0,I26<3),INDEX(Ext!$A$1:$G$5,MATCH(I26,Ext!$A$1:$A$5,0),MATCH(I$7,Ext!$A$2:$E$2,0)),\"invalid entry\")))","v":0},{"$f":"IF(LEN(C26)=0,\"\",IF(LEN(J26)=0,INDEX(Ext!$A$1:$G$5,MATCH(0,Ext!$A$1:$A$5,0),MATCH(J$7,Ext!$A$2:$E$2,0)),IF(AND(J26>=0,J26<3),INDEX(Ext!$A$1:$G$5,MATCH(J26,Ext!$A$1:$A$5,0),MATCH(J$7,Ext!$A$2:$E$2,0)),\"invalid entry\")))","v":0},{"$f":"IF(LEN(D26)=0,\"\",IF(LEN(K26)=0,INDEX(Ext!$A$1:$G$5,MATCH(0,Ext!$A$1:$A$5,0),MATCH(K$7,Ext!$A$2:$E$2,0)),IF(AND(K26>=0,K26<3),INDEX(Ext!$A$1:$G$5,MATCH(K26,Ext!$A$1:$A$5,0),MATCH(K$7,Ext!$A$2:$E$2,0)),\"invalid entry\")))","v":0},null,{"$f":"IF(ISNA(INDEX('G&S'!$A$1:$K$1000,MATCH($B26&$C26,'G&S'!$B$1:$B$1000&'G&S'!$C$1:$C$1000,0),MATCH(\"38+\",'G&S'!$A$3:$K$3,0))),-4000,INDEX('G&S'!$A$1:$K$1000,MATCH($B26&$C26,'G&S'!$B$1:$B$1000&'G&S'!$C$1:$C$1000,0),MATCH(\"38+\",'G&S'!$A$3:$K$3,0)))","v":-540},{"$f":"IF(ISNA(INDEX('G&S'!$A$1:$K$1000,MATCH($B26&$C26,'G&S'!$B$1:$B$1000&'G&S'!$C$1:$C$1000,0),MATCH(\"26-31\",'G&S'!$A$3:$K$3,0))),-4000,INDEX('G&S'!$A$1:$K$1000,MATCH($B26&$C26,'G&S'!$B$1:$B$1000&'G&S'!$C$1:$C$1000,0),MATCH(\"26-31\",'G&S'!$A$3:$K$3,0)))","v":-1215},{"$f":"IF(ISNA(INDEX('G&S'!$A$1:$K$1000,MATCH($B26&$C26,'G&S'!$B$1:$B$1000&'G&S'!$C$1:$C$1000,0),MATCH($L26,'G&S'!$A$3:$K$3,0))),-4000,INDEX('G&S'!$A$1:$K$1000,MATCH($B26&$C26,'G&S'!$B$1:$B$1000&'G&S'!$C$1:$C$1000,0),MATCH($L26,'G&S'!$A$3:$K$3,0)))","v":-4000},{"$f":"IF(ISNA(INDEX('G&S'!$A$1:$K$1000,MATCH($B26&$C26,'G&S'!$B$1:$B$1000&'G&S'!$C$1:$C$1000,0),MATCH($L26,'G&S'!$A$3:$K$3,0))),-4000,INDEX('G&S'!$A$1:$K$1000,MATCH($B26&$C26,'G&S'!$B$1:$B$1000&'G&S'!$C$1:$C$1000,0),MATCH($L26,'G&S'!$A$3:$K$3,0)))","v":-4000},null,0,{"$f":"IF(LEN(A26)=0,\"\",INDEX(Mic!$C$1:$C$20,MATCH($D26,Mic!$A$1:$A$20,1)))","v":0}]
[1921013,52,5,4.4000000000000004,1.17,29.1,82.1,null,null,null,null,{"$f":"IF(LEN(A27)=0,\"\",IF(LEN(E27)=0,\"HVI data needed\",INDEX('Staple Lookup'!$C$3:$C$100,MATCH(TRUE,'Staple Lookup'!$B$3:$B$100>=E27,0))))","v":37},null,{"$f":"IF(OR(LEN(B27)=0,LEN(C27)=0,LEN(D27)=0),\"\",IF(AND(RIGHT(B27,1)*1=1,C27=8),-2000,IF(L27>=38,AB27,IF(L27<=31,AC27,AE27))))","v":-540},{"$f":"IF(LEN(A27)=0,\"\",INDEX(Str!$C$1:$C$18,MATCH(F27,Str!$A$1:$A$18,1)))","v":5},0,0,{"$f":"IF(LEN(A27)=0,\"\",INDEX(Uni!$C$1:$C$20,MATCH($G27,Uni!$A$1:$A$20,1)))","v":5},null,-530,{"$f":"IF(LEN(A27)=0,\"\",IF(OR(LEN(B27)=0,LEN(C27)=0,LEN(D27)=0,LEN(E27)=0,LEN(F27)=0,LEN(G27)=0),\"no HVI data\",IF('Base Values'!$B$6+(SUM($N27:$R27)/100)<0,0,'Base Values'!$B$6+(SUM(N27:R27)/100))))","v":46.7},null,{"$f":"IF(LEN(A27)=0,\"\",IF(LEN(H27)=0,INDEX(Ext!$A$1:$G$5,MATCH(0,Ext!$A$1:$A$5,0),MATCH(H$7,Ext!$A$2:$E$2,0)),IF(AND(H27>=0,H27<3),INDEX(Ext!$A$1:$G$5,MATCH(H27,Ext!$A$1:$A$5,0),MATCH(H$7,Ext!$A$2:$E$2,0)),\"invalid entry\")))","v":0},{"$f":"IF(LEN(B27)=0,\"\",IF(LEN(I27)=0,INDEX(Ext!$A$1:$G$5,MATCH(0,Ext!$A$1:$A$5,0),MATCH(I$7,Ext!$A$2:$E$2,0)),IF(AND(I27>=0,I27<3),INDEX(Ext!$A$1:$G$5,MATCH(I27,Ext!$A$1:$A$5,0),MATCH(I$7,Ext!$A$2:$E$2,0)),\"invalid entry\")))","v":0},{"$f":"IF(LEN(C27)=0,\"\",IF(LEN(J27)=0,INDEX(Ext!$A$1:$G$5,MATCH(0,Ext!$A$1:$A$5,0),MATCH(J$7,Ext!$A$2:$E$2,0)),IF(AND(J27>=0,J27<3),INDEX(Ext!$A$1:$G$5,MATCH(J27,Ext!$A$1:$A$5,0),MATCH(J$7,Ext!$A$2:$E$2,0)),\"invalid entry\")))","v":0},{"$f":"IF(LEN(D27)=0,\"\",IF(LEN(K27)=0,INDEX(Ext!$A$1:$G$5,MATCH(0,Ext!$A$1:$A$5,0),MATCH(K$7,Ext!$A$2:$E$2,0)),IF(AND(K27>=0,K27<3),INDEX(Ext!$A$1:$G$5,MATCH(K27,Ext!$A$1:$A$5,0),MATCH(K$7,Ext!$A$2:$E$2,0)),\"invalid entry\")))","v":0},null,{"$f":"IF(ISNA(INDEX('G&S'!$A$1:$K$1000,MATCH($B27&$C27,'G&S'!$B$1:$B$1000&'G&S'!$C$1:$C$1000,0),MATCH(\"38+\",'G&S'!$A$3:$K$3,0))),-4000,INDEX('G&S'!$A$1:$K$1000,MATCH($B27&$C27,'G&S'!$B$1:$B$1000&'G&S'!$C$1:$C$1000,0),MATCH(\"38+\",'G&S'!$A$3:$K$3,0)))","v":-540},{"$f":"IF(ISNA(INDEX('G&S'!$A$1:$K$1000,MATCH($B27&$C27,'G&S'!$B$1:$B$1000&'G&S'!$C$1:$C$1000,0),MATCH(\"26-31\",'G&S'!$A$3:$K$3,0))),-4000,INDEX('G&S'!$A$1:$K$1000,MATCH($B27&$C27,'G&S'!$B$1:$B$1000&'G&S'!$C$1:$C$1000,0),MATCH(\"26-31\",'G&S'!$A$3:$K$3,0)))","v":-1215},{"$f":"IF(ISNA(INDEX('G&S'!$A$1:$K$1000,MATCH($B27&$C27,'G&S'!$B$1:$B$1000&'G&S'!$C$1:$C$1000,0),MATCH($L27,'G&S'!$A$3:$K$3,0))),-4000,INDEX('G&S'!$A$1:$K$1000,MATCH($B27&$C27,'G&S'!$B$1:$B$1000&'G&S'!$C$1:$C$1000,0),MATCH($L27,'G&S'!$A$3:$K$3,0)))","v":-540},{"$f":"IF(ISNA(INDEX('G&S'!$A$1:$K$1000,MATCH($B27&$C27,'G&S'!$B$1:$B$1000&'G&S'!$C$1:$C$1000,0),MATCH($L27,'G&S'!$A$3:$K$3,0))),-4000,INDEX('G&S'!$A$1:$K$1000,MATCH($B27&$C27,'G&S'!$B$1:$B$1000&'G&S'!$C$1:$C$1000,0),MATCH($L27,'G&S'!$A$3:$K$3,0)))","v":-540},null,0,{"$f":"IF(LEN(A27)=0,\"\",INDEX(Mic!$C$1:$C$20,MATCH($D27,Mic!$A$1:$A$20,1)))","v":0}]
[1921018,52,4,4.3,1.17,29,83.6,null,null,null,null,{"$f":"IF(LEN(A28)=0,\"\",IF(LEN(E28)=0,\"HVI data needed\",INDEX('Staple Lookup'!$C$3:$C$100,MATCH(TRUE,'Staple Lookup'!$B$3:$B$100>=E28,0))))","v":37},null,{"$f":"IF(OR(LEN(B28)=0,LEN(C28)=0,LEN(D28)=0),\"\",IF(AND(RIGHT(B28,1)*1=1,C28=8),-2000,IF(L28>=38,AB28,IF(L28<=31,AC28,AE28))))","v":-450},{"$f":"IF(LEN(A28)=0,\"\",INDEX(Str!$C$1:$C$18,MATCH(F28,Str!$A$1:$A$18,1)))","v":5},0,0,{"$f":"IF(LEN(A28)=0,\"\",INDEX(Uni!$C$1:$C$20,MATCH($G28,Uni!$A$1:$A$20,1)))","v":10},null,-435,{"$f":"IF(LEN(A28)=0,\"\",IF(OR(LEN(B28)=0,LEN(C28)=0,LEN(D28)=0,LEN(E28)=0,LEN(F28)=0,LEN(G28)=0),\"no HVI data\",IF('Base Values'!$B$6+(SUM($N28:$R28)/100)<0,0,'Base Values'!$B$6+(SUM(N28:R28)/100))))","v":47.65},null,{"$f":"IF(LEN(A28)=0,\"\",IF(LEN(H28)=0,INDEX(Ext!$A$1:$G$5,MATCH(0,Ext!$A$1:$A$5,0),MATCH(H$7,Ext!$A$2:$E$2,0)),IF(AND(H28>=0,H28<3),INDEX(Ext!$A$1:$G$5,MATCH(H28,Ext!$A$1:$A$5,0),MATCH(H$7,Ext!$A$2:$E$2,0)),\"invalid entry\")))","v":0},{"$f":"IF(LEN(B28)=0,\"\",IF(LEN(I28)=0,INDEX(Ext!$A$1:$G$5,MATCH(0,Ext!$A$1:$A$5,0),MATCH(I$7,Ext!$A$2:$E$2,0)),IF(AND(I28>=0,I28<3),INDEX(Ext!$A$1:$G$5,MATCH(I28,Ext!$A$1:$A$5,0),MATCH(I$7,Ext!$A$2:$E$2,0)),\"invalid entry\")))","v":0},{"$f":"IF(LEN(C28)=0,\"\",IF(LEN(J28)=0,INDEX(Ext!$A$1:$G$5,MATCH(0,Ext!$A$1:$A$5,0),MATCH(J$7,Ext!$A$2:$E$2,0)),IF(AND(J28>=0,J28<3),INDEX(Ext!$A$1:$G$5,MATCH(J28,Ext!$A$1:$A$5,0),MATCH(J$7,Ext!$A$2:$E$2,0)),\"invalid entry\")))","v":0},{"$f":"IF(LEN(D28)=0,\"\",IF(LEN(K28)=0,INDEX(Ext!$A$1:$G$5,MATCH(0,Ext!$A$1:$A$5,0),MATCH(K$7,Ext!$A$2:$E$2,0)),IF(AND(K28>=0,K28<3),INDEX(Ext!$A$1:$G$5,MATCH(K28,Ext!$A$1:$A$5,0),MATCH(K$7,Ext!$A$2:$E$2,0)),\"invalid entry\")))","v":0},null,{"$f":"IF(ISNA(INDEX('G&S'!$A$1:$K$1000,MATCH($B28&$C28,'G&S'!$B$1:$B$1000&'G&S'!$C$1:$C$1000,0),MATCH(\"38+\",'G&S'!$A$3:$K$3,0))),-4000,INDEX('G&S'!$A$1:$K$1000,MATCH($B28&$C28,'G&S'!$B$1:$B$1000&'G&S'!$C$1:$C$1000,0),MATCH(\"38+\",'G&S'!$A$3:$K$3,0)))","v":-450},{"$f":"IF(ISNA(INDEX('G&S'!$A$1:$K$1000,MATCH($B28&$C28,'G&S'!$B$1:$B$1000&'G&S'!$C$1:$C$1000,0),MATCH(\"26-31\",'G&S'!$A$3:$K$3,0))),-4000,INDEX('G&S'!$A$1:$K$1000,MATCH($B28&$C28,'G&S'!$B$1:$B$1000&'G&S'!$C$1:$C$1000,0),MATCH(\"26-31\",'G&S'!$A$3:$K$3,0)))","v":-1140},{"$f":"IF(ISNA(INDEX('G&S'!$A$1:$K$1000,MATCH($B28&$C28,'G&S'!$B$1:$B$1000&'G&S'!$C$1:$C$1000,0),MATCH($L28,'G&S'!$A$3:$K$3,0))),-4000,INDEX('G&S'!$A$1:$K$1000,MATCH($B28&$C28,'G&S'!$B$1:$B$1000&'G&S'!$C$1:$C$1000,0),MATCH($L28,'G&S'!$A$3:$K$3,0)))","v":-450},{"$f":"IF(ISNA(INDEX('G&S'!$A$1:$K$1000,MATCH($B28&$C28,'G&S'!$B$1:$B$1000&'G&S'!$C$1:$C$1000,0),MATCH($L28,'G&S'!$A$3:$K$3,0))),-4000,INDEX('G&S'!$A$1:$K$1000,MATCH($B28&$C28,'G&S'!$B$1:$B$1000&'G&S'!$C$1:$C$1000,0),MATCH($L28,'G&S'!$A$3:$K$3,0)))","v":-450},null,0,{"$f":"IF(LEN(A28)=0,\"\",INDEX(Mic!$C$1:$C$20,MATCH($D28,Mic!$A$1:$A$20,1)))","v":0}]
[1922001,52,5,4.3,1.21,31.2,82.7,null,null,null,null,{"$f":"IF(LEN(A29)=0,\"\",IF(LEN(E29)=0,\"HVI data needed\",INDEX('Staple Lookup'!$C$3:$C$100,MATCH(TRUE,'Staple Lookup'!$B$3:$B$100>=E29,0))))","v":39},null,{"$f":"IF(OR(LEN(B29)=0,LEN(C29)=0,LEN(D29)=0),\"\",IF(AND(RIGHT(B29,1)*1=1,C29=8),-2000,IF(L29>=38,AB29,IF(L29<=31,AC29,AE29))))","v":-540},{"$f":"IF(LEN(A29)=0,\"\",INDEX(Str!$C$1:$C$18,MATCH(F29,Str!$A$1:$A$18,1)))","v":30},0,0,{"$f":"IF(LEN(A29)=0,\"\",INDEX(Uni!$C$1:$C$20,MATCH($G29,Uni!$A$1:$A$20,1)))","v":5},null,-505,{"$f":"IF(LEN(A29)=0,\"\",IF(OR(LEN(B29)=0,LEN(C29)=0,LEN(D29)=0,LEN(E29)=0,LEN(F29)=0,LEN(G29)=0),\"no HVI data\",IF('Base Values'!$B$6+(SUM($N29:$R29)/100)<0,0,'Base Values'!$B$6+(SUM(N29:R29)/100))))","v":46.95},null,{"$f":"IF(LEN(A29)=0,\"\",IF(LEN(H29)=0,INDEX(Ext!$A$1:$G$5,MATCH(0,Ext!$A$1:$A$5,0),MATCH(H$7,Ext!$A$2:$E$2,0)),IF(AND(H29>=0,H29<3),INDEX(Ext!$A$1:$G$5,MATCH(H29,Ext!$A$1:$A$5,0),MATCH(H$7,Ext!$A$2:$E$2,0)),\"invalid entry\")))","v":0},{"$f":"IF(LEN(B29)=0,\"\",IF(LEN(I29)=0,INDEX(Ext!$A$1:$G$5,MATCH(0,Ext!$A$1:$A$5,0),MATCH(I$7,Ext!$A$2:$E$2,0)),IF(AND(I29>=0,I29<3),INDEX(Ext!$A$1:$G$5,MATCH(I29,Ext!$A$1:$A$5,0),MATCH(I$7,Ext!$A$2:$E$2,0)),\"invalid entry\")))","v":0},{"$f":"IF(LEN(C29)=0,\"\",IF(LEN(J29)=0,INDEX(Ext!$A$1:$G$5,MATCH(0,Ext!$A$1:$A$5,0),MATCH(J$7,Ext!$A$2:$E$2,0)),IF(AND(J29>=0,J29<3),INDEX(Ext!$A$1:$G$5,MATCH(J29,Ext!$A$1:$A$5,0),MATCH(J$7,Ext!$A$2:$E$2,0)),\"invalid entry\")))","v":0},{"$f":"IF(LEN(D29)=0,\"\",IF(LEN(K29)=0,INDEX(Ext!$A$1:$G$5,MATCH(0,Ext!$A$1:$A$5,0),MATCH(K$7,Ext!$A$2:$E$2,0)),IF(AND(K29>=0,K29<3),INDEX(Ext!$A$1:$G$5,MATCH(K29,Ext!$A$1:$A$5,0),MATCH(K$7,Ext!$A$2:$E$2,0)),\"invalid entry\")))","v":0},null,{"$f":"IF(ISNA(INDEX('G&S'!$A$1:$K$1000,MATCH($B29&$C29,'G&S'!$B$1:$B$1000&'G&S'!$C$1:$C$1000,0),MATCH(\"38+\",'G&S'!$A$3:$K$3,0))),-4000,INDEX('G&S'!$A$1:$K$1000,MATCH($B29&$C29,'G&S'!$B$1:$B$1000&'G&S'!$C$1:$C$1000,0),MATCH(\"38+\",'G&S'!$A$3:$K$3,0)))","v":-540},{"$f":"IF(ISNA(INDEX('G&S'!$A$1:$K$1000,MATCH($B29&$C29,'G&S'!$B$1:$B$1000&'G&S'!$C$1:$C$1000,0),MATCH(\"26-31\",'G&S'!$A$3:$K$3,0))),-4000,INDEX('G&S'!$A$1:$K$1000,MATCH($B29&$C29,'G&S'!$B$1:$B$1000&'G&S'!$C$1:$C$1000,0),MATCH(\"26-31\",'G&S'!$A$3:$K$3,0)))","v":-1215},{"$f":"IF(ISNA(INDEX('G&S'!$A$1:$K$1000,MATCH($B29&$C29,'G&S'!$B$1:$B$1000&'G&S'!$C$1:$C$1000,0),MATCH($L29,'G&S'!$A$3:$K$3,0))),-4000,INDEX('G&S'!$A$1:$K$1000,MATCH($B29&$C29,'G&S'!$B$1:$B$1000&'G&S'!$C$1:$C$1000,0),MATCH($L29,'G&S'!$A$3:$K$3,0)))","v":-4000},{"$f":"IF(ISNA(INDEX('G&S'!$A$1:$K$1000,MATCH($B29&$C29,'G&S'!$B$1:$B$1000&'G&S'!$C$1:$C$1000,0),MATCH($L29,'G&S'!$A$3:$K$3,0))),-4000,INDEX('G&S'!$A$1:$K$1000,MATCH($B29&$C29,'G&S'!$B$1:$B$1000&'G&S'!$C$1:$C$1000,0),MATCH($L29,'G&S'!$A$3:$K$3,0)))","v":-4000},null,0,{"$f":"IF(LEN(A29)=0,\"\",INDEX(Mic!$C$1:$C$20,MATCH($D29,Mic!$A$1:$A$20,1)))","v":0}]
[1969001,52,5,4.5999999999999996,1.1399999999999999,29.6,82.4,null,null,null,null,{"$f":"IF(LEN(A30)=0,\"\",IF(LEN(E30)=0,\"HVI data needed\",INDEX('Staple Lookup'!$C$3:$C$100,MATCH(TRUE,'Staple Lookup'!$B$3:$B$100>=E30,0))))","v":37},null,{"$f":"IF(OR(LEN(B30)=0,LEN(C30)=0,LEN(D30)=0),\"\",IF(AND(RIGHT(B30,1)*1=1,C30=8),-2000,IF(L30>=38,AB30,IF(L30<=31,AC30,AE30))))","v":-540},{"$f":"IF(LEN(A30)=0,\"\",INDEX(Str!$C$1:$C$18,MATCH(F30,Str!$A$1:$A$18,1)))","v":5},0,0,{"$f":"IF(LEN(A30)=0,\"\",INDEX(Uni!$C$1:$C$20,MATCH($G30,Uni!$A$1:$A$20,1)))","v":5},null,-530,{"$f":"IF(LEN(A30)=0,\"\",IF(OR(LEN(B30)=0,LEN(C30)=0,LEN(D30)=0,LEN(E30)=0,LEN(F30)=0,LEN(G30)=0),\"no HVI data\",IF('Base Values'!$B$6+(SUM($N30:$R30)/100)<0,0,'Base Values'!$B$6+(SUM(N30:R30)/100))))","v":46.7},null,{"$f":"IF(LEN(A30)=0,\"\",IF(LEN(H30)=0,INDEX(Ext!$A$1:$G$5,MATCH(0,Ext!$A$1:$A$5,0),MATCH(H$7,Ext!$A$2:$E$2,0)),IF(AND(H30>=0,H30<3),INDEX(Ext!$A$1:$G$5,MATCH(H30,Ext!$A$1:$A$5,0),MATCH(H$7,Ext!$A$2:$E$2,0)),\"invalid entry\")))","v":0},{"$f":"IF(LEN(B30)=0,\"\",IF(LEN(I30)=0,INDEX(Ext!$A$1:$G$5,MATCH(0,Ext!$A$1:$A$5,0),MATCH(I$7,Ext!$A$2:$E$2,0)),IF(AND(I30>=0,I30<3),INDEX(Ext!$A$1:$G$5,MATCH(I30,Ext!$A$1:$A$5,0),MATCH(I$7,Ext!$A$2:$E$2,0)),\"invalid entry\")))","v":0},{"$f":"IF(LEN(C30)=0,\"\",IF(LEN(J30)=0,INDEX(Ext!$A$1:$G$5,MATCH(0,Ext!$A$1:$A$5,0),MATCH(J$7,Ext!$A$2:$E$2,0)),IF(AND(J30>=0,J30<3),INDEX(Ext!$A$1:$G$5,MATCH(J30,Ext!$A$1:$A$5,0),MATCH(J$7,Ext!$A$2:$E$2,0)),\"invalid entry\")))","v":0},{"$f":"IF(LEN(D30)=0,\"\",IF(LEN(K30)=0,INDEX(Ext!$A$1:$G$5,MATCH(0,Ext!$A$1:$A$5,0),MATCH(K$7,Ext!$A$2:$E$2,0)),IF(AND(K30>=0,K30<3),INDEX(Ext!$A$1:$G$5,MATCH(K30,Ext!$A$1:$A$5,0),MATCH(K$7,Ext!$A$2:$E$2,0)),\"invalid entry\")))","v":0},null,{"$f":"IF(ISNA(INDEX('G&S'!$A$1:$K$1000,MATCH($B30&$C30,'G&S'!$B$1:$B$1000&'G&S'!$C$1:$C$1000,0),MATCH(\"38+\",'G&S'!$A$3:$K$3,0))),-4000,INDEX('G&S'!$A$1:$K$1000,MATCH($B30&$C30,'G&S'!$B$1:$B$1000&'G&S'!$C$1:$C$1000,0),MATCH(\"38+\",'G&S'!$A$3:$K$3,0)))","v":-540},{"$f":"IF(ISNA(INDEX('G&S'!$A$1:$K$1000,MATCH($B30&$C30,'G&S'!$B$1:$B$1000&'G&S'!$C$1:$C$1000,0),MATCH(\"26-31\",'G&S'!$A$3:$K$3,0))),-4000,INDEX('G&S'!$A$1:$K$1000,MATCH($B30&$C30,'G&S'!$B$1:$B$1000&'G&S'!$C$1:$C$1000,0),MATCH(\"26-31\",'G&S'!$A$3:$K$3,0)))","v":-1215},{"$f":"IF(ISNA(INDEX('G&S'!$A$1:$K$1000,MATCH($B30&$C30,'G&S'!$B$1:$B$1000&'G&S'!$C$1:$C$1000,0),MATCH($L30,'G&S'!$A$3:$K$3,0))),-4000,INDEX('G&S'!$A$1:$K$1000,MATCH($B30&$C30,'G&S'!$B$1:$B$1000&'G&S'!$C$1:$C$1000,0),MATCH($L30,'G&S'!$A$3:$K$3,0)))","v":-540},{"$f":"IF(ISNA(INDEX('G&S'!$A$1:$K$1000,MATCH($B30&$C30,'G&S'!$B$1:$B$1000&'G&S'!$C$1:$C$1000,0),MATCH($L30,'G&S'!$A$3:$K$3,0))),-4000,INDEX('G&S'!$A$1:$K$1000,MATCH($B30&$C30,'G&S'!$B$1:$B$1000&'G&S'!$C$1:$C$1000,0),MATCH($L30,'G&S'!$A$3:$K$3,0)))","v":-540},null,0,{"$f":"IF(LEN(A30)=0,\"\",INDEX(Mic!$C$1:$C$20,MATCH($D30,Mic!$A$1:$A$20,1)))","v":0}]
[1969002,52,5,4.5999999999999996,1.1399999999999999,30,81.900000000000006,null,null,null,null,{"$f":"IF(LEN(A31)=0,\"\",IF(LEN(E31)=0,\"HVI data needed\",INDEX('Staple Lookup'!$C$3:$C$100,MATCH(TRUE,'Staple Lookup'!$B$3:$B$100>=E31,0))))","v":37},null,{"$f":"IF(OR(LEN(B31)=0,LEN(C31)=0,LEN(D31)=0),\"\",IF(AND(RIGHT(B31,1)*1=1,C31=8),-2000,IF(L31>=38,AB31,IF(L31<=31,AC31,AE31))))","v":-540},{"$f":"IF(LEN(A31)=0,\"\",INDEX(Str!$C$1:$C$18,MATCH(F31,Str!$A$1:$A$18,1)))","v":15},0,0,{"$f":"IF(LEN(A31)=0,\"\",INDEX(Uni!$C$1:$C$20,MATCH($G31,Uni!$A$1:$A$20,1)))","v":0},null,-525,{"$f":"IF(LEN(A31)=0,\"\",IF(OR(LEN(B31)=0,LEN(C31)=0,LEN(D31)=0,LEN(E31)=0,LEN(F31)=0,LEN(G31)=0),\"no HVI data\",IF('Base Values'!$B$6+(SUM($N31:$R31)/100)<0,0,'Base Values'!$B$6+(SUM(N31:R31)/100))))","v":46.75},null,{"$f":"IF(LEN(A31)=0,\"\",IF(LEN(H31)=0,INDEX(Ext!$A$1:$G$5,MATCH(0,Ext!$A$1:$A$5,0),MATCH(H$7,Ext!$A$2:$E$2,0)),IF(AND(H31>=0,H31<3),INDEX(Ext!$A$1:$G$5,MATCH(H31,Ext!$A$1:$A$5,0),MATCH(H$7,Ext!$A$2:$E$2,0)),\"invalid entry\")))","v":0},{"$f":"IF(LEN(B31)=0,\"\",IF(LEN(I31)=0,INDEX(Ext!$A$1:$G$5,MATCH(0,Ext!$A$1:$A$5,0),MATCH(I$7,Ext!$A$2:$E$2,0)),IF(AND(I31>=0,I31<3),INDEX(Ext!$A$1:$G$5,MATCH(I31,Ext!$A$1:$A$5,0),MATCH(I$7,Ext!$A$2:$E$2,0)),\"invalid entry\")))","v":0},{"$f":"IF(LEN(C31)=0,\"\",IF(LEN(J31)=0,INDEX(Ext!$A$1:$G$5,MATCH(0,Ext!$A$1:$A$5,0),MATCH(J$7,Ext!$A$2:$E$2,0)),IF(AND(J31>=0,J31<3),INDEX(Ext!$A$1:$G$5,MATCH(J31,Ext!$A$1:$A$5,0),MATCH(J$7,Ext!$A$2:$E$2,0)),\"invalid entry\")))","v":0},{"$f":"IF(LEN(D31)=0,\"\",IF(LEN(K31)=0,INDEX(Ext!$A$1:$G$5,MATCH(0,Ext!$A$1:$A$5,0),MATCH(K$7,Ext!$A$2:$E$2,0)),IF(AND(K31>=0,K31<3),INDEX(Ext!$A$1:$G$5,MATCH(K31,Ext!$A$1:$A$5,0),MATCH(K$7,Ext!$A$2:$E$2,0)),\"invalid entry\")))","v":0},null,{"$f":"IF(ISNA(INDEX('G&S'!$A$1:$K$1000,MATCH($B31&$C31,'G&S'!$B$1:$B$1000&'G&S'!$C$1:$C$1000,0),MATCH(\"38+\",'G&S'!$A$3:$K$3,0))),-4000,INDEX('G&S'!$A$1:$K$1000,MATCH($B31&$C31,'G&S'!$B$1:$B$1000&'G&S'!$C$1:$C$1000,0),MATCH(\"38+\",'G&S'!$A$3:$K$3,0)))","v":-540},{"$f":"IF(ISNA(INDEX('G&S'!$A$1:$K$1000,MATCH($B31&$C31,'G&S'!$B$1:$B$1000&'G&S'!$C$1:$C$1000,0),MATCH(\"26-31\",'G&S'!$A$3:$K$3,0))),-4000,INDEX('G&S'!$A$1:$K$1000,MATCH($B31&$C31,'G&S'!$B$1:$B$1000&'G&S'!$C$1:$C$1000,0),MATCH(\"26-31\",'G&S'!$A$3:$K$3,0)))","v":-1215},{"$f":"IF(ISNA(INDEX('G&S'!$A$1:$K$1000,MATCH($B31&$C31,'G&S'!$B$1:$B$1000&'G&S'!$C$1:$C$1000,0),MATCH($L31,'G&S'!$A$3:$K$3,0))),-4000,INDEX('G&S'!$A$1:$K$1000,MATCH($B31&$C31,'G&S'!$B$1:$B$1000&'G&S'!$C$1:$C$1000,0),MATCH($L31,'G&S'!$A$3:$K$3,0)))","v":-540},{"$f":"IF(ISNA(INDEX('G&S'!$A$1:$K$1000,MATCH($B31&$C31,'G&S'!$B$1:$B$1000&'G&S'!$C$1:$C$1000,0),MATCH($L31,'G&S'!$A$3:$K$3,0))),-4000,INDEX('G&S'!$A$1:$K$1000,MATCH($B31&$C31,'G&S'!$B$1:$B$1000&'G&S'!$C$1:$C$1000,0),MATCH($L31,'G&S'!$A$3:$K$3,0)))","v":-540},null,0,{"$f":"IF(LEN(A31)=0,\"\",INDEX(Mic!$C$1:$C$20,MATCH($D31,Mic!$A$1:$A$20,1)))","v":0}]
[1969005,52,5,4.5,1.1100000000000001,28.1,81.599999999999994,null,null,null,null,{"$f":"IF(LEN(A32)=0,\"\",IF(LEN(E32)=0,\"HVI data needed\",INDEX('Staple Lookup'!$C$3:$C$100,MATCH(TRUE,'Staple Lookup'!$B$3:$B$100>=E32,0))))","v":36},null,{"$f":"IF(OR(LEN(B32)=0,LEN(C32)=0,LEN(D32)=0),\"\",IF(AND(RIGHT(B32,1)*1=1,C32=8),-2000,IF(L32>=38,AB32,IF(L32<=31,AC32,AE32))))","v":-565},{"$f":"IF(LEN(A32)=0,\"\",INDEX(Str!$C$1:$C$18,MATCH(F32,Str!$A$1:$A$18,1)))","v":0},0,0,{"$f":"IF(LEN(A32)=0,\"\",INDEX(Uni!$C$1:$C$20,MATCH($G32,Uni!$A$1:$A$20,1)))","v":0},null,-565,{"$f":"IF(LEN(A32)=0,\"\",IF(OR(LEN(B32)=0,LEN(C32)=0,LEN(D32)=0,LEN(E32)=0,LEN(F32)=0,LEN(G32)=0),\"no HVI data\",IF('Base Values'!$B$6+(SUM($N32:$R32)/100)<0,0,'Base Values'!$B$6+(SUM(N32:R32)/100))))","v":46.35},null,{"$f":"IF(LEN(A32)=0,\"\",IF(LEN(H32)=0,INDEX(Ext!$A$1:$G$5,MATCH(0,Ext!$A$1:$A$5,0),MATCH(H$7,Ext!$A$2:$E$2,0)),IF(AND(H32>=0,H32<3),INDEX(Ext!$A$1:$G$5,MATCH(H32,Ext!$A$1:$A$5,0),MATCH(H$7,Ext!$A$2:$E$2,0)),\"invalid entry\")))","v":0},{"$f":"IF(LEN(B32)=0,\"\",IF(LEN(I32)=0,INDEX(Ext!$A$1:$G$5,MATCH(0,Ext!$A$1:$A$5,0),MATCH(I$7,Ext!$A$2:$E$2,0)),IF(AND(I32>=0,I32<3),INDEX(Ext!$A$1:$G$5,MATCH(I32,Ext!$A$1:$A$5,0),MATCH(I$7,Ext!$A$2:$E$2,0)),\"invalid entry\")))","v":0},{"$f":"IF(LEN(C32)=0,\"\",IF(LEN(J32)=0,INDEX(Ext!$A$1:$G$5,MATCH(0,Ext!$A$1:$A$5,0),MATCH(J$7,Ext!$A$2:$E$2,0)),IF(AND(J32>=0,J32<3),INDEX(Ext!$A$1:$G$5,MATCH(J32,Ext!$A$1:$A$5,0),MATCH(J$7,Ext!$A$2:$E$2,0)),\"invalid entry\")))","v":0},{"$f":"IF(LEN(D32)=0,\"\",IF(LEN(K32)=0,INDEX(Ext!$A$1:$G$5,MATCH(0,Ext!$A$1:$A$5,0),MATCH(K$7,Ext!$A$2:$E$2,0)),IF(AND(K32>=0,K32<3),INDEX(Ext!$A$1:$G$5,MATCH(K32,Ext!$A$1:$A$5,0),MATCH(K$7,Ext!$A$2:$E$2,0)),\"invalid entry\")))","v":0},null,{"$f":"IF(ISNA(INDEX('G&S'!$A$1:$K$1000,MATCH($B32&$C32,'G&S'!$B$1:$B$1000&'G&S'!$C$1:$C$1000,0),MATCH(\"38+\",'G&S'!$A$3:$K$3,0))),-4000,INDEX('G&S'!$A$1:$K$1000,MATCH($B32&$C32,'G&S'!$B$1:$B$1000&'G&S'!$C$1:$C$1000,0),MATCH(\"38+\",'G&S'!$A$3:$K$3,0)))","v":-540},{"$f":"IF(ISNA(INDEX('G&S'!$A$1:$K$1000,MATCH($B32&$C32,'G&S'!$B$1:$B$1000&'G&S'!$C$1:$C$1000,0),MATCH(\"26-31\",'G&S'!$A$3:$K$3,0))),-4000,INDEX('G&S'!$A$1:$K$1000,MATCH($B32&$C32,'G&S'!$B$1:$B$1000&'G&S'!$C$1:$C$1000,0),MATCH(\"26-31\",'G&S'!$A$3:$K$3,0)))","v":-1215},{"$f":"IF(ISNA(INDEX('G&S'!$A$1:$K$1000,MATCH($B32&$C32,'G&S'!$B$1:$B$1000&'G&S'!$C$1:$C$1000,0),MATCH($L32,'G&S'!$A$3:$K$3,0))),-4000,INDEX('G&S'!$A$1:$K$1000,MATCH($B32&$C32,'G&S'!$B$1:$B$1000&'G&S'!$C$1:$C$1000,0),MATCH($L32,'G&S'!$A$3:$K$3,0)))","v":-565},{"$f":"IF(ISNA(INDEX('G&S'!$A$1:$K$1000,MATCH($B32&$C32,'G&S'!$B$1:$B$1000&'G&S'!$C$1:$C$1000,0),MATCH($L32,'G&S'!$A$3:$K$3,0))),-4000,INDEX('G&S'!$A$1:$K$1000,MATCH($B32&$C32,'G&S'!$B$1:$B$1000&'G&S'!$C$1:$C$1000,0),MATCH($L32,'G&S'!$A$3:$K$3,0)))","v":-565},null,0,{"$f":"IF(LEN(A32)=0,\"\",INDEX(Mic!$C$1:$C$20,MATCH($D32,Mic!$A$1:$A$20,1)))","v":0}]
[1969006,52,5,4.4000000000000004,1.1399999999999999,29.6,82,null,null,null,null,{"$f":"IF(LEN(A33)=0,\"\",IF(LEN(E33)=0,\"HVI data needed\",INDEX('Staple Lookup'!$C$3:$C$100,MATCH(TRUE,'Staple Lookup'!$B$3:$B$100>=E33,0))))","v":37},null,{"$f":"IF(OR(LEN(B33)=0,LEN(C33)=0,LEN(D33)=0),\"\",IF(AND(RIGHT(B33,1)*1=1,C33=8),-2000,IF(L33>=38,AB33,IF(L33<=31,AC33,AE33))))","v":-540},{"$f":"IF(LEN(A33)=0,\"\",INDEX(Str!$C$1:$C$18,MATCH(F33,Str!$A$1:$A$18,1)))","v":5},0,0,{"$f":"IF(LEN(A33)=0,\"\",INDEX(Uni!$C$1:$C$20,MATCH($G33,Uni!$A$1:$A$20,1)))","v":5},null,-530,{"$f":"IF(LEN(A33)=0,\"\",IF(OR(LEN(B33)=0,LEN(C33)=0,LEN(D33)=0,LEN(E33)=0,LEN(F33)=0,LEN(G33)=0),\"no HVI data\",IF('Base Values'!$B$6+(SUM($N33:$R33)/100)<0,0,'Base Values'!$B$6+(SUM(N33:R33)/100))))","v":46.7},null,{"$f":"IF(LEN(A33)=0,\"\",IF(LEN(H33)=0,INDEX(Ext!$A$1:$G$5,MATCH(0,Ext!$A$1:$A$5,0),MATCH(H$7,Ext!$A$2:$E$2,0)),IF(AND(H33>=0,H33<3),INDEX(Ext!$A$1:$G$5,MATCH(H33,Ext!$A$1:$A$5,0),MATCH(H$7,Ext!$A$2:$E$2,0)),\"invalid entry\")))","v":0},{"$f":"IF(LEN(B33)=0,\"\",IF(LEN(I33)=0,INDEX(Ext!$A$1:$G$5,MATCH(0,Ext!$A$1:$A$5,0),MATCH(I$7,Ext!$A$2:$E$2,0)),IF(AND(I33>=0,I33<3),INDEX(Ext!$A$1:$G$5,MATCH(I33,Ext!$A$1:$A$5,0),MATCH(I$7,Ext!$A$2:$E$2,0)),\"invalid entry\")))","v":0},{"$f":"IF(LEN(C33)=0,\"\",IF(LEN(J33)=0,INDEX(Ext!$A$1:$G$5,MATCH(0,Ext!$A$1:$A$5,0),MATCH(J$7,Ext!$A$2:$E$2,0)),IF(AND(J33>=0,J33<3),INDEX(Ext!$A$1:$G$5,MATCH(J33,Ext!$A$1:$A$5,0),MATCH(J$7,Ext!$A$2:$E$2,0)),\"invalid entry\")))","v":0},{"$f":"IF(LEN(D33)=0,\"\",IF(LEN(K33)=0,INDEX(Ext!$A$1:$G$5,MATCH(0,Ext!$A$1:$A$5,0),MATCH(K$7,Ext!$A$2:$E$2,0)),IF(AND(K33>=0,K33<3),INDEX(Ext!$A$1:$G$5,MATCH(K33,Ext!$A$1:$A$5,0),MATCH(K$7,Ext!$A$2:$E$2,0)),\"invalid entry\")))","v":0},null,{"$f":"IF(ISNA(INDEX('G&S'!$A$1:$K$1000,MATCH($B33&$C33,'G&S'!$B$1:$B$1000&'G&S'!$C$1:$C$1000,0),MATCH(\"38+\",'G&S'!$A$3:$K$3,0))),-4000,INDEX('G&S'!$A$1:$K$1000,MATCH($B33&$C33,'G&S'!$B$1:$B$1000&'G&S'!$C$1:$C$1000,0),MATCH(\"38+\",'G&S'!$A$3:$K$3,0)))","v":-540},{"$f":"IF(ISNA(INDEX('G&S'!$A$1:$K$1000,MATCH($B33&$C33,'G&S'!$B$1:$B$1000&'G&S'!$C$1:$C$1000,0),MATCH(\"26-31\",'G&S'!$A$3:$K$3,0))),-4000,INDEX('G&S'!$A$1:$K$1000,MATCH($B33&$C33,'G&S'!$B$1:$B$1000&'G&S'!$C$1:$C$1000,0),MATCH(\"26-31\",'G&S'!$A$3:$K$3,0)))","v":-1215},{"$f":"IF(ISNA(INDEX('G&S'!$A$1:$K$1000,MATCH($B33&$C33,'G&S'!$B$1:$B$1000&'G&S'!$C$1:$C$1000,0),MATCH($L33,'G&S'!$A$3:$K$3,0))),-4000,INDEX('G&S'!$A$1:$K$1000,MATCH($B33&$C33,'G&S'!$B$1:$B$1000&'G&S'!$C$1:$C$1000,0),MATCH($L33,'G&S'!$A$3:$K$3,0)))","v":-540},{"$f":"IF(ISNA(INDEX('G&S'!$A$1:$K$1000,MATCH($B33&$C33,'G&S'!$B$1:$B$1000&'G&S'!$C$1:$C$1000,0),MATCH($L33,'G&S'!$A$3:$K$3,0))),-4000,INDEX('G&S'!$A$1:$K$1000,MATCH($B33&$C33,'G&S'!$B$1:$B$1000&'G&S'!$C$1:$C$1000,0),MATCH($L33,'G&S'!$A$3:$K$3,0)))","v":-540},null,0,{"$f":"IF(LEN(A33)=0,\"\",INDEX(Mic!$C$1:$C$20,MATCH($D33,Mic!$A$1:$A$20,1)))","v":0}]
[1969010,52,5,4.9000000000000004,1.1399999999999999,28.1,83.6,null,null,null,null,{"$f":"IF(LEN(A34)=0,\"\",IF(LEN(E34)=0,\"HVI data needed\",INDEX('Staple Lookup'!$C$3:$C$100,MATCH(TRUE,'Staple Lookup'!$B$3:$B$100>=E34,0))))","v":37},null,{"$f":"IF(OR(LEN(B34)=0,LEN(C34)=0,LEN(D34)=0),\"\",IF(AND(RIGHT(B34,1)*1=1,C34=8),-2000,IF(L34>=38,AB34,IF(L34<=31,AC34,AE34))))","v":-540},{"$f":"IF(LEN(A34)=0,\"\",INDEX(Str!$C$1:$C$18,MATCH(F34,Str!$A$1:$A$18,1)))","v":0},0,0,{"$f":"IF(LEN(A34)=0,\"\",INDEX(Uni!$C$1:$C$20,MATCH($G34,Uni!$A$1:$A$20,1)))","v":10},null,-530,{"$f":"IF(LEN(A34)=0,\"\",IF(OR(LEN(B34)=0,LEN(C34)=0,LEN(D34)=0,LEN(E34)=0,LEN(F34)=0,LEN(G34)=0),\"no HVI data\",IF('Base Values'!$B$6+(SUM($N34:$R34)/100)<0,0,'Base Values'!$B$6+(SUM(N34:R34)/100))))","v":46.7},null,{"$f":"IF(LEN(A34)=0,\"\",IF(LEN(H34)=0,INDEX(Ext!$A$1:$G$5,MATCH(0,Ext!$A$1:$A$5,0),MATCH(H$7,Ext!$A$2:$E$2,0)),IF(AND(H34>=0,H34<3),INDEX(Ext!$A$1:$G$5,MATCH(H34,Ext!$A$1:$A$5,0),MATCH(H$7,Ext!$A$2:$E$2,0)),\"invalid entry\")))","v":0},{"$f":"IF(LEN(B34)=0,\"\",IF(LEN(I34)=0,INDEX(Ext!$A$1:$G$5,MATCH(0,Ext!$A$1:$A$5,0),MATCH(I$7,Ext!$A$2:$E$2,0)),IF(AND(I34>=0,I34<3),INDEX(Ext!$A$1:$G$5,MATCH(I34,Ext!$A$1:$A$5,0),MATCH(I$7,Ext!$A$2:$E$2,0)),\"invalid entry\")))","v":0},{"$f":"IF(LEN(C34)=0,\"\",IF(LEN(J34)=0,INDEX(Ext!$A$1:$G$5,MATCH(0,Ext!$A$1:$A$5,0),MATCH(J$7,Ext!$A$2:$E$2,0)),IF(AND(J34>=0,J34<3),INDEX(Ext!$A$1:$G$5,MATCH(J34,Ext!$A$1:$A$5,0),MATCH(J$7,Ext!$A$2:$E$2,0)),\"invalid entry\")))","v":0},{"$f":"IF(LEN(D34)=0,\"\",IF(LEN(K34)=0,INDEX(Ext!$A$1:$G$5,MATCH(0,Ext!$A$1:$A$5,0),MATCH(K$7,Ext!$A$2:$E$2,0)),IF(AND(K34>=0,K34<3),INDEX(Ext!$A$1:$G$5,MATCH(K34,Ext!$A$1:$A$5,0),MATCH(K$7,Ext!$A$2:$E$2,0)),\"invalid entry\")))","v":0},null,{"$f":"IF(ISNA(INDEX('G&S'!$A$1:$K$1000,MATCH($B34&$C34,'G&S'!$B$1:$B$1000&'G&S'!$C$1:$C$1000,0),MATCH(\"38+\",'G&S'!$A$3:$K$3,0))),-4000,INDEX('G&S'!$A$1:$K$1000,MATCH($B34&$C34,'G&S'!$B$1:$B$1000&'G&S'!$C$1:$C$1000,0),MATCH(\"38+\",'G&S'!$A$3:$K$3,0)))","v":-540},{"$f":"IF(ISNA(INDEX('G&S'!$A$1:$K$1000,MATCH($B34&$C34,'G&S'!$B$1:$B$1000&'G&S'!$C$1:$C$1000,0),MATCH(\"26-31\",'G&S'!$A$3:$K$3,0))),-4000,INDEX('G&S'!$A$1:$K$1000,MATCH($B34&$C34,'G&S'!$B$1:$B$1000&'G&S'!$C$1:$C$1000,0),MATCH(\"26-31\",'G&S'!$A$3:$K$3,0)))","v":-1215},{"$f":"IF(ISNA(INDEX('G&S'!$A$1:$K$1000,MATCH($B34&$C34,'G&S'!$B$1:$B$1000&'G&S'!$C$1:$C$1000,0),MATCH($L34,'G&S'!$A$3:$K$3,0))),-4000,INDEX('G&S'!$A$1:$K$1000,MATCH($B34&$C34,'G&S'!$B$1:$B$1000&'G&S'!$C$1:$C$1000,0),MATCH($L34,'G&S'!$A$3:$K$3,0)))","v":-540},{"$f":"IF(ISNA(INDEX('G&S'!$A$1:$K$1000,MATCH($B34&$C34,'G&S'!$B$1:$B$1000&'G&S'!$C$1:$C$1000,0),MATCH($L34,'G&S'!$A$3:$K$3,0))),-4000,INDEX('G&S'!$A$1:$K$1000,MATCH($B34&$C34,'G&S'!$B$1:$B$1000&'G&S'!$C$1:$C$1000,0),MATCH($L34,'G&S'!$A$3:$K$3,0)))","v":-540},null,0,{"$f":"IF(LEN(A34)=0,\"\",INDEX(Mic!$C$1:$C$20,MATCH($D34,Mic!$A$1:$A$20,1)))","v":0}]
[1969013,42,4,4.0999999999999996,1.1000000000000001,29.1,80.900000000000006,null,null,null,null,{"$f":"IF(LEN(A35)=0,\"\",IF(LEN(E35)=0,\"HVI data needed\",INDEX('Staple Lookup'!$C$3:$C$100,MATCH(TRUE,'Staple Lookup'!$B$3:$B$100>=E35,0))))","v":35},null,{"$f":"IF(OR(LEN(B35)=0,LEN(C35)=0,LEN(D35)=0),\"\",IF(AND(RIGHT(B35,1)*1=1,C35=8),-2000,IF(L35>=38,AB35,IF(L35<=31,AC35,AE35))))","v":-250},{"$f":"IF(LEN(A35)=0,\"\",INDEX(Str!$C$1:$C$18,MATCH(F35,Str!$A$1:$A$18,1)))","v":5},5,0,{"$f":"IF(LEN(A35)=0,\"\",INDEX(Uni!$C$1:$C$20,MATCH($G35,Uni!$A$1:$A$20,1)))","v":0},null,-240,{"$f":"IF(LEN(A35)=0,\"\",IF(OR(LEN(B35)=0,LEN(C35)=0,LEN(D35)=0,LEN(E35)=0,LEN(F35)=0,LEN(G35)=0),\"no HVI data\",IF('Base Values'!$B$6+(SUM($N35:$R35)/100)<0,0,'Base Values'!$B$6+(SUM(N35:R35)/100))))","v":49.6},null,{"$f":"IF(LEN(A35)=0,\"\",IF(LEN(H35)=0,INDEX(Ext!$A$1:$G$5,MATCH(0,Ext!$A$1:$A$5,0),MATCH(H$7,Ext!$A$2:$E$2,0)),IF(AND(H35>=0,H35<3),INDEX(Ext!$A$1:$G$5,MATCH(H35,Ext!$A$1:$A$5,0),MATCH(H$7,Ext!$A$2:$E$2,0)),\"invalid entry\")))","v":0},{"$f":"IF(LEN(B35)=0,\"\",IF(LEN(I35)=0,INDEX(Ext!$A$1:$G$5,MATCH(0,Ext!$A$1:$A$5,0),MATCH(I$7,Ext!$A$2:$E$2,0)),IF(AND(I35>=0,I35<3),INDEX(Ext!$A$1:$G$5,MATCH(I35,Ext!$A$1:$A$5,0),MATCH(I$7,Ext!$A$2:$E$2,0)),\"invalid entry\")))","v":0},{"$f":"IF(LEN(C35)=0,\"\",IF(LEN(J35)=0,INDEX(Ext!$A$1:$G$5,MATCH(0,Ext!$A$1:$A$5,0),MATCH(J$7,Ext!$A$2:$E$2,0)),IF(AND(J35>=0,J35<3),INDEX(Ext!$A$1:$G$5,MATCH(J35,Ext!$A$1:$A$5,0),MATCH(J$7,Ext!$A$2:$E$2,0)),\"invalid entry\")))","v":0},{"$f":"IF(LEN(D35)=0,\"\",IF(LEN(K35)=0,INDEX(Ext!$A$1:$G$5,MATCH(0,Ext!$A$1:$A$5,0),MATCH(K$7,Ext!$A$2:$E$2,0)),IF(AND(K35>=0,K35<3),INDEX(Ext!$A$1:$G$5,MATCH(K35,Ext!$A$1:$A$5,0),MATCH(K$7,Ext!$A$2:$E$2,0)),\"invalid entry\")))","v":0},null,{"$f":"IF(ISNA(INDEX('G&S'!$A$1:$K$1000,MATCH($B35&$C35,'G&S'!$B$1:$B$1000&'G&S'!$C$1:$C$1000,0),MATCH(\"38+\",'G&S'!$A$3:$K$3,0))),-4000,INDEX('G&S'!$A$1:$K$1000,MATCH($B35&$C35,'G&S'!$B$1:$B$1000&'G&S'!$C$1:$C$1000,0),MATCH(\"38+\",'G&S'!$A$3:$K$3,0)))","v":-185},{"$f":"IF(ISNA(INDEX('G&S'!$A$1:$K$1000,MATCH($B35&$C35,'G&S'!$B$1:$B$1000&'G&S'!$C$1:$C$1000,0),MATCH(\"26-31\",'G&S'!$A$3:$K$3,0))),-4000,INDEX('G&S'!$A$1:$K$1000,MATCH($B35&$C35,'G&S'!$B$1:$B$1000&'G&S'!$C$1:$C$1000,0),MATCH(\"26-31\",'G&S'!$A$3:$K$3,0)))","v":-965},{"$f":"IF(ISNA(INDEX('G&S'!$A$1:$K$1000,MATCH($B35&$C35,'G&S'!$B$1:$B$1000&'G&S'!$C$1:$C$1000,0),MATCH($L35,'G&S'!$A$3:$K$3,0))),-4000,INDEX('G&S'!$A$1:$K$1000,MATCH($B35&$C35,'G&S'!$B$1:$B$1000&'G&S'!$C$1:$C$1000,0),MATCH($L35,'G&S'!$A$3:$K$3,0)))","v":-250},{"$f":"IF(ISNA(INDEX('G&S'!$A$1:$K$1000,MATCH($B35&$C35,'G&S'!$B$1:$B$1000&'G&S'!$C$1:$C$1000,0),MATCH($L35,'G&S'!$A$3:$K$3,0))),-4000,INDEX('G&S'!$A$1:$K$1000,MATCH($B35&$C35,'G&S'!$B$1:$B$1000&'G&S'!$C$1:$C$1000,0),MATCH($L35,'G&S'!$A$3:$K$3,0)))","v":-250},null,1,{"$f":"IF(LEN(A35)=0,\"\",INDEX(Mic!$C$1:$C$20,MATCH($D35,Mic!$A$1:$A$20,1)))","v":5}]
[1969014,52,4,4.7,1.1200000000000001,30.3,82.5,null,null,null,null,{"$f":"IF(LEN(A36)=0,\"\",IF(LEN(E36)=0,\"HVI data needed\",INDEX('Staple Lookup'!$C$3:$C$100,MATCH(TRUE,'Staple Lookup'!$B$3:$B$100>=E36,0))))","v":36},null,{"$f":"IF(OR(LEN(B36)=0,LEN(C36)=0,LEN(D36)=0),\"\",IF(AND(RIGHT(B36,1)*1=1,C36=8),-2000,IF(L36>=38,AB36,IF(L36<=31,AC36,AE36))))","v":-470},{"$f":"IF(LEN(A36)=0,\"\",INDEX(Str!$C$1:$C$18,MATCH(F36,Str!$A$1:$A$18,1)))","v":15},0,0,{"$f":"IF(LEN(A36)=0,\"\",INDEX(Uni!$C$1:$C$20,MATCH($G36,Uni!$A$1:$A$20,1)))","v":5},null,-450,{"$f":"IF(LEN(A36)=0,\"\",IF(OR(LEN(B36)=0,LEN(C36)=0,LEN(D36)=0,LEN(E36)=0,LEN(F36)=0,LEN(G36)=0),\"no HVI data\",IF('Base Values'!$B$6+(SUM($N36:$R36)/100)<0,0,'Base Values'!$B$6+(SUM(N36:R36)/100))))","v":47.5},null,{"$f":"IF(LEN(A36)=0,\"\",IF(LEN(H36)=0,INDEX(Ext!$A$1:$G$5,MATCH(0,Ext!$A$1:$A$5,0),MATCH(H$7,Ext!$A$2:$E$2,0)),IF(AND(H36>=0,H36<3),INDEX(Ext!$A$1:$G$5,MATCH(H36,Ext!$A$1:$A$5,0),MATCH(H$7,Ext!$A$2:$E$2,0)),\"invalid entry\")))","v":0},{"$f":"IF(LEN(B36)=0,\"\",IF(LEN(I36)=0,INDEX(Ext!$A$1:$G$5,MATCH(0,Ext!$A$1:$A$5,0),MATCH(I$7,Ext!$A$2:$E$2,0)),IF(AND(I36>=0,I36<3),INDEX(Ext!$A$1:$G$5,MATCH(I36,Ext!$A$1:$A$5,0),MATCH(I$7,Ext!$A$2:$E$2,0)),\"invalid entry\")))","v":0},{"$f":"IF(LEN(C36)=0,\"\",IF(LEN(J36)=0,INDEX(Ext!$A$1:$G$5,MATCH(0,Ext!$A$1:$A$5,0),MATCH(J$7,Ext!$A$2:$E$2,0)),IF(AND(J36>=0,J36<3),INDEX(Ext!$A$1:$G$5,MATCH(J36,Ext!$A$1:$A$5,0),MATCH(J$7,Ext!$A$2:$E$2,0)),\"invalid entry\")))","v":0},{"$f":"IF(LEN(D36)=0,\"\",IF(LEN(K36)=0,INDEX(Ext!$A$1:$G$5,MATCH(0,Ext!$A$1:$A$5,0),MATCH(K$7,Ext!$A$2:$E$2,0)),IF(AND(K36>=0,K36<3),INDEX(Ext!$A$1:$G$5,MATCH(K36,Ext!$A$1:$A$5,0),MATCH(K$7,Ext!$A$2:$E$2,0)),\"invalid entry\")))","v":0},null,{"$f":"IF(ISNA(INDEX('G&S'!$A$1:$K$1000,MATCH($B36&$C36,'G&S'!$B$1:$B$1000&'G&S'!$C$1:$C$1000,0),MATCH(\"38+\",'G&S'!$A$3:$K$3,0))),-4000,INDEX('G&S'!$A$1:$K$1000,MATCH($B36&$C36,'G&S'!$B$1:$B$1000&'G&S'!$C$1:$C$1000,0),MATCH(\"38+\",'G&S'!$A$3:$K$3,0)))","v":-450},{"$f":"IF(ISNA(INDEX('G&S'!$A$1:$K$1000,MATCH($B36&$C36,'G&S'!$B$1:$B$1000&'G&S'!$C$1:$C$1000,0),MATCH(\"26-31\",'G&S'!$A$3:$K$3,0))),-4000,INDEX('G&S'!$A$1:$K$1000,MATCH($B36&$C36,'G&S'!$B$1:$B$1000&'G&S'!$C$1:$C$1000,0),MATCH(\"26-31\",'G&S'!$A$3:$K$3,0)))","v":-1140},{"$f":"IF(ISNA(INDEX('G&S'!$A$1:$K$1000,MATCH($B36&$C36,'G&S'!$B$1:$B$1000&'G&S'!$C$1:$C$1000,0),MATCH($L36,'G&S'!$A$3:$K$3,0))),-4000,INDEX('G&S'!$A$1:$K$1000,MATCH($B36&$C36,'G&S'!$B$1:$B$1000&'G&S'!$C$1:$C$1000,0),MATCH($L36,'G&S'!$A$3:$K$3,0)))","v":-470},{"$f":"IF(ISNA(INDEX('G&S'!$A$1:$K$1000,MATCH($B36&$C36,'G&S'!$B$1:$B$1000&'G&S'!$C$1:$C$1000,0),MATCH($L36,'G&S'!$A$3:$K$3,0))),-4000,INDEX('G&S'!$A$1:$K$1000,MATCH($B36&$C36,'G&S'!$B$1:$B$1000&'G&S'!$C$1:$C$1000,0),MATCH($L36,'G&S'!$A$3:$K$3,0)))","v":-470},null,0,{"$f":"IF(LEN(A36)=0,\"\",INDEX(Mic!$C$1:$C$20,MATCH($D36,Mic!$A$1:$A$20,1)))","v":0}]
[1969015,52,4,4.5999999999999996,1.1000000000000001,27.6,80.900000000000006,null,null,null,null,{"$f":"IF(LEN(A37)=0,\"\",IF(LEN(E37)=0,\"HVI data needed\",INDEX('Staple Lookup'!$C$3:$C$100,MATCH(TRUE,'Staple Lookup'!$B$3:$B$100>=E37,0))))","v":35},null,{"$f":"IF(OR(LEN(B37)=0,LEN(C37)=0,LEN(D37)=0),\"\",IF(AND(RIGHT(B37,1)*1=1,C37=8),-2000,IF(L37>=38,AB37,IF(L37<=31,AC37,AE37))))","v":-500},{"$f":"IF(LEN(A37)=0,\"\",INDEX(Str!$C$1:$C$18,MATCH(F37,Str!$A$1:$A$18,1)))","v":0},0,0,{"$f":"IF(LEN(A37)=0,\"\",INDEX(Uni!$C$1:$C$20,MATCH($G37,Uni!$A$1:$A$20,1)))","v":0},null,-500,{"$f":"IF(LEN(A37)=0,\"\",IF(OR(LEN(B37)=0,LEN(C37)=0,LEN(D37)=0,LEN(E37)=0,LEN(F37)=0,LEN(G37)=0),\"no HVI data\",IF('Base Values'!$B$6+(SUM($N37:$R37)/100)<0,0,'Base Values'!$B$6+(SUM(N37:R37)/100))))","v":47},null,{"$f":"IF(LEN(A37)=0,\"\",IF(LEN(H37)=0,INDEX(Ext!$A$1:$G$5,MATCH(0,Ext!$A$1:$A$5,0),MATCH(H$7,Ext!$A$2:$E$2,0)),IF(AND(H37>=0,H37<3),INDEX(Ext!$A$1:$G$5,MATCH(H37,Ext!$A$1:$A$5,0),MATCH(H$7,Ext!$A$2:$E$2,0)),\"invalid entry\")))","v":0},{"$f":"IF(LEN(B37)=0,\"\",IF(LEN(I37)=0,INDEX(Ext!$A$1:$G$5,MATCH(0,Ext!$A$1:$A$5,0),MATCH(I$7,Ext!$A$2:$E$2,0)),IF(AND(I37>=0,I37<3),INDEX(Ext!$A$1:$G$5,MATCH(I37,Ext!$A$1:$A$5,0),MATCH(I$7,Ext!$A$2:$E$2,0)),\"invalid entry\")))","v":0},{"$f":"IF(LEN(C37)=0,\"\",IF(LEN(J37)=0,INDEX(Ext!$A$1:$G$5,MATCH(0,Ext!$A$1:$A$5,0),MATCH(J$7,Ext!$A$2:$E$2,0)),IF(AND(J37>=0,J37<3),INDEX(Ext!$A$1:$G$5,MATCH(J37,Ext!$A$1:$A$5,0),MATCH(J$7,Ext!$A$2:$E$2,0)),\"invalid entry\")))","v":0},{"$f":"IF(LEN(D37)=0,\"\",IF(LEN(K37)=0,INDEX(Ext!$A$1:$G$5,MATCH(0,Ext!$A$1:$A$5,0),MATCH(K$7,Ext!$A$2:$E$2,0)),IF(AND(K37>=0,K37<3),INDEX(Ext!$A$1:$G$5,MATCH(K37,Ext!$A$1:$A$5,0),MATCH(K$7,Ext!$A$2:$E$2,0)),\"invalid entry\")))","v":0},null,{"$f":"IF(ISNA(INDEX('G&S'!$A$1:$K$1000,MATCH($B37&$C37,'G&S'!$B$1:$B$1000&'G&S'!$C$1:$C$1000,0),MATCH(\"38+\",'G&S'!$A$3:$K$3,0))),-4000,INDEX('G&S'!$A$1:$K$1000,MATCH($B37&$C37,'G&S'!$B$1:$B$1000&'G&S'!$C$1:$C$1000,0),MATCH(\"38+\",'G&S'!$A$3:$K$3,0)))","v":-450},{"$f":"IF(ISNA(INDEX('G&S'!$A$1:$K$1000,MATCH($B37&$C37,'G&S'!$B$1:$B$1000&'G&S'!$C$1:$C$1000,0),MATCH(\"26-31\",'G&S'!$A$3:$K$3,0))),-4000,INDEX('G&S'!$A$1:$K$1000,MATCH($B37&$C37,'G&S'!$B$1:$B$1000&'G&S'!$C$1:$C$1000,0),MATCH(\"26-31\",'G&S'!$A$3:$K$3,0)))","v":-1140},{"$f":"IF(ISNA(INDEX('G&S'!$A$1:$K$1000,MATCH($B37&$C37,'G&S'!$B$1:$B$1000&'G&S'!$C$1:$C$1000,0),MATCH($L37,'G&S'!$A$3:$K$3,0))),-4000,INDEX('G&S'!$A$1:$K$1000,MATCH($B37&$C37,'G&S'!$B$1:$B$1000&'G&S'!$C$1:$C$1000,0),MATCH($L37,'G&S'!$A$3:$K$3,0)))","v":-500},{"$f":"IF(ISNA(INDEX('G&S'!$A$1:$K$1000,MATCH($B37&$C37,'G&S'!$B$1:$B$1000&'G&S'!$C$1:$C$1000,0),MATCH($L37,'G&S'!$A$3:$K$3,0))),-4000,INDEX('G&S'!$A$1:$K$1000,MATCH($B37&$C37,'G&S'!$B$1:$B$1000&'G&S'!$C$1:$C$1000,0),MATCH($L37,'G&S'!$A$3:$K$3,0)))","v":-500},null,0,{"$f":"IF(LEN(A37)=0,\"\",INDEX(Mic!$C$1:$C$20,MATCH($D37,Mic!$A$1:$A$20,1)))","v":0}]
[1969016,42,4,4.7,1.0900000000000001,28.7,82.4,null,null,null,null,{"$f":"IF(LEN(A38)=0,\"\",IF(LEN(E38)=0,\"HVI data needed\",INDEX('Staple Lookup'!$C$3:$C$100,MATCH(TRUE,'Staple Lookup'!$B$3:$B$100>=E38,0))))","v":35},null,{"$f":"IF(OR(LEN(B38)=0,LEN(C38)=0,LEN(D38)=0),\"\",IF(AND(RIGHT(B38,1)*1=1,C38=8),-2000,IF(L38>=38,AB38,IF(L38<=31,AC38,AE38))))","v":-250},{"$f":"IF(LEN(A38)=0,\"\",INDEX(Str!$C$1:$C$18,MATCH(F38,Str!$A$1:$A$18,1)))","v":0},0,0,{"$f":"IF(LEN(A38)=0,\"\",INDEX(Uni!$C$1:$C$20,MATCH($G38,Uni!$A$1:$A$20,1)))","v":5},null,-245,{"$f":"IF(LEN(A38)=0,\"\",IF(OR(LEN(B38)=0,LEN(C38)=0,LEN(D38)=0,LEN(E38)=0,LEN(F38)=0,LEN(G38)=0),\"no HVI data\",IF('Base Values'!$B$6+(SUM($N38:$R38)/100)<0,0,'Base Values'!$B$6+(SUM(N38:R38)/100))))","v":49.55},null,{"$f":"IF(LEN(A38)=0,\"\",IF(LEN(H38)=0,INDEX(Ext!$A$1:$G$5,MATCH(0,Ext!$A$1:$A$5,0),MATCH(H$7,Ext!$A$2:$E$2,0)),IF(AND(H38>=0,H38<3),INDEX(Ext!$A$1:$G$5,MATCH(H38,Ext!$A$1:$A$5,0),MATCH(H$7,Ext!$A$2:$E$2,0)),\"invalid entry\")))","v":0},{"$f":"IF(LEN(B38)=0,\"\",IF(LEN(I38)=0,INDEX(Ext!$A$1:$G$5,MATCH(0,Ext!$A$1:$A$5,0),MATCH(I$7,Ext!$A$2:$E$2,0)),IF(AND(I38>=0,I38<3),INDEX(Ext!$A$1:$G$5,MATCH(I38,Ext!$A$1:$A$5,0),MATCH(I$7,Ext!$A$2:$E$2,0)),\"invalid entry\")))","v":0},{"$f":"IF(LEN(C38)=0,\"\",IF(LEN(J38)=0,INDEX(Ext!$A$1:$G$5,MATCH(0,Ext!$A$1:$A$5,0),MATCH(J$7,Ext!$A$2:$E$2,0)),IF(AND(J38>=0,J38<3),INDEX(Ext!$A$1:$G$5,MATCH(J38,Ext!$A$1:$A$5,0),MATCH(J$7,Ext!$A$2:$E$2,0)),\"invalid entry\")))","v":0},{"$f":"IF(LEN(D38)=0,\"\",IF(LEN(K38)=0,INDEX(Ext!$A$1:$G$5,MATCH(0,Ext!$A$1:$A$5,0),MATCH(K$7,Ext!$A$2:$E$2,0)),IF(AND(K38>=0,K38<3),INDEX(Ext!$A$1:$G$5,MATCH(K38,Ext!$A$1:$A$5,0),MATCH(K$7,Ext!$A$2:$E$2,0)),\"invalid entry\")))","v":0},null,{"$f":"IF(ISNA(INDEX('G&S'!$A$1:$K$1000,MATCH($B38&$C38,'G&S'!$B$1:$B$1000&'G&S'!$C$1:$C$1000,0),MATCH(\"38+\",'G&S'!$A$3:$K$3,0))),-4000,INDEX('G&S'!$A$1:$K$1000,MATCH($B38&$C38,'G&S'!$B$1:$B$1000&'G&S'!$C$1:$C$1000,0),MATCH(\"38+\",'G&S'!$A$3:$K$3,0)))","v":-185},{"$f":"IF(ISNA(INDEX('G&S'!$A$1:$K$1000,MATCH($B38&$C38,'G&S'!$B$1:$B$1000&'G&S'!$C$1:$C$1000,0),MATCH(\"26-31\",'G&S'!$A$3:$K$3,0))),-4000,INDEX('G&S'!$A$1:$K$1000,MATCH($B38&$C38,'G&S'!$B$1:$B$1000&'G&S'!$C$1:$C$1000,0),MATCH(\"26-31\",'G&S'!$A$3:$K$3,0)))","v":-965},{"$f":"IF(ISNA(INDEX('G&S'!$A$1:$K$1000,MATCH($B38&$C38,'G&S'!$B$1:$B$1000&'G&S'!$C$1:$C$1000,0),MATCH($L38,'G&S'!$A$3:$K$3,0))),-4000,INDEX('G&S'!$A$1:$K$1000,MATCH($B38&$C38,'G&S'!$B$1:$B$1000&'G&S'!$C$1:$C$1000,0),MATCH($L38,'G&S'!$A$3:$K$3,0)))","v":-250},{"$f":"IF(ISNA(INDEX('G&S'!$A$1:$K$1000,MATCH($B38&$C38,'G&S'!$B$1:$B$1000&'G&S'!$C$1:$C$1000,0),MATCH($L38,'G&S'!$A$3:$K$3,0))),-4000,INDEX('G&S'!$A$1:$K$1000,MATCH($B38&$C38,'G&S'!$B$1:$B$1000&'G&S'!$C$1:$C$1000,0),MATCH($L38,'G&S'!$A$3:$K$3,0)))","v":-250},null,1,{"$f":"IF(LEN(A38)=0,\"\",INDEX(Mic!$C$1:$C$20,MATCH($D38,Mic!$A$1:$A$20,1)))","v":0}]
[1969019,52,4,4.5999999999999996,1.1399999999999999,29.2,81.900000000000006,null,null,null,null,{"$f":"IF(LEN(A39)=0,\"\",IF(LEN(E39)=0,\"HVI data needed\",INDEX('Staple Lookup'!$C$3:$C$100,MATCH(TRUE,'Staple Lookup'!$B$3:$B$100>=E39,0))))","v":37},null,{"$f":"IF(OR(LEN(B39)=0,LEN(C39)=0,LEN(D39)=0),\"\",IF(AND(RIGHT(B39,1)*1=1,C39=8),-2000,IF(L39>=38,AB39,IF(L39<=31,AC39,AE39))))","v":-450},{"$f":"IF(LEN(A39)=0,\"\",INDEX(Str!$C$1:$C$18,MATCH(F39,Str!$A$1:$A$18,1)))","v":5},0,0,{"$f":"IF(LEN(A39)=0,\"\",INDEX(Uni!$C$1:$C$20,MATCH($G39,Uni!$A$1:$A$20,1)))","v":0},null,-445,{"$f":"IF(LEN(A39)=0,\"\",IF(OR(LEN(B39)=0,LEN(C39)=0,LEN(D39)=0,LEN(E39)=0,LEN(F39)=0,LEN(G39)=0),\"no HVI data\",IF('Base Values'!$B$6+(SUM($N39:$R39)/100)<0,0,'Base Values'!$B$6+(SUM(N39:R39)/100))))","v":47.55},null,{"$f":"IF(LEN(A39)=0,\"\",IF(LEN(H39)=0,INDEX(Ext!$A$1:$G$5,MATCH(0,Ext!$A$1:$A$5,0),MATCH(H$7,Ext!$A$2:$E$2,0)),IF(AND(H39>=0,H39<3),INDEX(Ext!$A$1:$G$5,MATCH(H39,Ext!$A$1:$A$5,0),MATCH(H$7,Ext!$A$2:$E$2,0)),\"invalid entry\")))","v":0},{"$f":"IF(LEN(B39)=0,\"\",IF(LEN(I39)=0,INDEX(Ext!$A$1:$G$5,MATCH(0,Ext!$A$1:$A$5,0),MATCH(I$7,Ext!$A$2:$E$2,0)),IF(AND(I39>=0,I39<3),INDEX(Ext!$A$1:$G$5,MATCH(I39,Ext!$A$1:$A$5,0),MATCH(I$7,Ext!$A$2:$E$2,0)),\"invalid entry\")))","v":0},{"$f":"IF(LEN(C39)=0,\"\",IF(LEN(J39)=0,INDEX(Ext!$A$1:$G$5,MATCH(0,Ext!$A$1:$A$5,0),MATCH(J$7,Ext!$A$2:$E$2,0)),IF(AND(J39>=0,J39<3),INDEX(Ext!$A$1:$G$5,MATCH(J39,Ext!$A$1:$A$5,0),MATCH(J$7,Ext!$A$2:$E$2,0)),\"invalid entry\")))","v":0},{"$f":"IF(LEN(D39)=0,\"\",IF(LEN(K39)=0,INDEX(Ext!$A$1:$G$5,MATCH(0,Ext!$A$1:$A$5,0),MATCH(K$7,Ext!$A$2:$E$2,0)),IF(AND(K39>=0,K39<3),INDEX(Ext!$A$1:$G$5,MATCH(K39,Ext!$A$1:$A$5,0),MATCH(K$7,Ext!$A$2:$E$2,0)),\"invalid entry\")))","v":0},null,{"$f":"IF(ISNA(INDEX('G&S'!$A$1:$K$1000,MATCH($B39&$C39,'G&S'!$B$1:$B$1000&'G&S'!$C$1:$C$1000,0),MATCH(\"38+\",'G&S'!$A$3:$K$3,0))),-4000,INDEX('G&S'!$A$1:$K$1000,MATCH($B39&$C39,'G&S'!$B$1:$B$1000&'G&S'!$C$1:$C$1000,0),MATCH(\"38+\",'G&S'!$A$3:$K$3,0)))","v":-450},{"$f":"IF(ISNA(INDEX('G&S'!$A$1:$K$1000,MATCH($B39&$C39,'G&S'!$B$1:$B$1000&'G&S'!$C$1:$C$1000,0),MATCH(\"26-31\",'G&S'!$A$3:$K$3,0))),-4000,INDEX('G&S'!$A$1:$K$1000,MATCH($B39&$C39,'G&S'!$B$1:$B$1000&'G&S'!$C$1:$C$1000,0),MATCH(\"26-31\",'G&S'!$A$3:$K$3,0)))","v":-1140},{"$f":"IF(ISNA(INDEX('G&S'!$A$1:$K$1000,MATCH($B39&$C39,'G&S'!$B$1:$B$1000&'G&S'!$C$1:$C$1000,0),MATCH($L39,'G&S'!$A$3:$K$3,0))),-4000,INDEX('G&S'!$A$1:$K$1000,MATCH($B39&$C39,'G&S'!$B$1:$B$1000&'G&S'!$C$1:$C$1000,0),MATCH($L39,'G&S'!$A$3:$K$3,0)))","v":-450},{"$f":"IF(ISNA(INDEX('G&S'!$A$1:$K$1000,MATCH($B39&$C39,'G&S'!$B$1:$B$1000&'G&S'!$C$1:$C$1000,0),MATCH($L39,'G&S'!$A$3:$K$3,0))),-4000,INDEX('G&S'!$A$1:$K$1000,MATCH($B39&$C39,'G&S'!$B$1:$B$1000&'G&S'!$C$1:$C$1000,0),MATCH($L39,'G&S'!$A$3:$K$3,0)))","v":-450},null,0,{"$f":"IF(LEN(A39)=0,\"\",INDEX(Mic!$C$1:$C$20,MATCH($D39,Mic!$A$1:$A$20,1)))","v":0}]
[1969022,52,5,4.9000000000000004,1.1299999999999999,28.2,81.3,null,null,null,null,{"$f":"IF(LEN(A40)=0,\"\",IF(LEN(E40)=0,\"HVI data needed\",INDEX('Staple Lookup'!$C$3:$C$100,MATCH(TRUE,'Staple Lookup'!$B$3:$B$100>=E40,0))))","v":36},null,{"$f":"IF(OR(LEN(B40)=0,LEN(C40)=0,LEN(D40)=0),\"\",IF(AND(RIGHT(B40,1)*1=1,C40=8),-2000,IF(L40>=38,AB40,IF(L40<=31,AC40,AE40))))","v":-565},{"$f":"IF(LEN(A40)=0,\"\",INDEX(Str!$C$1:$C$18,MATCH(F40,Str!$A$1:$A$18,1)))","v":0},0,0,{"$f":"IF(LEN(A40)=0,\"\",INDEX(Uni!$C$1:$C$20,MATCH($G40,Uni!$A$1:$A$20,1)))","v":0},null,-565,{"$f":"IF(LEN(A40)=0,\"\",IF(OR(LEN(B40)=0,LEN(C40)=0,LEN(D40)=0,LEN(E40)=0,LEN(F40)=0,LEN(G40)=0),\"no HVI data\",IF('Base Values'!$B$6+(SUM($N40:$R40)/100)<0,0,'Base Values'!$B$6+(SUM(N40:R40)/100))))","v":46.35},null,{"$f":"IF(LEN(A40)=0,\"\",IF(LEN(H40)=0,INDEX(Ext!$A$1:$G$5,MATCH(0,Ext!$A$1:$A$5,0),MATCH(H$7,Ext!$A$2:$E$2,0)),IF(AND(H40>=0,H40<3),INDEX(Ext!$A$1:$G$5,MATCH(H40,Ext!$A$1:$A$5,0),MATCH(H$7,Ext!$A$2:$E$2,0)),\"invalid entry\")))","v":0},{"$f":"IF(LEN(B40)=0,\"\",IF(LEN(I40)=0,INDEX(Ext!$A$1:$G$5,MATCH(0,Ext!$A$1:$A$5,0),MATCH(I$7,Ext!$A$2:$E$2,0)),IF(AND(I40>=0,I40<3),INDEX(Ext!$A$1:$G$5,MATCH(I40,Ext!$A$1:$A$5,0),MATCH(I$7,Ext!$A$2:$E$2,0)),\"invalid entry\")))","v":0},{"$f":"IF(LEN(C40)=0,\"\",IF(LEN(J40)=0,INDEX(Ext!$A$1:$G$5,MATCH(0,Ext!$A$1:$A$5,0),MATCH(J$7,Ext!$A$2:$E$2,0)),IF(AND(J40>=0,J40<3),INDEX(Ext!$A$1:$G$5,MATCH(J40,Ext!$A$1:$A$5,0),MATCH(J$7,Ext!$A$2:$E$2,0)),\"invalid entry\")))","v":0},{"$f":"IF(LEN(D40)=0,\"\",IF(LEN(K40)=0,INDEX(Ext!$A$1:$G$5,MATCH(0,Ext!$A$1:$A$5,0),MATCH(K$7,Ext!$A$2:$E$2,0)),IF(AND(K40>=0,K40<3),INDEX(Ext!$A$1:$G$5,MATCH(K40,Ext!$A$1:$A$5,0),MATCH(K$7,Ext!$A$2:$E$2,0)),\"invalid entry\")))","v":0},null,{"$f":"IF(ISNA(INDEX('G&S'!$A$1:$K$1000,MATCH($B40&$C40,'G&S'!$B$1:$B$1000&'G&S'!$C$1:$C$1000,0),MATCH(\"38+\",'G&S'!$A$3:$K$3,0))),-4000,INDEX('G&S'!$A$1:$K$1000,MATCH($B40&$C40,'G&S'!$B$1:$B$1000&'G&S'!$C$1:$C$1000,0),MATCH(\"38+\",'G&S'!$A$3:$K$3,0)))","v":-540},{"$f":"IF(ISNA(INDEX('G&S'!$A$1:$K$1000,MATCH($B40&$C40,'G&S'!$B$1:$B$1000&'G&S'!$C$1:$C$1000,0),MATCH(\"26-31\",'G&S'!$A$3:$K$3,0))),-4000,INDEX('G&S'!$A$1:$K$1000,MATCH($B40&$C40,'G&S'!$B$1:$B$1000&'G&S'!$C$1:$C$1000,0),MATCH(\"26-31\",'G&S'!$A$3:$K$3,0)))","v":-1215},{"$f":"IF(ISNA(INDEX('G&S'!$A$1:$K$1000,MATCH($B40&$C40,'G&S'!$B$1:$B$1000&'G&S'!$C$1:$C$1000,0),MATCH($L40,'G&S'!$A$3:$K$3,0))),-4000,INDEX('G&S'!$A$1:$K$1000,MATCH($B40&$C40,'G&S'!$B$1:$B$1000&'G&S'!$C$1:$C$1000,0),MATCH($L40,'G&S'!$A$3:$K$3,0)))","v":-565},{"$f":"IF(ISNA(INDEX('G&S'!$A$1:$K$1000,MATCH($B40&$C40,'G&S'!$B$1:$B$1000&'G&S'!$C$1:$C$1000,0),MATCH($L40,'G&S'!$A$3:$K$3,0))),-4000,INDEX('G&S'!$A$1:$K$1000,MATCH($B40&$C40,'G&S'!$B$1:$B$1000&'G&S'!$C$1:$C$1000,0),MATCH($L40,'G&S'!$A$3:$K$3,0)))","v":-565},null,0,{"$f":"IF(LEN(A40)=0,\"\",INDEX(Mic!$C$1:$C$20,MATCH($D40,Mic!$A$1:$A$20,1)))","v":0}]
[1969027,42,4,4.3,1.1000000000000001,29.6,81.7,null,null,null,null,{"$f":"IF(LEN(A41)=0,\"\",IF(LEN(E41)=0,\"HVI data needed\",INDEX('Staple Lookup'!$C$3:$C$100,MATCH(TRUE,'Staple Lookup'!$B$3:$B$100>=E41,0))))","v":35},null,{"$f":"IF(OR(LEN(B41)=0,LEN(C41)=0,LEN(D41)=0),\"\",IF(AND(RIGHT(B41,1)*1=1,C41=8),-2000,IF(L41>=38,AB41,IF(L41<=31,AC41,AE41))))","v":-250},{"$f":"IF(LEN(A41)=0,\"\",INDEX(Str!$C$1:$C$18,MATCH(F41,Str!$A$1:$A$18,1)))","v":5},0,0,{"$f":"IF(LEN(A41)=0,\"\",INDEX(Uni!$C$1:$C$20,MATCH($G41,Uni!$A$1:$A$20,1)))","v":0},null,-245,{"$f":"IF(LEN(A41)=0,\"\",IF(OR(LEN(B41)=0,LEN(C41)=0,LEN(D41)=0,LEN(E41)=0,LEN(F41)=0,LEN(G41)=0),\"no HVI data\",IF('Base Values'!$B$6+(SUM($N41:$R41)/100)<0,0,'Base Values'!$B$6+(SUM(N41:R41)/100))))","v":49.55},null,{"$f":"IF(LEN(A41)=0,\"\",IF(LEN(H41)=0,INDEX(Ext!$A$1:$G$5,MATCH(0,Ext!$A$1:$A$5,0),MATCH(H$7,Ext!$A$2:$E$2,0)),IF(AND(H41>=0,H41<3),INDEX(Ext!$A$1:$G$5,MATCH(H41,Ext!$A$1:$A$5,0),MATCH(H$7,Ext!$A$2:$E$2,0)),\"invalid entry\")))","v":0},{"$f":"IF(LEN(B41)=0,\"\",IF(LEN(I41)=0,INDEX(Ext!$A$1:$G$5,MATCH(0,Ext!$A$1:$A$5,0),MATCH(I$7,Ext!$A$2:$E$2,0)),IF(AND(I41>=0,I41<3),INDEX(Ext!$A$1:$G$5,MATCH(I41,Ext!$A$1:$A$5,0),MATCH(I$7,Ext!$A$2:$E$2,0)),\"invalid entry\")))","v":0},{"$f":"IF(LEN(C41)=0,\"\",IF(LEN(J41)=0,INDEX(Ext!$A$1:$G$5,MATCH(0,Ext!$A$1:$A$5,0),MATCH(J$7,Ext!$A$2:$E$2,0)),IF(AND(J41>=0,J41<3),INDEX(Ext!$A$1:$G$5,MATCH(J41,Ext!$A$1:$A$5,0),MATCH(J$7,Ext!$A$2:$E$2,0)),\"invalid entry\")))","v":0},{"$f":"IF(LEN(D41)=0,\"\",IF(LEN(K41)=0,INDEX(Ext!$A$1:$G$5,MATCH(0,Ext!$A$1:$A$5,0),MATCH(K$7,Ext!$A$2:$E$2,0)),IF(AND(K41>=0,K41<3),INDEX(Ext!$A$1:$G$5,MATCH(K41,Ext!$A$1:$A$5,0),MATCH(K$7,Ext!$A$2:$E$2,0)),\"invalid entry\")))","v":0},null,{"$f":"IF(ISNA(INDEX('G&S'!$A$1:$K$1000,MATCH($B41&$C41,'G&S'!$B$1:$B$1000&'G&S'!$C$1:$C$1000,0),MATCH(\"38+\",'G&S'!$A$3:$K$3,0))),-4000,INDEX('G&S'!$A$1:$K$1000,MATCH($B41&$C41,'G&S'!$B$1:$B$1000&'G&S'!$C$1:$C$1000,0),MATCH(\"38+\",'G&S'!$A$3:$K$3,0)))","v":-185},{"$f":"IF(ISNA(INDEX('G&S'!$A$1:$K$1000,MATCH($B41&$C41,'G&S'!$B$1:$B$1000&'G&S'!$C$1:$C$1000,0),MATCH(\"26-31\",'G&S'!$A$3:$K$3,0))),-4000,INDEX('G&S'!$A$1:$K$1000,MATCH($B41&$C41,'G&S'!$B$1:$B$1000&'G&S'!$C$1:$C$1000,0),MATCH(\"26-31\",'G&S'!$A$3:$K$3,0)))","v":-965},{"$f":"IF(ISNA(INDEX('G&S'!$A$1:$K$1000,MATCH($B41&$C41,'G&S'!$B$1:$B$1000&'G&S'!$C$1:$C$1000,0),MATCH($L41,'G&S'!$A$3:$K$3,0))),-4000,INDEX('G&S'!$A$1:$K$1000,MATCH($B41&$C41,'G&S'!$B$1:$B$1000&'G&S'!$C$1:$C$1000,0),MATCH($L41,'G&S'!$A$3:$K$3,0)))","v":-250},{"$f":"IF(ISNA(INDEX('G&S'!$A$1:$K$1000,MATCH($B41&$C41,'G&S'!$B$1:$B$1000&'G&S'!$C$1:$C$1000,0),MATCH($L41,'G&S'!$A$3:$K$3,0))),-4000,INDEX('G&S'!$A$1:$K$1000,MATCH($B41&$C41,'G&S'!$B$1:$B$1000&'G&S'!$C$1:$C$1000,0),MATCH($L41,'G&S'!$A$3:$K$3,0)))","v":-250},null,1,{"$f":"IF(LEN(A41)=0,\"\",INDEX(Mic!$C$1:$C$20,MATCH($D41,Mic!$A$1:$A$20,1)))","v":0}]
[1969032,42,6,4.5,1.1399999999999999,28.8,83.2,null,null,null,null,{"$f":"IF(LEN(A42)=0,\"\",IF(LEN(E42)=0,\"HVI data needed\",INDEX('Staple Lookup'!$C$3:$C$100,MATCH(TRUE,'Staple Lookup'!$B$3:$B$100>=E42,0))))","v":37},null,{"$f":"IF(OR(LEN(B42)=0,LEN(C42)=0,LEN(D42)=0),\"\",IF(AND(RIGHT(B42,1)*1=1,C42=8),-2000,IF(L42>=38,AB42,IF(L42<=31,AC42,AE42))))","v":-505},{"$f":"IF(LEN(A42)=0,\"\",INDEX(Str!$C$1:$C$18,MATCH(F42,Str!$A$1:$A$18,1)))","v":0},0,0,{"$f":"IF(LEN(A42)=0,\"\",INDEX(Uni!$C$1:$C$20,MATCH($G42,Uni!$A$1:$A$20,1)))","v":10},null,-495,{"$f":"IF(LEN(A42)=0,\"\",IF(OR(LEN(B42)=0,LEN(C42)=0,LEN(D42)=0,LEN(E42)=0,LEN(F42)=0,LEN(G42)=0),\"no HVI data\",IF('Base Values'!$B$6+(SUM($N42:$R42)/100)<0,0,'Base Values'!$B$6+(SUM(N42:R42)/100))))","v":47.05},null,{"$f":"IF(LEN(A42)=0,\"\",IF(LEN(H42)=0,INDEX(Ext!$A$1:$G$5,MATCH(0,Ext!$A$1:$A$5,0),MATCH(H$7,Ext!$A$2:$E$2,0)),IF(AND(H42>=0,H42<3),INDEX(Ext!$A$1:$G$5,MATCH(H42,Ext!$A$1:$A$5,0),MATCH(H$7,Ext!$A$2:$E$2,0)),\"invalid entry\")))","v":0},{"$f":"IF(LEN(B42)=0,\"\",IF(LEN(I42)=0,INDEX(Ext!$A$1:$G$5,MATCH(0,Ext!$A$1:$A$5,0),MATCH(I$7,Ext!$A$2:$E$2,0)),IF(AND(I42>=0,I42<3),INDEX(Ext!$A$1:$G$5,MATCH(I42,Ext!$A$1:$A$5,0),MATCH(I$7,Ext!$A$2:$E$2,0)),\"invalid entry\")))","v":0},{"$f":"IF(LEN(C42)=0,\"\",IF(LEN(J42)=0,INDEX(Ext!$A$1:$G$5,MATCH(0,Ext!$A$1:$A$5,0),MATCH(J$7,Ext!$A$2:$E$2,0)),IF(AND(J42>=0,J42<3),INDEX(Ext!$A$1:$G$5,MATCH(J42,Ext!$A$1:$A$5,0),MATCH(J$7,Ext!$A$2:$E$2,0)),\"invalid entry\")))","v":0},{"$f":"IF(LEN(D42)=0,\"\",IF(LEN(K42)=0,INDEX(Ext!$A$1:$G$5,MATCH(0,Ext!$A$1:$A$5,0),MATCH(K$7,Ext!$A$2:$E$2,0)),IF(AND(K42>=0,K42<3),INDEX(Ext!$A$1:$G$5,MATCH(K42,Ext!$A$1:$A$5,0),MATCH(K$7,Ext!$A$2:$E$2,0)),\"invalid entry\")))","v":0},null,{"$f":"IF(ISNA(INDEX('G&S'!$A$1:$K$1000,MATCH($B42&$C42,'G&S'!$B$1:$B$1000&'G&S'!$C$1:$C$1000,0),MATCH(\"38+\",'G&S'!$A$3:$K$3,0))),-4000,INDEX('G&S'!$A$1:$K$1000,MATCH($B42&$C42,'G&S'!$B$1:$B$1000&'G&S'!$C$1:$C$1000,0),MATCH(\"38+\",'G&S'!$A$3:$K$3,0)))","v":-505},{"$f":"IF(ISNA(INDEX('G&S'!$A$1:$K$1000,MATCH($B42&$C42,'G&S'!$B$1:$B$1000&'G&S'!$C$1:$C$1000,0),MATCH(\"26-31\",'G&S'!$A$3:$K$3,0))),-4000,INDEX('G&S'!$A$1:$K$1000,MATCH($B42&$C42,'G&S'!$B$1:$B$1000&'G&S'!$C$1:$C$1000,0),MATCH(\"26-31\",'G&S'!$A$3:$K$3,0)))","v":-1290},{"$f":"IF(ISNA(INDEX('G&S'!$A$1:$K$1000,MATCH($B42&$C42,'G&S'!$B$1:$B$1000&'G&S'!$C$1:$C$1000,0),MATCH($L42,'G&S'!$A$3:$K$3,0))),-4000,INDEX('G&S'!$A$1:$K$1000,MATCH($B42&$C42,'G&S'!$B$1:$B$1000&'G&S'!$C$1:$C$1000,0),MATCH($L42,'G&S'!$A$3:$K$3,0)))","v":-505},{"$f":"IF(ISNA(INDEX('G&S'!$A$1:$K$1000,MATCH($B42&$C42,'G&S'!$B$1:$B$1000&'G&S'!$C$1:$C$1000,0),MATCH($L42,'G&S'!$A$3:$K$3,0))),-4000,INDEX('G&S'!$A$1:$K$1000,MATCH($B42&$C42,'G&S'!$B$1:$B$1000&'G&S'!$C$1:$C$1000,0),MATCH($L42,'G&S'!$A$3:$K$3,0)))","v":-505},null,0,{"$f":"IF(LEN(A42)=0,\"\",INDEX(Mic!$C$1:$C$20,MATCH($D42,Mic!$A$1:$A$20,1)))","v":0}]
[1969033,42,6,4.2,1.1399999999999999,30.4,83.1,null,null,null,null,{"$f":"IF(LEN(A43)=0,\"\",IF(LEN(E43)=0,\"HVI data needed\",INDEX('Staple Lookup'!$C$3:$C$100,MATCH(TRUE,'Staple Lookup'!$B$3:$B$100>=E43,0))))","v":37},null,{"$f":"IF(OR(LEN(B43)=0,LEN(C43)=0,LEN(D43)=0),\"\",IF(AND(RIGHT(B43,1)*1=1,C43=8),-2000,IF(L43>=38,AB43,IF(L43<=31,AC43,AE43))))","v":-505},{"$f":"IF(LEN(A43)=0,\"\",INDEX(Str!$C$1:$C$18,MATCH(F43,Str!$A$1:$A$18,1)))","v":15},0,0,{"$f":"IF(LEN(A43)=0,\"\",INDEX(Uni!$C$1:$C$20,MATCH($G43,Uni!$A$1:$A$20,1)))","v":10},null,-480,{"$f":"IF(LEN(A43)=0,\"\",IF(OR(LEN(B43)=0,LEN(C43)=0,LEN(D43)=0,LEN(E43)=0,LEN(F43)=0,LEN(G43)=0),\"no HVI data\",IF('Base Values'!$B$6+(SUM($N43:$R43)/100)<0,0,'Base Values'!$B$6+(SUM(N43:R43)/100))))","v":47.2},null,{"$f":"IF(LEN(A43)=0,\"\",IF(LEN(H43)=0,INDEX(Ext!$A$1:$G$5,MATCH(0,Ext!$A$1:$A$5,0),MATCH(H$7,Ext!$A$2:$E$2,0)),IF(AND(H43>=0,H43<3),INDEX(Ext!$A$1:$G$5,MATCH(H43,Ext!$A$1:$A$5,0),MATCH(H$7,Ext!$A$2:$E$2,0)),\"invalid entry\")))","v":0},{"$f":"IF(LEN(B43)=0,\"\",IF(LEN(I43)=0,INDEX(Ext!$A$1:$G$5,MATCH(0,Ext!$A$1:$A$5,0),MATCH(I$7,Ext!$A$2:$E$2,0)),IF(AND(I43>=0,I43<3),INDEX(Ext!$A$1:$G$5,MATCH(I43,Ext!$A$1:$A$5,0),MATCH(I$7,Ext!$A$2:$E$2,0)),\"invalid entry\")))","v":0},{"$f":"IF(LEN(C43)=0,\"\",IF(LEN(J43)=0,INDEX(Ext!$A$1:$G$5,MATCH(0,Ext!$A$1:$A$5,0),MATCH(J$7,Ext!$A$2:$E$2,0)),IF(AND(J43>=0,J43<3),INDEX(Ext!$A$1:$G$5,MATCH(J43,Ext!$A$1:$A$5,0),MATCH(J$7,Ext!$A$2:$E$2,0)),\"invalid entry\")))","v":0},{"$f":"IF(LEN(D43)=0,\"\",IF(LEN(K43)=0,INDEX(Ext!$A$1:$G$5,MATCH(0,Ext!$A$1:$A$5,0),MATCH(K$7,Ext!$A$2:$E$2,0)),IF(AND(K43>=0,K43<3),INDEX(Ext!$A$1:$G$5,MATCH(K43,Ext!$A$1:$A$5,0),MATCH(K$7,Ext!$A$2:$E$2,0)),\"invalid entry\")))","v":0},null,{"$f":"IF(ISNA(INDEX('G&S'!$A$1:$K$1000,MATCH($B43&$C43,'G&S'!$B$1:$B$1000&'G&S'!$C$1:$C$1000,0),MATCH(\"38+\",'G&S'!$A$3:$K$3,0))),-4000,INDEX('G&S'!$A$1:$K$1000,MATCH($B43&$C43,'G&S'!$B$1:$B$1000&'G&S'!$C$1:$C$1000,0),MATCH(\"38+\",'G&S'!$A$3:$K$3,0)))","v":-505},{"$f":"IF(ISNA(INDEX('G&S'!$A$1:$K$1000,MATCH($B43&$C43,'G&S'!$B$1:$B$1000&'G&S'!$C$1:$C$1000,0),MATCH(\"26-31\",'G&S'!$A$3:$K$3,0))),-4000,INDEX('G&S'!$A$1:$K$1000,MATCH($B43&$C43,'G&S'!$B$1:$B$1000&'G&S'!$C$1:$C$1000,0),MATCH(\"26-31\",'G&S'!$A$3:$K$3,0)))","v":-1290},{"$f":"IF(ISNA(INDEX('G&S'!$A$1:$K$1000,MATCH($B43&$C43,'G&S'!$B$1:$B$1000&'G&S'!$C$1:$C$1000,0),MATCH($L43,'G&S'!$A$3:$K$3,0))),-4000,INDEX('G&S'!$A$1:$K$1000,MATCH($B43&$C43,'G&S'!$B$1:$B$1000&'G&S'!$C$1:$C$1000,0),MATCH($L43,'G&S'!$A$3:$K$3,0)))","v":-505},{"$f":"IF(ISNA(INDEX('G&S'!$A$1:$K$1000,MATCH($B43&$C43,'G&S'!$B$1:$B$1000&'G&S'!$C$1:$C$1000,0),MATCH($L43,'G&S'!$A$3:$K$3,0))),-4000,INDEX('G&S'!$A$1:$K$1000,MATCH($B43&$C43,'G&S'!$B$1:$B$1000&'G&S'!$C$1:$C$1000,0),MATCH($L43,'G&S'!$A$3:$K$3,0)))","v":-505},null,0,{"$f":"IF(LEN(A43)=0,\"\",INDEX(Mic!$C$1:$C$20,MATCH($D43,Mic!$A$1:$A$20,1)))","v":5}]
[1969037,42,6,4.5999999999999996,1.22,32.700000000000003,83.9,null,null,null,null,{"$f":"IF(LEN(A44)=0,\"\",IF(LEN(E44)=0,\"HVI data needed\",INDEX('Staple Lookup'!$C$3:$C$100,MATCH(TRUE,'Staple Lookup'!$B$3:$B$100>=E44,0))))","v":39},null,{"$f":"IF(OR(LEN(B44)=0,LEN(C44)=0,LEN(D44)=0),\"\",IF(AND(RIGHT(B44,1)*1=1,C44=8),-2000,IF(L44>=38,AB44,IF(L44<=31,AC44,AE44))))","v":-505},{"$f":"IF(LEN(A44)=0,\"\",INDEX(Str!$C$1:$C$18,MATCH(F44,Str!$A$1:$A$18,1)))","v":30},0,0,{"$f":"IF(LEN(A44)=0,\"\",INDEX(Uni!$C$1:$C$20,MATCH($G44,Uni!$A$1:$A$20,1)))","v":10},null,-465,{"$f":"IF(LEN(A44)=0,\"\",IF(OR(LEN(B44)=0,LEN(C44)=0,LEN(D44)=0,LEN(E44)=0,LEN(F44)=0,LEN(G44)=0),\"no HVI data\",IF('Base Values'!$B$6+(SUM($N44:$R44)/100)<0,0,'Base Values'!$B$6+(SUM(N44:R44)/100))))","v":47.35},null,{"$f":"IF(LEN(A44)=0,\"\",IF(LEN(H44)=0,INDEX(Ext!$A$1:$G$5,MATCH(0,Ext!$A$1:$A$5,0),MATCH(H$7,Ext!$A$2:$E$2,0)),IF(AND(H44>=0,H44<3),INDEX(Ext!$A$1:$G$5,MATCH(H44,Ext!$A$1:$A$5,0),MATCH(H$7,Ext!$A$2:$E$2,0)),\"invalid entry\")))","v":0},{"$f":"IF(LEN(B44)=0,\"\",IF(LEN(I44)=0,INDEX(Ext!$A$1:$G$5,MATCH(0,Ext!$A$1:$A$5,0),MATCH(I$7,Ext!$A$2:$E$2,0)),IF(AND(I44>=0,I44<3),INDEX(Ext!$A$1:$G$5,MATCH(I44,Ext!$A$1:$A$5,0),MATCH(I$7,Ext!$A$2:$E$2,0)),\"invalid entry\")))","v":0},{"$f":"IF(LEN(C44)=0,\"\",IF(LEN(J44)=0,INDEX(Ext!$A$1:$G$5,MATCH(0,Ext!$A$1:$A$5,0),MATCH(J$7,Ext!$A$2:$E$2,0)),IF(AND(J44>=0,J44<3),INDEX(Ext!$A$1:$G$5,MATCH(J44,Ext!$A$1:$A$5,0),MATCH(J$7,Ext!$A$2:$E$2,0)),\"invalid entry\")))","v":0},{"$f":"IF(LEN(D44)=0,\"\",IF(LEN(K44)=0,INDEX(Ext!$A$1:$G$5,MATCH(0,Ext!$A$1:$A$5,0),MATCH(K$7,Ext!$A$2:$E$2,0)),IF(AND(K44>=0,K44<3),INDEX(Ext!$A$1:$G$5,MATCH(K44,Ext!$A$1:$A$5,0),MATCH(K$7,Ext!$A$2:$E$2,0)),\"invalid entry\")))","v":0},null,{"$f":"IF(ISNA(INDEX('G&S'!$A$1:$K$1000,MATCH($B44&$C44,'G&S'!$B$1:$B$1000&'G&S'!$C$1:$C$1000,0),MATCH(\"38+\",'G&S'!$A$3:$K$3,0))),-4000,INDEX('G&S'!$A$1:$K$1000,MATCH($B44&$C44,'G&S'!$B$1:$B$1000&'G&S'!$C$1:$C$1000,0),MATCH(\"38+\",'G&S'!$A$3:$K$3,0)))","v":-505},{"$f":"IF(ISNA(INDEX('G&S'!$A$1:$K$1000,MATCH($B44&$C44,'G&S'!$B$1:$B$1000&'G&S'!$C$1:$C$1000,0),MATCH(\"26-31\",'G&S'!$A$3:$K$3,0))),-4000,INDEX('G&S'!$A$1:$K$1000,MATCH($B44&$C44,'G&S'!$B$1:$B$1000&'G&S'!$C$1:$C$1000,0),MATCH(\"26-31\",'G&S'!$A$3:$K$3,0)))","v":-1290},{"$f":"IF(ISNA(INDEX('G&S'!$A$1:$K$1000,MATCH($B44&$C44,'G&S'!$B$1:$B$1000&'G&S'!$C$1:$C$1000,0),MATCH($L44,'G&S'!$A$3:$K$3,0))),-4000,INDEX('G&S'!$A$1:$K$1000,MATCH($B44&$C44,'G&S'!$B$1:$B$1000&'G&S'!$C$1:$C$1000,0),MATCH($L44,'G&S'!$A$3:$K$3,0)))","v":-4000},{"$f":"IF(ISNA(INDEX('G&S'!$A$1:$K$1000,MATCH($B44&$C44,'G&S'!$B$1:$B$1000&'G&S'!$C$1:$C$1000,0),MATCH($L44,'G&S'!$A$3:$K$3,0))),-4000,INDEX('G&S'!$A$1:$K$1000,MATCH($B44&$C44,'G&S'!$B$1:$B$1000&'G&S'!$C$1:$C$1000,0),MATCH($L44,'G&S'!$A$3:$K$3,0)))","v":-4000},null,0,{"$f":"IF(LEN(A44)=0,\"\",INDEX(Mic!$C$1:$C$20,MATCH($D44,Mic!$A$1:$A$20,1)))","v":0}]
[1969040,42,4,4.5999999999999996,1.1499999999999999,30.3,82.5,null,null,null,null,{"$f":"IF(LEN(A45)=0,\"\",IF(LEN(E45)=0,\"HVI data needed\",INDEX('Staple Lookup'!$C$3:$C$100,MATCH(TRUE,'Staple Lookup'!$B$3:$B$100>=E45,0))))","v":37},null,{"$f":"IF(OR(LEN(B45)=0,LEN(C45)=0,LEN(D45)=0),\"\",IF(AND(RIGHT(B45,1)*1=1,C45=8),-2000,IF(L45>=38,AB45,IF(L45<=31,AC45,AE45))))","v":-185},{"$f":"IF(LEN(A45)=0,\"\",INDEX(Str!$C$1:$C$18,MATCH(F45,Str!$A$1:$A$18,1)))","v":15},0,0,{"$f":"IF(LEN(A45)=0,\"\",INDEX(Uni!$C$1:$C$20,MATCH($G45,Uni!$A$1:$A$20,1)))","v":5},null,-165,{"$f":"IF(LEN(A45)=0,\"\",IF(OR(LEN(B45)=0,LEN(C45)=0,LEN(D45)=0,LEN(E45)=0,LEN(F45)=0,LEN(G45)=0),\"no HVI data\",IF('Base Values'!$B$6+(SUM($N45:$R45)/100)<0,0,'Base Values'!$B$6+(SUM(N45:R45)/100))))","v":50.35},null,{"$f":"IF(LEN(A45)=0,\"\",IF(LEN(H45)=0,INDEX(Ext!$A$1:$G$5,MATCH(0,Ext!$A$1:$A$5,0),MATCH(H$7,Ext!$A$2:$E$2,0)),IF(AND(H45>=0,H45<3),INDEX(Ext!$A$1:$G$5,MATCH(H45,Ext!$A$1:$A$5,0),MATCH(H$7,Ext!$A$2:$E$2,0)),\"invalid entry\")))","v":0},{"$f":"IF(LEN(B45)=0,\"\",IF(LEN(I45)=0,INDEX(Ext!$A$1:$G$5,MATCH(0,Ext!$A$1:$A$5,0),MATCH(I$7,Ext!$A$2:$E$2,0)),IF(AND(I45>=0,I45<3),INDEX(Ext!$A$1:$G$5,MATCH(I45,Ext!$A$1:$A$5,0),MATCH(I$7,Ext!$A$2:$E$2,0)),\"invalid entry\")))","v":0},{"$f":"IF(LEN(C45)=0,\"\",IF(LEN(J45)=0,INDEX(Ext!$A$1:$G$5,MATCH(0,Ext!$A$1:$A$5,0),MATCH(J$7,Ext!$A$2:$E$2,0)),IF(AND(J45>=0,J45<3),INDEX(Ext!$A$1:$G$5,MATCH(J45,Ext!$A$1:$A$5,0),MATCH(J$7,Ext!$A$2:$E$2,0)),\"invalid entry\")))","v":0},{"$f":"IF(LEN(D45)=0,\"\",IF(LEN(K45)=0,INDEX(Ext!$A$1:$G$5,MATCH(0,Ext!$A$1:$A$5,0),MATCH(K$7,Ext!$A$2:$E$2,0)),IF(AND(K45>=0,K45<3),INDEX(Ext!$A$1:$G$5,MATCH(K45,Ext!$A$1:$A$5,0),MATCH(K$7,Ext!$A$2:$E$2,0)),\"invalid entry\")))","v":0},null,{"$f":"IF(ISNA(INDEX('G&S'!$A$1:$K$1000,MATCH($B45&$C45,'G&S'!$B$1:$B$1000&'G&S'!$C$1:$C$1000,0),MATCH(\"38+\",'G&S'!$A$3:$K$3,0))),-4000,INDEX('G&S'!$A$1:$K$1000,MATCH($B45&$C45,'G&S'!$B$1:$B$1000&'G&S'!$C$1:$C$1000,0),MATCH(\"38+\",'G&S'!$A$3:$K$3,0)))","v":-185},{"$f":"IF(ISNA(INDEX('G&S'!$A$1:$K$1000,MATCH($B45&$C45,'G&S'!$B$1:$B$1000&'G&S'!$C$1:$C$1000,0),MATCH(\"26-31\",'G&S'!$A$3:$K$3,0))),-4000,INDEX('G&S'!$A$1:$K$1000,MATCH($B45&$C45,'G&S'!$B$1:$B$1000&'G&S'!$C$1:$C$1000,0),MATCH(\"26-31\",'G&S'!$A$3:$K$3,0)))","v":-965},{"$f":"IF(ISNA(INDEX('G&S'!$A$1:$K$1000,MATCH($B45&$C45,'G&S'!$B$1:$B$1000&'G&S'!$C$1:$C$1000,0),MATCH($L45,'G&S'!$A$3:$K$3,0))),-4000,INDEX('G&S'!$A$1:$K$1000,MATCH($B45&$C45,'G&S'!$B$1:$B$1000&'G&S'!$C$1:$C$1000,0),MATCH($L45,'G&S'!$A$3:$K$3,0)))","v":-185},{"$f":"IF(ISNA(INDEX('G&S'!$A$1:$K$1000,MATCH($B45&$C45,'G&S'!$B$1:$B$1000&'G&S'!$C$1:$C$1000,0),MATCH($L45,'G&S'!$A$3:$K$3,0))),-4000,INDEX('G&S'!$A$1:$K$1000,MATCH($B45&$C45,'G&S'!$B$1:$B$1000&'G&S'!$C$1:$C$1000,0),MATCH($L45,'G&S'!$A$3:$K$3,0)))","v":-185},null,1,{"$f":"IF(LEN(A45)=0,\"\",INDEX(Mic!$C$1:$C$20,MATCH($D45,Mic!$A$1:$A$20,1)))","v":0}]
[1969041,52,5,4.5,1.17,29.5,80.400000000000006,null,null,null,null,{"$f":"IF(LEN(A46)=0,\"\",IF(LEN(E46)=0,\"HVI data needed\",INDEX('Staple Lookup'!$C$3:$C$100,MATCH(TRUE,'Staple Lookup'!$B$3:$B$100>=E46,0))))","v":37},null,{"$f":"IF(OR(LEN(B46)=0,LEN(C46)=0,LEN(D46)=0),\"\",IF(AND(RIGHT(B46,1)*1=1,C46=8),-2000,IF(L46>=38,AB46,IF(L46<=31,AC46,AE46))))","v":-540},{"$f":"IF(LEN(A46)=0,\"\",INDEX(Str!$C$1:$C$18,MATCH(F46,Str!$A$1:$A$18,1)))","v":5},0,0,{"$f":"IF(LEN(A46)=0,\"\",INDEX(Uni!$C$1:$C$20,MATCH($G46,Uni!$A$1:$A$20,1)))","v":0},null,-535,{"$f":"IF(LEN(A46)=0,\"\",IF(OR(LEN(B46)=0,LEN(C46)=0,LEN(D46)=0,LEN(E46)=0,LEN(F46)=0,LEN(G46)=0),\"no HVI data\",IF('Base Values'!$B$6+(SUM($N46:$R46)/100)<0,0,'Base Values'!$B$6+(SUM(N46:R46)/100))))","v":46.65},null,{"$f":"IF(LEN(A46)=0,\"\",IF(LEN(H46)=0,INDEX(Ext!$A$1:$G$5,MATCH(0,Ext!$A$1:$A$5,0),MATCH(H$7,Ext!$A$2:$E$2,0)),IF(AND(H46>=0,H46<3),INDEX(Ext!$A$1:$G$5,MATCH(H46,Ext!$A$1:$A$5,0),MATCH(H$7,Ext!$A$2:$E$2,0)),\"invalid entry\")))","v":0},{"$f":"IF(LEN(B46)=0,\"\",IF(LEN(I46)=0,INDEX(Ext!$A$1:$G$5,MATCH(0,Ext!$A$1:$A$5,0),MATCH(I$7,Ext!$A$2:$E$2,0)),IF(AND(I46>=0,I46<3),INDEX(Ext!$A$1:$G$5,MATCH(I46,Ext!$A$1:$A$5,0),MATCH(I$7,Ext!$A$2:$E$2,0)),\"invalid entry\")))","v":0},{"$f":"IF(LEN(C46)=0,\"\",IF(LEN(J46)=0,INDEX(Ext!$A$1:$G$5,MATCH(0,Ext!$A$1:$A$5,0),MATCH(J$7,Ext!$A$2:$E$2,0)),IF(AND(J46>=0,J46<3),INDEX(Ext!$A$1:$G$5,MATCH(J46,Ext!$A$1:$A$5,0),MATCH(J$7,Ext!$A$2:$E$2,0)),\"invalid entry\")))","v":0},{"$f":"IF(LEN(D46)=0,\"\",IF(LEN(K46)=0,INDEX(Ext!$A$1:$G$5,MATCH(0,Ext!$A$1:$A$5,0),MATCH(K$7,Ext!$A$2:$E$2,0)),IF(AND(K46>=0,K46<3),INDEX(Ext!$A$1:$G$5,MATCH(K46,Ext!$A$1:$A$5,0),MATCH(K$7,Ext!$A$2:$E$2,0)),\"invalid entry\")))","v":0},null,{"$f":"IF(ISNA(INDEX('G&S'!$A$1:$K$1000,MATCH($B46&$C46,'G&S'!$B$1:$B$1000&'G&S'!$C$1:$C$1000,0),MATCH(\"38+\",'G&S'!$A$3:$K$3,0))),-4000,INDEX('G&S'!$A$1:$K$1000,MATCH($B46&$C46,'G&S'!$B$1:$B$1000&'G&S'!$C$1:$C$1000,0),MATCH(\"38+\",'G&S'!$A$3:$K$3,0)))","v":-540},{"$f":"IF(ISNA(INDEX('G&S'!$A$1:$K$1000,MATCH($B46&$C46,'G&S'!$B$1:$B$1000&'G&S'!$C$1:$C$1000,0),MATCH(\"26-31\",'G&S'!$A$3:$K$3,0))),-4000,INDEX('G&S'!$A$1:$K$1000,MATCH($B46&$C46,'G&S'!$B$1:$B$1000&'G&S'!$C$1:$C$1000,0),MATCH(\"26-31\",'G&S'!$A$3:$K$3,0)))","v":-1215},{"$f":"IF(ISNA(INDEX('G&S'!$A$1:$K$1000,MATCH($B46&$C46,'G&S'!$B$1:$B$1000&'G&S'!$C$1:$C$1000,0),MATCH($L46,'G&S'!$A$3:$K$3,0))),-4000,INDEX('G&S'!$A$1:$K$1000,MATCH($B46&$C46,'G&S'!$B$1:$B$1000&'G&S'!$C$1:$C$1000,0),MATCH($L46,'G&S'!$A$3:$K$3,0)))","v":-540},{"$f":"IF(ISNA(INDEX('G&S'!$A$1:$K$1000,MATCH($B46&$C46,'G&S'!$B$1:$B$1000&'G&S'!$C$1:$C$1000,0),MATCH($L46,'G&S'!$A$3:$K$3,0))),-4000,INDEX('G&S'!$A$1:$K$1000,MATCH($B46&$C46,'G&S'!$B$1:$B$1000&'G&S'!$C$1:$C$1000,0),MATCH($L46,'G&S'!$A$3:$K$3,0)))","v":-540},null,0,{"$f":"IF(LEN(A46)=0,\"\",INDEX(Mic!$C$1:$C$20,MATCH($D46,Mic!$A$1:$A$20,1)))","v":0}]
[1969046,52,5,4.5,1.1299999999999999,29.4,83.7,null,null,null,null,{"$f":"IF(LEN(A47)=0,\"\",IF(LEN(E47)=0,\"HVI data needed\",INDEX('Staple Lookup'!$C$3:$C$100,MATCH(TRUE,'Staple Lookup'!$B$3:$B$100>=E47,0))))","v":36},null,{"$f":"IF(OR(LEN(B47)=0,LEN(C47)=0,LEN(D47)=0),\"\",IF(AND(RIGHT(B47,1)*1=1,C47=8),-2000,IF(L47>=38,AB47,IF(L47<=31,AC47,AE47))))","v":-565},{"$f":"IF(LEN(A47)=0,\"\",INDEX(Str!$C$1:$C$18,MATCH(F47,Str!$A$1:$A$18,1)))","v":5},0,0,{"$f":"IF(LEN(A47)=0,\"\",INDEX(Uni!$C$1:$C$20,MATCH($G47,Uni!$A$1:$A$20,1)))","v":10},null,-550,{"$f":"IF(LEN(A47)=0,\"\",IF(OR(LEN(B47)=0,LEN(C47)=0,LEN(D47)=0,LEN(E47)=0,LEN(F47)=0,LEN(G47)=0),\"no HVI data\",IF('Base Values'!$B$6+(SUM($N47:$R47)/100)<0,0,'Base Values'!$B$6+(SUM(N47:R47)/100))))","v":46.5},null,{"$f":"IF(LEN(A47)=0,\"\",IF(LEN(H47)=0,INDEX(Ext!$A$1:$G$5,MATCH(0,Ext!$A$1:$A$5,0),MATCH(H$7,Ext!$A$2:$E$2,0)),IF(AND(H47>=0,H47<3),INDEX(Ext!$A$1:$G$5,MATCH(H47,Ext!$A$1:$A$5,0),MATCH(H$7,Ext!$A$2:$E$2,0)),\"invalid entry\")))","v":0},{"$f":"IF(LEN(B47)=0,\"\",IF(LEN(I47)=0,INDEX(Ext!$A$1:$G$5,MATCH(0,Ext!$A$1:$A$5,0),MATCH(I$7,Ext!$A$2:$E$2,0)),IF(AND(I47>=0,I47<3),INDEX(Ext!$A$1:$G$5,MATCH(I47,Ext!$A$1:$A$5,0),MATCH(I$7,Ext!$A$2:$E$2,0)),\"invalid entry\")))","v":0},{"$f":"IF(LEN(C47)=0,\"\",IF(LEN(J47)=0,INDEX(Ext!$A$1:$G$5,MATCH(0,Ext!$A$1:$A$5,0),MATCH(J$7,Ext!$A$2:$E$2,0)),IF(AND(J47>=0,J47<3),INDEX(Ext!$A$1:$G$5,MATCH(J47,Ext!$A$1:$A$5,0),MATCH(J$7,Ext!$A$2:$E$2,0)),\"invalid entry\")))","v":0},{"$f":"IF(LEN(D47)=0,\"\",IF(LEN(K47)=0,INDEX(Ext!$A$1:$G$5,MATCH(0,Ext!$A$1:$A$5,0),MATCH(K$7,Ext!$A$2:$E$2,0)),IF(AND(K47>=0,K47<3),INDEX(Ext!$A$1:$G$5,MATCH(K47,Ext!$A$1:$A$5,0),MATCH(K$7,Ext!$A$2:$E$2,0)),\"invalid entry\")))","v":0},null,{"$f":"IF(ISNA(INDEX('G&S'!$A$1:$K$1000,MATCH($B47&$C47,'G&S'!$B$1:$B$1000&'G&S'!$C$1:$C$1000,0),MATCH(\"38+\",'G&S'!$A$3:$K$3,0))),-4000,INDEX('G&S'!$A$1:$K$1000,MATCH($B47&$C47,'G&S'!$B$1:$B$1000&'G&S'!$C$1:$C$1000,0),MATCH(\"38+\",'G&S'!$A$3:$K$3,0)))","v":-540},{"$f":"IF(ISNA(INDEX('G&S'!$A$1:$K$1000,MATCH($B47&$C47,'G&S'!$B$1:$B$1000&'G&S'!$C$1:$C$1000,0),MATCH(\"26-31\",'G&S'!$A$3:$K$3,0))),-4000,INDEX('G&S'!$A$1:$K$1000,MATCH($B47&$C47,'G&S'!$B$1:$B$1000&'G&S'!$C$1:$C$1000,0),MATCH(\"26-31\",'G&S'!$A$3:$K$3,0)))","v":-1215},{"$f":"IF(ISNA(INDEX('G&S'!$A$1:$K$1000,MATCH($B47&$C47,'G&S'!$B$1:$B$1000&'G&S'!$C$1:$C$1000,0),MATCH($L47,'G&S'!$A$3:$K$3,0))),-4000,INDEX('G&S'!$A$1:$K$1000,MATCH($B47&$C47,'G&S'!$B$1:$B$1000&'G&S'!$C$1:$C$1000,0),MATCH($L47,'G&S'!$A$3:$K$3,0)))","v":-565},{"$f":"IF(ISNA(INDEX('G&S'!$A$1:$K$1000,MATCH($B47&$C47,'G&S'!$B$1:$B$1000&'G&S'!$C$1:$C$1000,0),MATCH($L47,'G&S'!$A$3:$K$3,0))),-4000,INDEX('G&S'!$A$1:$K$1000,MATCH($B47&$C47,'G&S'!$B$1:$B$1000&'G&S'!$C$1:$C$1000,0),MATCH($L47,'G&S'!$A$3:$K$3,0)))","v":-565},null,0,{"$f":"IF(LEN(A47)=0,\"\",INDEX(Mic!$C$1:$C$20,MATCH($D47,Mic!$A$1:$A$20,1)))","v":0}]
[1969053,42,5,3.9,1.19,29.8,82.5,null,null,null,null,{"$f":"IF(LEN(A48)=0,\"\",IF(LEN(E48)=0,\"HVI data needed\",INDEX('Staple Lookup'!$C$3:$C$100,MATCH(TRUE,'Staple Lookup'!$B$3:$B$100>=E48,0))))","v":38},null,{"$f":"IF(OR(LEN(B48)=0,LEN(C48)=0,LEN(D48)=0),\"\",IF(AND(RIGHT(B48,1)*1=1,C48=8),-2000,IF(L48>=38,AB48,IF(L48<=31,AC48,AE48))))","v":-315},{"$f":"IF(LEN(A48)=0,\"\",INDEX(Str!$C$1:$C$18,MATCH(F48,Str!$A$1:$A$18,1)))","v":5},0,0,{"$f":"IF(LEN(A48)=0,\"\",INDEX(Uni!$C$1:$C$20,MATCH($G48,Uni!$A$1:$A$20,1)))","v":5},null,-305,{"$f":"IF(LEN(A48)=0,\"\",IF(OR(LEN(B48)=0,LEN(C48)=0,LEN(D48)=0,LEN(E48)=0,LEN(F48)=0,LEN(G48)=0),\"no HVI data\",IF('Base Values'!$B$6+(SUM($N48:$R48)/100)<0,0,'Base Values'!$B$6+(SUM(N48:R48)/100))))","v":48.95},null,{"$f":"IF(LEN(A48)=0,\"\",IF(LEN(H48)=0,INDEX(Ext!$A$1:$G$5,MATCH(0,Ext!$A$1:$A$5,0),MATCH(H$7,Ext!$A$2:$E$2,0)),IF(AND(H48>=0,H48<3),INDEX(Ext!$A$1:$G$5,MATCH(H48,Ext!$A$1:$A$5,0),MATCH(H$7,Ext!$A$2:$E$2,0)),\"invalid entry\")))","v":0},{"$f":"IF(LEN(B48)=0,\"\",IF(LEN(I48)=0,INDEX(Ext!$A$1:$G$5,MATCH(0,Ext!$A$1:$A$5,0),MATCH(I$7,Ext!$A$2:$E$2,0)),IF(AND(I48>=0,I48<3),INDEX(Ext!$A$1:$G$5,MATCH(I48,Ext!$A$1:$A$5,0),MATCH(I$7,Ext!$A$2:$E$2,0)),\"invalid entry\")))","v":0},{"$f":"IF(LEN(C48)=0,\"\",IF(LEN(J48)=0,INDEX(Ext!$A$1:$G$5,MATCH(0,Ext!$A$1:$A$5,0),MATCH(J$7,Ext!$A$2:$E$2,0)),IF(AND(J48>=0,J48<3),INDEX(Ext!$A$1:$G$5,MATCH(J48,Ext!$A$1:$A$5,0),MATCH(J$7,Ext!$A$2:$E$2,0)),\"invalid entry\")))","v":0},{"$f":"IF(LEN(D48)=0,\"\",IF(LEN(K48)=0,INDEX(Ext!$A$1:$G$5,MATCH(0,Ext!$A$1:$A$5,0),MATCH(K$7,Ext!$A$2:$E$2,0)),IF(AND(K48>=0,K48<3),INDEX(Ext!$A$1:$G$5,MATCH(K48,Ext!$A$1:$A$5,0),MATCH(K$7,Ext!$A$2:$E$2,0)),\"invalid entry\")))","v":0},null,{"$f":"IF(ISNA(INDEX('G&S'!$A$1:$K$1000,MATCH($B48&$C48,'G&S'!$B$1:$B$1000&'G&S'!$C$1:$C$1000,0),MATCH(\"38+\",'G&S'!$A$3:$K$3,0))),-4000,INDEX('G&S'!$A$1:$K$1000,MATCH($B48&$C48,'G&S'!$B$1:$B$1000&'G&S'!$C$1:$C$1000,0),MATCH(\"38+\",'G&S'!$A$3:$K$3,0)))","v":-315},{"$f":"IF(ISNA(INDEX('G&S'!$A$1:$K$1000,MATCH($B48&$C48,'G&S'!$B$1:$B$1000&'G&S'!$C$1:$C$1000,0),MATCH(\"26-31\",'G&S'!$A$3:$K$3,0))),-4000,INDEX('G&S'!$A$1:$K$1000,MATCH($B48&$C48,'G&S'!$B$1:$B$1000&'G&S'!$C$1:$C$1000,0),MATCH(\"26-31\",'G&S'!$A$3:$K$3,0)))","v":-1080},{"$f":"IF(ISNA(INDEX('G&S'!$A$1:$K$1000,MATCH($B48&$C48,'G&S'!$B$1:$B$1000&'G&S'!$C$1:$C$1000,0),MATCH($L48,'G&S'!$A$3:$K$3,0))),-4000,INDEX('G&S'!$A$1:$K$1000,MATCH($B48&$C48,'G&S'!$B$1:$B$1000&'G&S'!$C$1:$C$1000,0),MATCH($L48,'G&S'!$A$3:$K$3,0)))","v":-4000},{"$f":"IF(ISNA(INDEX('G&S'!$A$1:$K$1000,MATCH($B48&$C48,'G&S'!$B$1:$B$1000&'G&S'!$C$1:$C$1000,0),MATCH($L48,'G&S'!$A$3:$K$3,0))),-4000,INDEX('G&S'!$A$1:$K$1000,MATCH($B48&$C48,'G&S'!$B$1:$B$1000&'G&S'!$C$1:$C$1000,0),MATCH($L48,'G&S'!$A$3:$K$3,0)))","v":-4000},null,0,{"$f":"IF(LEN(A48)=0,\"\",INDEX(Mic!$C$1:$C$20,MATCH($D48,Mic!$A$1:$A$20,1)))","v":5}]
[1969056,41,3,4.5999999999999996,1.21,29,84.6,null,null,null,null,{"$f":"IF(LEN(A49)=0,\"\",IF(LEN(E49)=0,\"HVI data needed\",INDEX('Staple Lookup'!$C$3:$C$100,MATCH(TRUE,'Staple Lookup'!$B$3:$B$100>=E49,0))))","v":39},null,{"$f":"IF(OR(LEN(B49)=0,LEN(C49)=0,LEN(D49)=0),\"\",IF(AND(RIGHT(B49,1)*1=1,C49=8),-2000,IF(L49>=38,AB49,IF(L49<=31,AC49,AE49))))","v":215},{"$f":"IF(LEN(A49)=0,\"\",INDEX(Str!$C$1:$C$18,MATCH(F49,Str!$A$1:$A$18,1)))","v":5},0,0,{"$f":"IF(LEN(A49)=0,\"\",INDEX(Uni!$C$1:$C$20,MATCH($G49,Uni!$A$1:$A$20,1)))","v":15},null,235,{"$f":"IF(LEN(A49)=0,\"\",IF(OR(LEN(B49)=0,LEN(C49)=0,LEN(D49)=0,LEN(E49)=0,LEN(F49)=0,LEN(G49)=0),\"no HVI data\",IF('Base Values'!$B$6+(SUM($N49:$R49)/100)<0,0,'Base Values'!$B$6+(SUM(N49:R49)/100))))","v":54.35},null,{"$f":"IF(LEN(A49)=0,\"\",IF(LEN(H49)=0,INDEX(Ext!$A$1:$G$5,MATCH(0,Ext!$A$1:$A$5,0),MATCH(H$7,Ext!$A$2:$E$2,0)),IF(AND(H49>=0,H49<3),INDEX(Ext!$A$1:$G$5,MATCH(H49,Ext!$A$1:$A$5,0),MATCH(H$7,Ext!$A$2:$E$2,0)),\"invalid entry\")))","v":0},{"$f":"IF(LEN(B49)=0,\"\",IF(LEN(I49)=0,INDEX(Ext!$A$1:$G$5,MATCH(0,Ext!$A$1:$A$5,0),MATCH(I$7,Ext!$A$2:$E$2,0)),IF(AND(I49>=0,I49<3),INDEX(Ext!$A$1:$G$5,MATCH(I49,Ext!$A$1:$A$5,0),MATCH(I$7,Ext!$A$2:$E$2,0)),\"invalid entry\")))","v":0},{"$f":"IF(LEN(C49)=0,\"\",IF(LEN(J49)=0,INDEX(Ext!$A$1:$G$5,MATCH(0,Ext!$A$1:$A$5,0),MATCH(J$7,Ext!$A$2:$E$2,0)),IF(AND(J49>=0,J49<3),INDEX(Ext!$A$1:$G$5,MATCH(J49,Ext!$A$1:$A$5,0),MATCH(J$7,Ext!$A$2:$E$2,0)),\"invalid entry\")))","v":0},{"$f":"IF(LEN(D49)=0,\"\",IF(LEN(K49)=0,INDEX(Ext!$A$1:$G$5,MATCH(0,Ext!$A$1:$A$5,0),MATCH(K$7,Ext!$A$2:$E$2,0)),IF(AND(K49>=0,K49<3),INDEX(Ext!$A$1:$G$5,MATCH(K49,Ext!$A$1:$A$5,0),MATCH(K$7,Ext!$A$2:$E$2,0)),\"invalid entry\")))","v":0},null,{"$f":"IF(ISNA(INDEX('G&S'!$A$1:$K$1000,MATCH($B49&$C49,'G&S'!$B$1:$B$1000&'G&S'!$C$1:$C$1000,0),MATCH(\"38+\",'G&S'!$A$3:$K$3,0))),-4000,INDEX('G&S'!$A$1:$K$1000,MATCH($B49&$C49,'G&S'!$B$1:$B$1000&'G&S'!$C$1:$C$1000,0),MATCH(\"38+\",'G&S'!$A$3:$K$3,0)))","v":215},{"$f":"IF(ISNA(INDEX('G&S'!$A$1:$K$1000,MATCH($B49&$C49,'G&S'!$B$1:$B$1000&'G&S'!$C$1:$C$1000,0),MATCH(\"26-31\",'G&S'!$A$3:$K$3,0))),-4000,INDEX('G&S'!$A$1:$K$1000,MATCH($B49&$C49,'G&S'!$B$1:$B$1000&'G&S'!$C$1:$C$1000,0),MATCH(\"26-31\",'G&S'!$A$3:$K$3,0)))","v":-640},{"$f":"IF(ISNA(INDEX('G&S'!$A$1:$K$1000,MATCH($B49&$C49,'G&S'!$B$1:$B$1000&'G&S'!$C$1:$C$1000,0),MATCH($L49,'G&S'!$A$3:$K$3,0))),-4000,INDEX('G&S'!$A$1:$K$1000,MATCH($B49&$C49,'G&S'!$B$1:$B$1000&'G&S'!$C$1:$C$1000,0),MATCH($L49,'G&S'!$A$3:$K$3,0)))","v":-4000},{"$f":"IF(ISNA(INDEX('G&S'!$A$1:$K$1000,MATCH($B49&$C49,'G&S'!$B$1:$B$1000&'G&S'!$C$1:$C$1000,0),MATCH($L49,'G&S'!$A$3:$K$3,0))),-4000,INDEX('G&S'!$A$1:$K$1000,MATCH($B49&$C49,'G&S'!$B$1:$B$1000&'G&S'!$C$1:$C$1000,0),MATCH($L49,'G&S'!$A$3:$K$3,0)))","v":-4000},null,1,{"$f":"IF(LEN(A49)=0,\"\",INDEX(Mic!$C$1:$C$20,MATCH($D49,Mic!$A$1:$A$20,1)))","v":0}]
[1969059,52,6,4.0999999999999996,1.2,28.5,82.3,null,null,null,null,{"$f":"IF(LEN(A50)=0,\"\",IF(LEN(E50)=0,\"HVI data needed\",INDEX('Staple Lookup'!$C$3:$C$100,MATCH(TRUE,'Staple Lookup'!$B$3:$B$100>=E50,0))))","v":38},null,{"$f":"IF(OR(LEN(B50)=0,LEN(C50)=0,LEN(D50)=0),\"\",IF(AND(RIGHT(B50,1)*1=1,C50=8),-2000,IF(L50>=38,AB50,IF(L50<=31,AC50,AE50))))","v":-700},{"$f":"IF(LEN(A50)=0,\"\",INDEX(Str!$C$1:$C$18,MATCH(F50,Str!$A$1:$A$18,1)))","v":0},0,0,{"$f":"IF(LEN(A50)=0,\"\",INDEX(Uni!$C$1:$C$20,MATCH($G50,Uni!$A$1:$A$20,1)))","v":5},null,-695,{"$f":"IF(LEN(A50)=0,\"\",IF(OR(LEN(B50)=0,LEN(C50)=0,LEN(D50)=0,LEN(E50)=0,LEN(F50)=0,LEN(G50)=0),\"no HVI data\",IF('Base Values'!$B$6+(SUM($N50:$R50)/100)<0,0,'Base Values'!$B$6+(SUM(N50:R50)/100))))","v":45.05},null,{"$f":"IF(LEN(A50)=0,\"\",IF(LEN(H50)=0,INDEX(Ext!$A$1:$G$5,MATCH(0,Ext!$A$1:$A$5,0),MATCH(H$7,Ext!$A$2:$E$2,0)),IF(AND(H50>=0,H50<3),INDEX(Ext!$A$1:$G$5,MATCH(H50,Ext!$A$1:$A$5,0),MATCH(H$7,Ext!$A$2:$E$2,0)),\"invalid entry\")))","v":0},{"$f":"IF(LEN(B50)=0,\"\",IF(LEN(I50)=0,INDEX(Ext!$A$1:$G$5,MATCH(0,Ext!$A$1:$A$5,0),MATCH(I$7,Ext!$A$2:$E$2,0)),IF(AND(I50>=0,I50<3),INDEX(Ext!$A$1:$G$5,MATCH(I50,Ext!$A$1:$A$5,0),MATCH(I$7,Ext!$A$2:$E$2,0)),\"invalid entry\")))","v":0},{"$f":"IF(LEN(C50)=0,\"\",IF(LEN(J50)=0,INDEX(Ext!$A$1:$G$5,MATCH(0,Ext!$A$1:$A$5,0),MATCH(J$7,Ext!$A$2:$E$2,0)),IF(AND(J50>=0,J50<3),INDEX(Ext!$A$1:$G$5,MATCH(J50,Ext!$A$1:$A$5,0),MATCH(J$7,Ext!$A$2:$E$2,0)),\"invalid entry\")))","v":0},{"$f":"IF(LEN(D50)=0,\"\",IF(LEN(K50)=0,INDEX(Ext!$A$1:$G$5,MATCH(0,Ext!$A$1:$A$5,0),MATCH(K$7,Ext!$A$2:$E$2,0)),IF(AND(K50>=0,K50<3),INDEX(Ext!$A$1:$G$5,MATCH(K50,Ext!$A$1:$A$5,0),MATCH(K$7,Ext!$A$2:$E$2,0)),\"invalid entry\")))","v":0},null,{"$f":"IF(ISNA(INDEX('G&S'!$A$1:$K$1000,MATCH($B50&$C50,'G&S'!$B$1:$B$1000&'G&S'!$C$1:$C$1000,0),MATCH(\"38+\",'G&S'!$A$3:$K$3,0))),-4000,INDEX('G&S'!$A$1:$K$1000,MATCH($B50&$C50,'G&S'!$B$1:$B$1000&'G&S'!$C$1:$C$1000,0),MATCH(\"38+\",'G&S'!$A$3:$K$3,0)))","v":-700},{"$f":"IF(ISNA(INDEX('G&S'!$A$1:$K$1000,MATCH($B50&$C50,'G&S'!$B$1:$B$1000&'G&S'!$C$1:$C$1000,0),MATCH(\"26-31\",'G&S'!$A$3:$K$3,0))),-4000,INDEX('G&S'!$A$1:$K$1000,MATCH($B50&$C50,'G&S'!$B$1:$B$1000&'G&S'!$C$1:$C$1000,0),MATCH(\"26-31\",'G&S'!$A$3:$K$3,0)))","v":-1425},{"$f":"IF(ISNA(INDEX('G&S'!$A$1:$K$1000,MATCH($B50&$C50,'G&S'!$B$1:$B$1000&'G&S'!$C$1:$C$1000,0),MATCH($L50,'G&S'!$A$3:$K$3,0))),-4000,INDEX('G&S'!$A$1:$K$1000,MATCH($B50&$C50,'G&S'!$B$1:$B$1000&'G&S'!$C$1:$C$1000,0),MATCH($L50,'G&S'!$A$3:$K$3,0)))","v":-4000},{"$f":"IF(ISNA(INDEX('G&S'!$A$1:$K$1000,MATCH($B50&$C50,'G&S'!$B$1:$B$1000&'G&S'!$C$1:$C$1000,0),MATCH($L50,'G&S'!$A$3:$K$3,0))),-4000,INDEX('G&S'!$A$1:$K$1000,MATCH($B50&$C50,'G&S'!$B$1:$B$1000&'G&S'!$C$1:$C$1000,0),MATCH($L50,'G&S'!$A$3:$K$3,0)))","v":-4000},null,0,{"$f":"IF(LEN(A50)=0,\"\",INDEX(Mic!$C$1:$C$20,MATCH($D50,Mic!$A$1:$A$20,1)))","v":5}]
[7101001,42,4,4.5999999999999996,1.19,30.6,84,null,null,null,null,{"$f":"IF(LEN(A51)=0,\"\",IF(LEN(E51)=0,\"HVI data needed\",INDEX('Staple Lookup'!$C$3:$C$100,MATCH(TRUE,'Staple Lookup'!$B$3:$B$100>=E51,0))))","v":38},null,{"$f":"IF(OR(LEN(B51)=0,LEN(C51)=0,LEN(D51)=0),\"\",IF(AND(RIGHT(B51,1)*1=1,C51=8),-2000,IF(L51>=38,AB51,IF(L51<=31,AC51,AE51))))","v":-185},{"$f":"IF(LEN(A51)=0,\"\",INDEX(Str!$C$1:$C$18,MATCH(F51,Str!$A$1:$A$18,1)))","v":15},0,0,{"$f":"IF(LEN(A51)=0,\"\",INDEX(Uni!$C$1:$C$20,MATCH($G51,Uni!$A$1:$A$20,1)))","v":15},null,-155,{"$f":"IF(LEN(A51)=0,\"\",IF(OR(LEN(B51)=0,LEN(C51)=0,LEN(D51)=0,LEN(E51)=0,LEN(F51)=0,LEN(G51)=0),\"no HVI data\",IF('Base Values'!$B$6+(SUM($N51:$R51)/100)<0,0,'Base Values'!$B$6+(SUM(N51:R51)/100))))","v":50.45},null,{"$f":"IF(LEN(A51)=0,\"\",IF(LEN(H51)=0,INDEX(Ext!$A$1:$G$5,MATCH(0,Ext!$A$1:$A$5,0),MATCH(H$7,Ext!$A$2:$E$2,0)),IF(AND(H51>=0,H51<3),INDEX(Ext!$A$1:$G$5,MATCH(H51,Ext!$A$1:$A$5,0),MATCH(H$7,Ext!$A$2:$E$2,0)),\"invalid entry\")))","v":0},{"$f":"IF(LEN(B51)=0,\"\",IF(LEN(I51)=0,INDEX(Ext!$A$1:$G$5,MATCH(0,Ext!$A$1:$A$5,0),MATCH(I$7,Ext!$A$2:$E$2,0)),IF(AND(I51>=0,I51<3),INDEX(Ext!$A$1:$G$5,MATCH(I51,Ext!$A$1:$A$5,0),MATCH(I$7,Ext!$A$2:$E$2,0)),\"invalid entry\")))","v":0},{"$f":"IF(LEN(C51)=0,\"\",IF(LEN(J51)=0,INDEX(Ext!$A$1:$G$5,MATCH(0,Ext!$A$1:$A$5,0),MATCH(J$7,Ext!$A$2:$E$2,0)),IF(AND(J51>=0,J51<3),INDEX(Ext!$A$1:$G$5,MATCH(J51,Ext!$A$1:$A$5,0),MATCH(J$7,Ext!$A$2:$E$2,0)),\"invalid entry\")))","v":0},{"$f":"IF(LEN(D51)=0,\"\",IF(LEN(K51)=0,INDEX(Ext!$A$1:$G$5,MATCH(0,Ext!$A$1:$A$5,0),MATCH(K$7,Ext!$A$2:$E$2,0)),IF(AND(K51>=0,K51<3),INDEX(Ext!$A$1:$G$5,MATCH(K51,Ext!$A$1:$A$5,0),MATCH(K$7,Ext!$A$2:$E$2,0)),\"invalid entry\")))","v":0},null,{"$f":"IF(ISNA(INDEX('G&S'!$A$1:$K$1000,MATCH($B51&$C51,'G&S'!$B$1:$B$1000&'G&S'!$C$1:$C$1000,0),MATCH(\"38+\",'G&S'!$A$3:$K$3,0))),-4000,INDEX('G&S'!$A$1:$K$1000,MATCH($B51&$C51,'G&S'!$B$1:$B$1000&'G&S'!$C$1:$C$1000,0),MATCH(\"38+\",'G&S'!$A$3:$K$3,0)))","v":-185},{"$f":"IF(ISNA(INDEX('G&S'!$A$1:$K$1000,MATCH($B51&$C51,'G&S'!$B$1:$B$1000&'G&S'!$C$1:$C$1000,0),MATCH(\"26-31\",'G&S'!$A$3:$K$3,0))),-4000,INDEX('G&S'!$A$1:$K$1000,MATCH($B51&$C51,'G&S'!$B$1:$B$1000&'G&S'!$C$1:$C$1000,0),MATCH(\"26-31\",'G&S'!$A$3:$K$3,0)))","v":-965},{"$f":"IF(ISNA(INDEX('G&S'!$A$1:$K$1000,MATCH($B51&$C51,'G&S'!$B$1:$B$1000&'G&S'!$C$1:$C$1000,0),MATCH($L51,'G&S'!$A$3:$K$3,0))),-4000,INDEX('G&S'!$A$1:$K$1000,MATCH($B51&$C51,'G&S'!$B$1:$B$1000&'G&S'!$C$1:$C$1000,0),MATCH($L51,'G&S'!$A$3:$K$3,0)))","v":-4000},{"$f":"IF(ISNA(INDEX('G&S'!$A$1:$K$1000,MATCH($B51&$C51,'G&S'!$B$1:$B$1000&'G&S'!$C$1:$C$1000,0),MATCH($L51,'G&S'!$A$3:$K$3,0))),-4000,INDEX('G&S'!$A$1:$K$1000,MATCH($B51&$C51,'G&S'!$B$1:$B$1000&'G&S'!$C$1:$C$1000,0),MATCH($L51,'G&S'!$A$3:$K$3,0)))","v":-4000},null,1,{"$f":"IF(LEN(A51)=0,\"\",INDEX(Mic!$C$1:$C$20,MATCH($D51,Mic!$A$1:$A$20,1)))","v":0}]
[7101002,41,4,4.2,1.2,31.6,84,null,null,null,null,{"$f":"IF(LEN(A52)=0,\"\",IF(LEN(E52)=0,\"HVI data needed\",INDEX('Staple Lookup'!$C$3:$C$100,MATCH(TRUE,'Staple Lookup'!$B$3:$B$100>=E52,0))))","v":38},null,{"$f":"IF(OR(LEN(B52)=0,LEN(C52)=0,LEN(D52)=0),\"\",IF(AND(RIGHT(B52,1)*1=1,C52=8),-2000,IF(L52>=38,AB52,IF(L52<=31,AC52,AE52))))","v":155},{"$f":"IF(LEN(A52)=0,\"\",INDEX(Str!$C$1:$C$18,MATCH(F52,Str!$A$1:$A$18,1)))","v":30},5,0,{"$f":"IF(LEN(A52)=0,\"\",INDEX(Uni!$C$1:$C$20,MATCH($G52,Uni!$A$1:$A$20,1)))","v":15},null,205,{"$f":"IF(LEN(A52)=0,\"\",IF(OR(LEN(B52)=0,LEN(C52)=0,LEN(D52)=0,LEN(E52)=0,LEN(F52)=0,LEN(G52)=0),\"no HVI data\",IF('Base Values'!$B$6+(SUM($N52:$R52)/100)<0,0,'Base Values'!$B$6+(SUM(N52:R52)/100))))","v":54.05},null,{"$f":"IF(LEN(A52)=0,\"\",IF(LEN(H52)=0,INDEX(Ext!$A$1:$G$5,MATCH(0,Ext!$A$1:$A$5,0),MATCH(H$7,Ext!$A$2:$E$2,0)),IF(AND(H52>=0,H52<3),INDEX(Ext!$A$1:$G$5,MATCH(H52,Ext!$A$1:$A$5,0),MATCH(H$7,Ext!$A$2:$E$2,0)),\"invalid entry\")))","v":0},{"$f":"IF(LEN(B52)=0,\"\",IF(LEN(I52)=0,INDEX(Ext!$A$1:$G$5,MATCH(0,Ext!$A$1:$A$5,0),MATCH(I$7,Ext!$A$2:$E$2,0)),IF(AND(I52>=0,I52<3),INDEX(Ext!$A$1:$G$5,MATCH(I52,Ext!$A$1:$A$5,0),MATCH(I$7,Ext!$A$2:$E$2,0)),\"invalid entry\")))","v":0},{"$f":"IF(LEN(C52)=0,\"\",IF(LEN(J52)=0,INDEX(Ext!$A$1:$G$5,MATCH(0,Ext!$A$1:$A$5,0),MATCH(J$7,Ext!$A$2:$E$2,0)),IF(AND(J52>=0,J52<3),INDEX(Ext!$A$1:$G$5,MATCH(J52,Ext!$A$1:$A$5,0),MATCH(J$7,Ext!$A$2:$E$2,0)),\"invalid entry\")))","v":0},{"$f":"IF(LEN(D52)=0,\"\",IF(LEN(K52)=0,INDEX(Ext!$A$1:$G$5,MATCH(0,Ext!$A$1:$A$5,0),MATCH(K$7,Ext!$A$2:$E$2,0)),IF(AND(K52>=0,K52<3),INDEX(Ext!$A$1:$G$5,MATCH(K52,Ext!$A$1:$A$5,0),MATCH(K$7,Ext!$A$2:$E$2,0)),\"invalid entry\")))","v":0},null,{"$f":"IF(ISNA(INDEX('G&S'!$A$1:$K$1000,MATCH($B52&$C52,'G&S'!$B$1:$B$1000&'G&S'!$C$1:$C$1000,0),MATCH(\"38+\",'G&S'!$A$3:$K$3,0))),-4000,INDEX('G&S'!$A$1:$K$1000,MATCH($B52&$C52,'G&S'!$B$1:$B$1000&'G&S'!$C$1:$C$1000,0),MATCH(\"38+\",'G&S'!$A$3:$K$3,0)))","v":155},{"$f":"IF(ISNA(INDEX('G&S'!$A$1:$K$1000,MATCH($B52&$C52,'G&S'!$B$1:$B$1000&'G&S'!$C$1:$C$1000,0),MATCH(\"26-31\",'G&S'!$A$3:$K$3,0))),-4000,INDEX('G&S'!$A$1:$K$1000,MATCH($B52&$C52,'G&S'!$B$1:$B$1000&'G&S'!$C$1:$C$1000,0),MATCH(\"26-31\",'G&S'!$A$3:$K$3,0)))","v":-690},{"$f":"IF(ISNA(INDEX('G&S'!$A$1:$K$1000,MATCH($B52&$C52,'G&S'!$B$1:$B$1000&'G&S'!$C$1:$C$1000,0),MATCH($L52,'G&S'!$A$3:$K$3,0))),-4000,INDEX('G&S'!$A$1:$K$1000,MATCH($B52&$C52,'G&S'!$B$1:$B$1000&'G&S'!$C$1:$C$1000,0),MATCH($L52,'G&S'!$A$3:$K$3,0)))","v":-4000},{"$f":"IF(ISNA(INDEX('G&S'!$A$1:$K$1000,MATCH($B52&$C52,'G&S'!$B$1:$B$1000&'G&S'!$C$1:$C$1000,0),MATCH($L52,'G&S'!$A$3:$K$3,0))),-4000,INDEX('G&S'!$A$1:$K$1000,MATCH($B52&$C52,'G&S'!$B$1:$B$1000&'G&S'!$C$1:$C$1000,0),MATCH($L52,'G&S'!$A$3:$K$3,0)))","v":-4000},null,1,{"$f":"IF(LEN(A52)=0,\"\",INDEX(Mic!$C$1:$C$20,MATCH($D52,Mic!$A$1:$A$20,1)))","v":5}]
[7101003,41,3,4.5999999999999996,1.21,30.9,83.8,null,null,null,null,{"$f":"IF(LEN(A53)=0,\"\",IF(LEN(E53)=0,\"HVI data needed\",INDEX('Staple Lookup'!$C$3:$C$100,MATCH(TRUE,'Staple Lookup'!$B$3:$B$100>=E53,0))))","v":39},null,{"$f":"IF(OR(LEN(B53)=0,LEN(C53)=0,LEN(D53)=0),\"\",IF(AND(RIGHT(B53,1)*1=1,C53=8),-2000,IF(L53>=38,AB53,IF(L53<=31,AC53,AE53))))","v":215},{"$f":"IF(LEN(A53)=0,\"\",INDEX(Str!$C$1:$C$18,MATCH(F53,Str!$A$1:$A$18,1)))","v":15},0,0,{"$f":"IF(LEN(A53)=0,\"\",INDEX(Uni!$C$1:$C$20,MATCH($G53,Uni!$A$1:$A$20,1)))","v":10},null,240,{"$f":"IF(LEN(A53)=0,\"\",IF(OR(LEN(B53)=0,LEN(C53)=0,LEN(D53)=0,LEN(E53)=0,LEN(F53)=0,LEN(G53)=0),\"no HVI data\",IF('Base Values'!$B$6+(SUM($N53:$R53)/100)<0,0,'Base Values'!$B$6+(SUM(N53:R53)/100))))","v":54.4},null,{"$f":"IF(LEN(A53)=0,\"\",IF(LEN(H53)=0,INDEX(Ext!$A$1:$G$5,MATCH(0,Ext!$A$1:$A$5,0),MATCH(H$7,Ext!$A$2:$E$2,0)),IF(AND(H53>=0,H53<3),INDEX(Ext!$A$1:$G$5,MATCH(H53,Ext!$A$1:$A$5,0),MATCH(H$7,Ext!$A$2:$E$2,0)),\"invalid entry\")))","v":0},{"$f":"IF(LEN(B53)=0,\"\",IF(LEN(I53)=0,INDEX(Ext!$A$1:$G$5,MATCH(0,Ext!$A$1:$A$5,0),MATCH(I$7,Ext!$A$2:$E$2,0)),IF(AND(I53>=0,I53<3),INDEX(Ext!$A$1:$G$5,MATCH(I53,Ext!$A$1:$A$5,0),MATCH(I$7,Ext!$A$2:$E$2,0)),\"invalid entry\")))","v":0},{"$f":"IF(LEN(C53)=0,\"\",IF(LEN(J53)=0,INDEX(Ext!$A$1:$G$5,MATCH(0,Ext!$A$1:$A$5,0),MATCH(J$7,Ext!$A$2:$E$2,0)),IF(AND(J53>=0,J53<3),INDEX(Ext!$A$1:$G$5,MATCH(J53,Ext!$A$1:$A$5,0),MATCH(J$7,Ext!$A$2:$E$2,0)),\"invalid entry\")))","v":0},{"$f":"IF(LEN(D53)=0,\"\",IF(LEN(K53)=0,INDEX(Ext!$A$1:$G$5,MATCH(0,Ext!$A$1:$A$5,0),MATCH(K$7,Ext!$A$2:$E$2,0)),IF(AND(K53>=0,K53<3),INDEX(Ext!$A$1:$G$5,MATCH(K53,Ext!$A$1:$A$5,0),MATCH(K$7,Ext!$A$2:$E$2,0)),\"invalid entry\")))","v":0},null,{"$f":"IF(ISNA(INDEX('G&S'!$A$1:$K$1000,MATCH($B53&$C53,'G&S'!$B$1:$B$1000&'G&S'!$C$1:$C$1000,0),MATCH(\"38+\",'G&S'!$A$3:$K$3,0))),-4000,INDEX('G&S'!$A$1:$K$1000,MATCH($B53&$C53,'G&S'!$B$1:$B$1000&'G&S'!$C$1:$C$1000,0),MATCH(\"38+\",'G&S'!$A$3:$K$3,0)))","v":215},{"$f":"IF(ISNA(INDEX('G&S'!$A$1:$K$1000,MATCH($B53&$C53,'G&S'!$B$1:$B$1000&'G&S'!$C$1:$C$1000,0),MATCH(\"26-31\",'G&S'!$A$3:$K$3,0))),-4000,INDEX('G&S'!$A$1:$K$1000,MATCH($B53&$C53,'G&S'!$B$1:$B$1000&'G&S'!$C$1:$C$1000,0),MATCH(\"26-31\",'G&S'!$A$3:$K$3,0)))","v":-640},{"$f":"IF(ISNA(INDEX('G&S'!$A$1:$K$1000,MATCH($B53&$C53,'G&S'!$B$1:$B$1000&'G&S'!$C$1:$C$1000,0),MATCH($L53,'G&S'!$A$3:$K$3,0))),-4000,INDEX('G&S'!$A$1:$K$1000,MATCH($B53&$C53,'G&S'!$B$1:$B$1000&'G&S'!$C$1:$C$1000,0),MATCH($L53,'G&S'!$A$3:$K$3,0)))","v":-4000},{"$f":"IF(ISNA(INDEX('G&S'!$A$1:$K$1000,MATCH($B53&$C53,'G&S'!$B$1:$B$1000&'G&S'!$C$1:$C$1000,0),MATCH($L53,'G&S'!$A$3:$K$3,0))),-4000,INDEX('G&S'!$A$1:$K$1000,MATCH($B53&$C53,'G&S'!$B$1:$B$1000&'G&S'!$C$1:$C$1000,0),MATCH($L53,'G&S'!$A$3:$K$3,0)))","v":-4000},null,1,{"$f":"IF(LEN(A53)=0,\"\",INDEX(Mic!$C$1:$C$20,MATCH($D53,Mic!$A$1:$A$20,1)))","v":0}]
[7101004,42,4,4.5,1.1399999999999999,29.8,82.7,null,null,null,null,{"$f":"IF(LEN(A54)=0,\"\",IF(LEN(E54)=0,\"HVI data needed\",INDEX('Staple Lookup'!$C$3:$C$100,MATCH(TRUE,'Staple Lookup'!$B$3:$B$100>=E54,0))))","v":37},null,{"$f":"IF(OR(LEN(B54)=0,LEN(C54)=0,LEN(D54)=0),\"\",IF(AND(RIGHT(B54,1)*1=1,C54=8),-2000,IF(L54>=38,AB54,IF(L54<=31,AC54,AE54))))","v":-185},{"$f":"IF(LEN(A54)=0,\"\",INDEX(Str!$C$1:$C$18,MATCH(F54,Str!$A$1:$A$18,1)))","v":5},0,0,{"$f":"IF(LEN(A54)=0,\"\",INDEX(Uni!$C$1:$C$20,MATCH($G54,Uni!$A$1:$A$20,1)))","v":5},null,-175,{"$f":"IF(LEN(A54)=0,\"\",IF(OR(LEN(B54)=0,LEN(C54)=0,LEN(D54)=0,LEN(E54)=0,LEN(F54)=0,LEN(G54)=0),\"no HVI data\",IF('Base Values'!$B$6+(SUM($N54:$R54)/100)<0,0,'Base Values'!$B$6+(SUM(N54:R54)/100))))","v":50.25},null,{"$f":"IF(LEN(A54)=0,\"\",IF(LEN(H54)=0,INDEX(Ext!$A$1:$G$5,MATCH(0,Ext!$A$1:$A$5,0),MATCH(H$7,Ext!$A$2:$E$2,0)),IF(AND(H54>=0,H54<3),INDEX(Ext!$A$1:$G$5,MATCH(H54,Ext!$A$1:$A$5,0),MATCH(H$7,Ext!$A$2:$E$2,0)),\"invalid entry\")))","v":0},{"$f":"IF(LEN(B54)=0,\"\",IF(LEN(I54)=0,INDEX(Ext!$A$1:$G$5,MATCH(0,Ext!$A$1:$A$5,0),MATCH(I$7,Ext!$A$2:$E$2,0)),IF(AND(I54>=0,I54<3),INDEX(Ext!$A$1:$G$5,MATCH(I54,Ext!$A$1:$A$5,0),MATCH(I$7,Ext!$A$2:$E$2,0)),\"invalid entry\")))","v":0},{"$f":"IF(LEN(C54)=0,\"\",IF(LEN(J54)=0,INDEX(Ext!$A$1:$G$5,MATCH(0,Ext!$A$1:$A$5,0),MATCH(J$7,Ext!$A$2:$E$2,0)),IF(AND(J54>=0,J54<3),INDEX(Ext!$A$1:$G$5,MATCH(J54,Ext!$A$1:$A$5,0),MATCH(J$7,Ext!$A$2:$E$2,0)),\"invalid entry\")))","v":0},{"$f":"IF(LEN(D54)=0,\"\",IF(LEN(K54)=0,INDEX(Ext!$A$1:$G$5,MATCH(0,Ext!$A$1:$A$5,0),MATCH(K$7,Ext!$A$2:$E$2,0)),IF(AND(K54>=0,K54<3),INDEX(Ext!$A$1:$G$5,MATCH(K54,Ext!$A$1:$A$5,0),MATCH(K$7,Ext!$A$2:$E$2,0)),\"invalid entry\")))","v":0},null,{"$f":"IF(ISNA(INDEX('G&S'!$A$1:$K$1000,MATCH($B54&$C54,'G&S'!$B$1:$B$1000&'G&S'!$C$1:$C$1000,0),MATCH(\"38+\",'G&S'!$A$3:$K$3,0))),-4000,INDEX('G&S'!$A$1:$K$1000,MATCH($B54&$C54,'G&S'!$B$1:$B$1000&'G&S'!$C$1:$C$1000,0),MATCH(\"38+\",'G&S'!$A$3:$K$3,0)))","v":-185},{"$f":"IF(ISNA(INDEX('G&S'!$A$1:$K$1000,MATCH($B54&$C54,'G&S'!$B$1:$B$1000&'G&S'!$C$1:$C$1000,0),MATCH(\"26-31\",'G&S'!$A$3:$K$3,0))),-4000,INDEX('G&S'!$A$1:$K$1000,MATCH($B54&$C54,'G&S'!$B$1:$B$1000&'G&S'!$C$1:$C$1000,0),MATCH(\"26-31\",'G&S'!$A$3:$K$3,0)))","v":-965},{"$f":"IF(ISNA(INDEX('G&S'!$A$1:$K$1000,MATCH($B54&$C54,'G&S'!$B$1:$B$1000&'G&S'!$C$1:$C$1000,0),MATCH($L54,'G&S'!$A$3:$K$3,0))),-4000,INDEX('G&S'!$A$1:$K$1000,MATCH($B54&$C54,'G&S'!$B$1:$B$1000&'G&S'!$C$1:$C$1000,0),MATCH($L54,'G&S'!$A$3:$K$3,0)))","v":-185},{"$f":"IF(ISNA(INDEX('G&S'!$A$1:$K$1000,MATCH($B54&$C54,'G&S'!$B$1:$B$1000&'G&S'!$C$1:$C$1000,0),MATCH($L54,'G&S'!$A$3:$K$3,0))),-4000,INDEX('G&S'!$A$1:$K$1000,MATCH($B54&$C54,'G&S'!$B$1:$B$1000&'G&S'!$C$1:$C$1000,0),MATCH($L54,'G&S'!$A$3:$K$3,0)))","v":-185},null,1,{"$f":"IF(LEN(A54)=0,\"\",INDEX(Mic!$C$1:$C$20,MATCH($D54,Mic!$A$1:$A$20,1)))","v":0}]
[7201055,51,4,3.8,1.18,31.9,83.7,null,null,null,null,{"$f":"IF(LEN(A55)=0,\"\",IF(LEN(E55)=0,\"HVI data needed\",INDEX('Staple Lookup'!$C$3:$C$100,MATCH(TRUE,'Staple Lookup'!$B$3:$B$100>=E55,0))))","v":38},null,{"$f":"IF(OR(LEN(B55)=0,LEN(C55)=0,LEN(D55)=0),\"\",IF(AND(RIGHT(B55,1)*1=1,C55=8),-2000,IF(L55>=38,AB55,IF(L55<=31,AC55,AE55))))","v":-180},{"$f":"IF(LEN(A55)=0,\"\",INDEX(Str!$C$1:$C$18,MATCH(F55,Str!$A$1:$A$18,1)))","v":30},5,0,{"$f":"IF(LEN(A55)=0,\"\",INDEX(Uni!$C$1:$C$20,MATCH($G55,Uni!$A$1:$A$20,1)))","v":10},null,-135,{"$f":"IF(LEN(A55)=0,\"\",IF(OR(LEN(B55)=0,LEN(C55)=0,LEN(D55)=0,LEN(E55)=0,LEN(F55)=0,LEN(G55)=0),\"no HVI data\",IF('Base Values'!$B$6+(SUM($N55:$R55)/100)<0,0,'Base Values'!$B$6+(SUM(N55:R55)/100))))","v":50.65},null,{"$f":"IF(LEN(A55)=0,\"\",IF(LEN(H55)=0,INDEX(Ext!$A$1:$G$5,MATCH(0,Ext!$A$1:$A$5,0),MATCH(H$7,Ext!$A$2:$E$2,0)),IF(AND(H55>=0,H55<3),INDEX(Ext!$A$1:$G$5,MATCH(H55,Ext!$A$1:$A$5,0),MATCH(H$7,Ext!$A$2:$E$2,0)),\"invalid entry\")))","v":0},{"$f":"IF(LEN(B55)=0,\"\",IF(LEN(I55)=0,INDEX(Ext!$A$1:$G$5,MATCH(0,Ext!$A$1:$A$5,0),MATCH(I$7,Ext!$A$2:$E$2,0)),IF(AND(I55>=0,I55<3),INDEX(Ext!$A$1:$G$5,MATCH(I55,Ext!$A$1:$A$5,0),MATCH(I$7,Ext!$A$2:$E$2,0)),\"invalid entry\")))","v":0},{"$f":"IF(LEN(C55)=0,\"\",IF(LEN(J55)=0,INDEX(Ext!$A$1:$G$5,MATCH(0,Ext!$A$1:$A$5,0),MATCH(J$7,Ext!$A$2:$E$2,0)),IF(AND(J55>=0,J55<3),INDEX(Ext!$A$1:$G$5,MATCH(J55,Ext!$A$1:$A$5,0),MATCH(J$7,Ext!$A$2:$E$2,0)),\"invalid entry\")))","v":0},{"$f":"IF(LEN(D55)=0,\"\",IF(LEN(K55)=0,INDEX(Ext!$A$1:$G$5,MATCH(0,Ext!$A$1:$A$5,0),MATCH(K$7,Ext!$A$2:$E$2,0)),IF(AND(K55>=0,K55<3),INDEX(Ext!$A$1:$G$5,MATCH(K55,Ext!$A$1:$A$5,0),MATCH(K$7,Ext!$A$2:$E$2,0)),\"invalid entry\")))","v":0},null,{"$f":"IF(ISNA(INDEX('G&S'!$A$1:$K$1000,MATCH($B55&$C55,'G&S'!$B$1:$B$1000&'G&S'!$C$1:$C$1000,0),MATCH(\"38+\",'G&S'!$A$3:$K$3,0))),-4000,INDEX('G&S'!$A$1:$K$1000,MATCH($B55&$C55,'G&S'!$B$1:$B$1000&'G&S'!$C$1:$C$1000,0),MATCH(\"38+\",'G&S'!$A$3:$K$3,0)))","v":-180},{"$f":"IF(ISNA(INDEX('G&S'!$A$1:$K$1000,MATCH($B55&$C55,'G&S'!$B$1:$B$1000&'G&S'!$C$1:$C$1000,0),MATCH(\"26-31\",'G&S'!$A$3:$K$3,0))),-4000,INDEX('G&S'!$A$1:$K$1000,MATCH($B55&$C55,'G&S'!$B$1:$B$1000&'G&S'!$C$1:$C$1000,0),MATCH(\"26-31\",'G&S'!$A$3:$K$3,0)))","v":-820},{"$f":"IF(ISNA(INDEX('G&S'!$A$1:$K$1000,MATCH($B55&$C55,'G&S'!$B$1:$B$1000&'G&S'!$C$1:$C$1000,0),MATCH($L55,'G&S'!$A$3:$K$3,0))),-4000,INDEX('G&S'!$A$1:$K$1000,MATCH($B55&$C55,'G&S'!$B$1:$B$1000&'G&S'!$C$1:$C$1000,0),MATCH($L55,'G&S'!$A$3:$K$3,0)))","v":-4000},{"$f":"IF(ISNA(INDEX('G&S'!$A$1:$K$1000,MATCH($B55&$C55,'G&S'!$B$1:$B$1000&'G&S'!$C$1:$C$1000,0),MATCH($L55,'G&S'!$A$3:$K$3,0))),-4000,INDEX('G&S'!$A$1:$K$1000,MATCH($B55&$C55,'G&S'!$B$1:$B$1000&'G&S'!$C$1:$C$1000,0),MATCH($L55,'G&S'!$A$3:$K$3,0)))","v":-4000},null,1,{"$f":"IF(LEN(A55)=0,\"\",INDEX(Mic!$C$1:$C$20,MATCH($D55,Mic!$A$1:$A$20,1)))","v":5}]
[7201056,52,4,4.2,1.1599999999999999,30.8,82.4,null,null,null,null,{"$f":"IF(LEN(A56)=0,\"\",IF(LEN(E56)=0,\"HVI data needed\",INDEX('Staple Lookup'!$C$3:$C$100,MATCH(TRUE,'Staple Lookup'!$B$3:$B$100>=E56,0))))","v":37},null,{"$f":"IF(OR(LEN(B56)=0,LEN(C56)=0,LEN(D56)=0),\"\",IF(AND(RIGHT(B56,1)*1=1,C56=8),-2000,IF(L56>=38,AB56,IF(L56<=31,AC56,AE56))))","v":-450},{"$f":"IF(LEN(A56)=0,\"\",INDEX(Str!$C$1:$C$18,MATCH(F56,Str!$A$1:$A$18,1)))","v":15},0,0,{"$f":"IF(LEN(A56)=0,\"\",INDEX(Uni!$C$1:$C$20,MATCH($G56,Uni!$A$1:$A$20,1)))","v":5},null,-430,{"$f":"IF(LEN(A56)=0,\"\",IF(OR(LEN(B56)=0,LEN(C56)=0,LEN(D56)=0,LEN(E56)=0,LEN(F56)=0,LEN(G56)=0),\"no HVI data\",IF('Base Values'!$B$6+(SUM($N56:$R56)/100)<0,0,'Base Values'!$B$6+(SUM(N56:R56)/100))))","v":47.7},null,{"$f":"IF(LEN(A56)=0,\"\",IF(LEN(H56)=0,INDEX(Ext!$A$1:$G$5,MATCH(0,Ext!$A$1:$A$5,0),MATCH(H$7,Ext!$A$2:$E$2,0)),IF(AND(H56>=0,H56<3),INDEX(Ext!$A$1:$G$5,MATCH(H56,Ext!$A$1:$A$5,0),MATCH(H$7,Ext!$A$2:$E$2,0)),\"invalid entry\")))","v":0},{"$f":"IF(LEN(B56)=0,\"\",IF(LEN(I56)=0,INDEX(Ext!$A$1:$G$5,MATCH(0,Ext!$A$1:$A$5,0),MATCH(I$7,Ext!$A$2:$E$2,0)),IF(AND(I56>=0,I56<3),INDEX(Ext!$A$1:$G$5,MATCH(I56,Ext!$A$1:$A$5,0),MATCH(I$7,Ext!$A$2:$E$2,0)),\"invalid entry\")))","v":0},{"$f":"IF(LEN(C56)=0,\"\",IF(LEN(J56)=0,INDEX(Ext!$A$1:$G$5,MATCH(0,Ext!$A$1:$A$5,0),MATCH(J$7,Ext!$A$2:$E$2,0)),IF(AND(J56>=0,J56<3),INDEX(Ext!$A$1:$G$5,MATCH(J56,Ext!$A$1:$A$5,0),MATCH(J$7,Ext!$A$2:$E$2,0)),\"invalid entry\")))","v":0},{"$f":"IF(LEN(D56)=0,\"\",IF(LEN(K56)=0,INDEX(Ext!$A$1:$G$5,MATCH(0,Ext!$A$1:$A$5,0),MATCH(K$7,Ext!$A$2:$E$2,0)),IF(AND(K56>=0,K56<3),INDEX(Ext!$A$1:$G$5,MATCH(K56,Ext!$A$1:$A$5,0),MATCH(K$7,Ext!$A$2:$E$2,0)),\"invalid entry\")))","v":0},null,{"$f":"IF(ISNA(INDEX('G&S'!$A$1:$K$1000,MATCH($B56&$C56,'G&S'!$B$1:$B$1000&'G&S'!$C$1:$C$1000,0),MATCH(\"38+\",'G&S'!$A$3:$K$3,0))),-4000,INDEX('G&S'!$A$1:$K$1000,MATCH($B56&$C56,'G&S'!$B$1:$B$1000&'G&S'!$C$1:$C$1000,0),MATCH(\"38+\",'G&S'!$A$3:$K$3,0)))","v":-450},{"$f":"IF(ISNA(INDEX('G&S'!$A$1:$K$1000,MATCH($B56&$C56,'G&S'!$B$1:$B$1000&'G&S'!$C$1:$C$1000,0),MATCH(\"26-31\",'G&S'!$A$3:$K$3,0))),-4000,INDEX('G&S'!$A$1:$K$1000,MATCH($B56&$C56,'G&S'!$B$1:$B$1000&'G&S'!$C$1:$C$1000,0),MATCH(\"26-31\",'G&S'!$A$3:$K$3,0)))","v":-1140},{"$f":"IF(ISNA(INDEX('G&S'!$A$1:$K$1000,MATCH($B56&$C56,'G&S'!$B$1:$B$1000&'G&S'!$C$1:$C$1000,0),MATCH($L56,'G&S'!$A$3:$K$3,0))),-4000,INDEX('G&S'!$A$1:$K$1000,MATCH($B56&$C56,'G&S'!$B$1:$B$1000&'G&S'!$C$1:$C$1000,0),MATCH($L56,'G&S'!$A$3:$K$3,0)))","v":-450},{"$f":"IF(ISNA(INDEX('G&S'!$A$1:$K$1000,MATCH($B56&$C56,'G&S'!$B$1:$B$1000&'G&S'!$C$1:$C$1000,0),MATCH($L56,'G&S'!$A$3:$K$3,0))),-4000,INDEX('G&S'!$A$1:$K$1000,MATCH($B56&$C56,'G&S'!$B$1:$B$1000&'G&S'!$C$1:$C$1000,0),MATCH($L56,'G&S'!$A$3:$K$3,0)))","v":-450},null,0,{"$f":"IF(LEN(A56)=0,\"\",INDEX(Mic!$C$1:$C$20,MATCH($D56,Mic!$A$1:$A$20,1)))","v":5}]
[7201057,42,4,4.3,1.1599999999999999,30.5,82,null,null,null,null,{"$f":"IF(LEN(A57)=0,\"\",IF(LEN(E57)=0,\"HVI data needed\",INDEX('Staple Lookup'!$C$3:$C$100,MATCH(TRUE,'Staple Lookup'!$B$3:$B$100>=E57,0))))","v":37},null,{"$f":"IF(OR(LEN(B57)=0,LEN(C57)=0,LEN(D57)=0),\"\",IF(AND(RIGHT(B57,1)*1=1,C57=8),-2000,IF(L57>=38,AB57,IF(L57<=31,AC57,AE57))))","v":-185},{"$f":"IF(LEN(A57)=0,\"\",INDEX(Str!$C$1:$C$18,MATCH(F57,Str!$A$1:$A$18,1)))","v":15},0,0,{"$f":"IF(LEN(A57)=0,\"\",INDEX(Uni!$C$1:$C$20,MATCH($G57,Uni!$A$1:$A$20,1)))","v":5},null,-165,{"$f":"IF(LEN(A57)=0,\"\",IF(OR(LEN(B57)=0,LEN(C57)=0,LEN(D57)=0,LEN(E57)=0,LEN(F57)=0,LEN(G57)=0),\"no HVI data\",IF('Base Values'!$B$6+(SUM($N57:$R57)/100)<0,0,'Base Values'!$B$6+(SUM(N57:R57)/100))))","v":50.35},null,{"$f":"IF(LEN(A57)=0,\"\",IF(LEN(H57)=0,INDEX(Ext!$A$1:$G$5,MATCH(0,Ext!$A$1:$A$5,0),MATCH(H$7,Ext!$A$2:$E$2,0)),IF(AND(H57>=0,H57<3),INDEX(Ext!$A$1:$G$5,MATCH(H57,Ext!$A$1:$A$5,0),MATCH(H$7,Ext!$A$2:$E$2,0)),\"invalid entry\")))","v":0},{"$f":"IF(LEN(B57)=0,\"\",IF(LEN(I57)=0,INDEX(Ext!$A$1:$G$5,MATCH(0,Ext!$A$1:$A$5,0),MATCH(I$7,Ext!$A$2:$E$2,0)),IF(AND(I57>=0,I57<3),INDEX(Ext!$A$1:$G$5,MATCH(I57,Ext!$A$1:$A$5,0),MATCH(I$7,Ext!$A$2:$E$2,0)),\"invalid entry\")))","v":0},{"$f":"IF(LEN(C57)=0,\"\",IF(LEN(J57)=0,INDEX(Ext!$A$1:$G$5,MATCH(0,Ext!$A$1:$A$5,0),MATCH(J$7,Ext!$A$2:$E$2,0)),IF(AND(J57>=0,J57<3),INDEX(Ext!$A$1:$G$5,MATCH(J57,Ext!$A$1:$A$5,0),MATCH(J$7,Ext!$A$2:$E$2,0)),\"invalid entry\")))","v":0},{"$f":"IF(LEN(D57)=0,\"\",IF(LEN(K57)=0,INDEX(Ext!$A$1:$G$5,MATCH(0,Ext!$A$1:$A$5,0),MATCH(K$7,Ext!$A$2:$E$2,0)),IF(AND(K57>=0,K57<3),INDEX(Ext!$A$1:$G$5,MATCH(K57,Ext!$A$1:$A$5,0),MATCH(K$7,Ext!$A$2:$E$2,0)),\"invalid entry\")))","v":0},null,{"$f":"IF(ISNA(INDEX('G&S'!$A$1:$K$1000,MATCH($B57&$C57,'G&S'!$B$1:$B$1000&'G&S'!$C$1:$C$1000,0),MATCH(\"38+\",'G&S'!$A$3:$K$3,0))),-4000,INDEX('G&S'!$A$1:$K$1000,MATCH($B57&$C57,'G&S'!$B$1:$B$1000&'G&S'!$C$1:$C$1000,0),MATCH(\"38+\",'G&S'!$A$3:$K$3,0)))","v":-185},{"$f":"IF(ISNA(INDEX('G&S'!$A$1:$K$1000,MATCH($B57&$C57,'G&S'!$B$1:$B$1000&'G&S'!$C$1:$C$1000,0),MATCH(\"26-31\",'G&S'!$A$3:$K$3,0))),-4000,INDEX('G&S'!$A$1:$K$1000,MATCH($B57&$C57,'G&S'!$B$1:$B$1000&'G&S'!$C$1:$C$1000,0),MATCH(\"26-31\",'G&S'!$A$3:$K$3,0)))","v":-965},{"$f":"IF(ISNA(INDEX('G&S'!$A$1:$K$1000,MATCH($B57&$C57,'G&S'!$B$1:$B$1000&'G&S'!$C$1:$C$1000,0),MATCH($L57,'G&S'!$A$3:$K$3,0))),-4000,INDEX('G&S'!$A$1:$K$1000,MATCH($B57&$C57,'G&S'!$B$1:$B$1000&'G&S'!$C$1:$C$1000,0),MATCH($L57,'G&S'!$A$3:$K$3,0)))","v":-185},{"$f":"IF(ISNA(INDEX('G&S'!$A$1:$K$1000,MATCH($B57&$C57,'G&S'!$B$1:$B$1000&'G&S'!$C$1:$C$1000,0),MATCH($L57,'G&S'!$A$3:$K$3,0))),-4000,INDEX('G&S'!$A$1:$K$1000,MATCH($B57&$C57,'G&S'!$B$1:$B$1000&'G&S'!$C$1:$C$1000,0),MATCH($L57,'G&S'!$A$3:$K$3,0)))","v":-185},null,1,{"$f":"IF(LEN(A57)=0,\"\",INDEX(Mic!$C$1:$C$20,MATCH($D57,Mic!$A$1:$A$20,1)))","v":0}]
[7201058,51,4,4.3,1.1599999999999999,30,82,null,null,null,null,{"$f":"IF(LEN(A58)=0,\"\",IF(LEN(E58)=0,\"HVI data needed\",INDEX('Staple Lookup'!$C$3:$C$100,MATCH(TRUE,'Staple Lookup'!$B$3:$B$100>=E58,0))))","v":37},null,{"$f":"IF(OR(LEN(B58)=0,LEN(C58)=0,LEN(D58)=0),\"\",IF(AND(RIGHT(B58,1)*1=1,C58=8),-2000,IF(L58>=38,AB58,IF(L58<=31,AC58,AE58))))","v":-180},{"$f":"IF(LEN(A58)=0,\"\",INDEX(Str!$C$1:$C$18,MATCH(F58,Str!$A$1:$A$18,1)))","v":15},0,0,{"$f":"IF(LEN(A58)=0,\"\",INDEX(Uni!$C$1:$C$20,MATCH($G58,Uni!$A$1:$A$20,1)))","v":5},null,-160,{"$f":"IF(LEN(A58)=0,\"\",IF(OR(LEN(B58)=0,LEN(C58)=0,LEN(D58)=0,LEN(E58)=0,LEN(F58)=0,LEN(G58)=0),\"no HVI data\",IF('Base Values'!$B$6+(SUM($N58:$R58)/100)<0,0,'Base Values'!$B$6+(SUM(N58:R58)/100))))","v":50.4},null,{"$f":"IF(LEN(A58)=0,\"\",IF(LEN(H58)=0,INDEX(Ext!$A$1:$G$5,MATCH(0,Ext!$A$1:$A$5,0),MATCH(H$7,Ext!$A$2:$E$2,0)),IF(AND(H58>=0,H58<3),INDEX(Ext!$A$1:$G$5,MATCH(H58,Ext!$A$1:$A$5,0),MATCH(H$7,Ext!$A$2:$E$2,0)),\"invalid entry\")))","v":0},{"$f":"IF(LEN(B58)=0,\"\",IF(LEN(I58)=0,INDEX(Ext!$A$1:$G$5,MATCH(0,Ext!$A$1:$A$5,0),MATCH(I$7,Ext!$A$2:$E$2,0)),IF(AND(I58>=0,I58<3),INDEX(Ext!$A$1:$G$5,MATCH(I58,Ext!$A$1:$A$5,0),MATCH(I$7,Ext!$A$2:$E$2,0)),\"invalid entry\")))","v":0},{"$f":"IF(LEN(C58)=0,\"\",IF(LEN(J58)=0,INDEX(Ext!$A$1:$G$5,MATCH(0,Ext!$A$1:$A$5,0),MATCH(J$7,Ext!$A$2:$E$2,0)),IF(AND(J58>=0,J58<3),INDEX(Ext!$A$1:$G$5,MATCH(J58,Ext!$A$1:$A$5,0),MATCH(J$7,Ext!$A$2:$E$2,0)),\"invalid entry\")))","v":0},{"$f":"IF(LEN(D58)=0,\"\",IF(LEN(K58)=0,INDEX(Ext!$A$1:$G$5,MATCH(0,Ext!$A$1:$A$5,0),MATCH(K$7,Ext!$A$2:$E$2,0)),IF(AND(K58>=0,K58<3),INDEX(Ext!$A$1:$G$5,MATCH(K58,Ext!$A$1:$A$5,0),MATCH(K$7,Ext!$A$2:$E$2,0)),\"invalid entry\")))","v":0},null,{"$f":"IF(ISNA(INDEX('G&S'!$A$1:$K$1000,MATCH($B58&$C58,'G&S'!$B$1:$B$1000&'G&S'!$C$1:$C$1000,0),MATCH(\"38+\",'G&S'!$A$3:$K$3,0))),-4000,INDEX('G&S'!$A$1:$K$1000,MATCH($B58&$C58,'G&S'!$B$1:$B$1000&'G&S'!$C$1:$C$1000,0),MATCH(\"38+\",'G&S'!$A$3:$K$3,0)))","v":-180},{"$f":"IF(ISNA(INDEX('G&S'!$A$1:$K$1000,MATCH($B58&$C58,'G&S'!$B$1:$B$1000&'G&S'!$C$1:$C$1000,0),MATCH(\"26-31\",'G&S'!$A$3:$K$3,0))),-4000,INDEX('G&S'!$A$1:$K$1000,MATCH($B58&$C58,'G&S'!$B$1:$B$1000&'G&S'!$C$1:$C$1000,0),MATCH(\"26-31\",'G&S'!$A$3:$K$3,0)))","v":-820},{"$f":"IF(ISNA(INDEX('G&S'!$A$1:$K$1000,MATCH($B58&$C58,'G&S'!$B$1:$B$1000&'G&S'!$C$1:$C$1000,0),MATCH($L58,'G&S'!$A$3:$K$3,0))),-4000,INDEX('G&S'!$A$1:$K$1000,MATCH($B58&$C58,'G&S'!$B$1:$B$1000&'G&S'!$C$1:$C$1000,0),MATCH($L58,'G&S'!$A$3:$K$3,0)))","v":-180},{"$f":"IF(ISNA(INDEX('G&S'!$A$1:$K$1000,MATCH($B58&$C58,'G&S'!$B$1:$B$1000&'G&S'!$C$1:$C$1000,0),MATCH($L58,'G&S'!$A$3:$K$3,0))),-4000,INDEX('G&S'!$A$1:$K$1000,MATCH($B58&$C58,'G&S'!$B$1:$B$1000&'G&S'!$C$1:$C$1000,0),MATCH($L58,'G&S'!$A$3:$K$3,0)))","v":-180},null,1,{"$f":"IF(LEN(A58)=0,\"\",INDEX(Mic!$C$1:$C$20,MATCH($D58,Mic!$A$1:$A$20,1)))","v":0}]
[7201059,52,4,4,1.1299999999999999,30.2,81.8,null,null,null,null,{"$f":"IF(LEN(A59)=0,\"\",IF(LEN(E59)=0,\"HVI data needed\",INDEX('Staple Lookup'!$C$3:$C$100,MATCH(TRUE,'Staple Lookup'!$B$3:$B$100>=E59,0))))","v":36},null,{"$f":"IF(OR(LEN(B59)=0,LEN(C59)=0,LEN(D59)=0),\"\",IF(AND(RIGHT(B59,1)*1=1,C59=8),-2000,IF(L59>=38,AB59,IF(L59<=31,AC59,AE59))))","v":-470},{"$f":"IF(LEN(A59)=0,\"\",INDEX(Str!$C$1:$C$18,MATCH(F59,Str!$A$1:$A$18,1)))","v":15},0,0,{"$f":"IF(LEN(A59)=0,\"\",INDEX(Uni!$C$1:$C$20,MATCH($G59,Uni!$A$1:$A$20,1)))","v":0},null,-455,{"$f":"IF(LEN(A59)=0,\"\",IF(OR(LEN(B59)=0,LEN(C59)=0,LEN(D59)=0,LEN(E59)=0,LEN(F59)=0,LEN(G59)=0),\"no HVI data\",IF('Base Values'!$B$6+(SUM($N59:$R59)/100)<0,0,'Base Values'!$B$6+(SUM(N59:R59)/100))))","v":47.45},null,{"$f":"IF(LEN(A59)=0,\"\",IF(LEN(H59)=0,INDEX(Ext!$A$1:$G$5,MATCH(0,Ext!$A$1:$A$5,0),MATCH(H$7,Ext!$A$2:$E$2,0)),IF(AND(H59>=0,H59<3),INDEX(Ext!$A$1:$G$5,MATCH(H59,Ext!$A$1:$A$5,0),MATCH(H$7,Ext!$A$2:$E$2,0)),\"invalid entry\")))","v":0},{"$f":"IF(LEN(B59)=0,\"\",IF(LEN(I59)=0,INDEX(Ext!$A$1:$G$5,MATCH(0,Ext!$A$1:$A$5,0),MATCH(I$7,Ext!$A$2:$E$2,0)),IF(AND(I59>=0,I59<3),INDEX(Ext!$A$1:$G$5,MATCH(I59,Ext!$A$1:$A$5,0),MATCH(I$7,Ext!$A$2:$E$2,0)),\"invalid entry\")))","v":0},{"$f":"IF(LEN(C59)=0,\"\",IF(LEN(J59)=0,INDEX(Ext!$A$1:$G$5,MATCH(0,Ext!$A$1:$A$5,0),MATCH(J$7,Ext!$A$2:$E$2,0)),IF(AND(J59>=0,J59<3),INDEX(Ext!$A$1:$G$5,MATCH(J59,Ext!$A$1:$A$5,0),MATCH(J$7,Ext!$A$2:$E$2,0)),\"invalid entry\")))","v":0},{"$f":"IF(LEN(D59)=0,\"\",IF(LEN(K59)=0,INDEX(Ext!$A$1:$G$5,MATCH(0,Ext!$A$1:$A$5,0),MATCH(K$7,Ext!$A$2:$E$2,0)),IF(AND(K59>=0,K59<3),INDEX(Ext!$A$1:$G$5,MATCH(K59,Ext!$A$1:$A$5,0),MATCH(K$7,Ext!$A$2:$E$2,0)),\"invalid entry\")))","v":0},null,{"$f":"IF(ISNA(INDEX('G&S'!$A$1:$K$1000,MATCH($B59&$C59,'G&S'!$B$1:$B$1000&'G&S'!$C$1:$C$1000,0),MATCH(\"38+\",'G&S'!$A$3:$K$3,0))),-4000,INDEX('G&S'!$A$1:$K$1000,MATCH($B59&$C59,'G&S'!$B$1:$B$1000&'G&S'!$C$1:$C$1000,0),MATCH(\"38+\",'G&S'!$A$3:$K$3,0)))","v":-450},{"$f":"IF(ISNA(INDEX('G&S'!$A$1:$K$1000,MATCH($B59&$C59,'G&S'!$B$1:$B$1000&'G&S'!$C$1:$C$1000,0),MATCH(\"26-31\",'G&S'!$A$3:$K$3,0))),-4000,INDEX('G&S'!$A$1:$K$1000,MATCH($B59&$C59,'G&S'!$B$1:$B$1000&'G&S'!$C$1:$C$1000,0),MATCH(\"26-31\",'G&S'!$A$3:$K$3,0)))","v":-1140},{"$f":"IF(ISNA(INDEX('G&S'!$A$1:$K$1000,MATCH($B59&$C59,'G&S'!$B$1:$B$1000&'G&S'!$C$1:$C$1000,0),MATCH($L59,'G&S'!$A$3:$K$3,0))),-4000,INDEX('G&S'!$A$1:$K$1000,MATCH($B59&$C59,'G&S'!$B$1:$B$1000&'G&S'!$C$1:$C$1000,0),MATCH($L59,'G&S'!$A$3:$K$3,0)))","v":-470},{"$f":"IF(ISNA(INDEX('G&S'!$A$1:$K$1000,MATCH($B59&$C59,'G&S'!$B$1:$B$1000&'G&S'!$C$1:$C$1000,0),MATCH($L59,'G&S'!$A$3:$K$3,0))),-4000,INDEX('G&S'!$A$1:$K$1000,MATCH($B59&$C59,'G&S'!$B$1:$B$1000&'G&S'!$C$1:$C$1000,0),MATCH($L59,'G&S'!$A$3:$K$3,0)))","v":-470},null,0,{"$f":"IF(LEN(A59)=0,\"\",INDEX(Mic!$C$1:$C$20,MATCH($D59,Mic!$A$1:$A$20,1)))","v":5}]
[7201060,52,4,4,1.22,33.299999999999997,81.5,null,null,null,null,{"$f":"IF(LEN(A60)=0,\"\",IF(LEN(E60)=0,\"HVI data needed\",INDEX('Staple Lookup'!$C$3:$C$100,MATCH(TRUE,'Staple Lookup'!$B$3:$B$100>=E60,0))))","v":39},null,{"$f":"IF(OR(LEN(B60)=0,LEN(C60)=0,LEN(D60)=0),\"\",IF(AND(RIGHT(B60,1)*1=1,C60=8),-2000,IF(L60>=38,AB60,IF(L60<=31,AC60,AE60))))","v":-450},{"$f":"IF(LEN(A60)=0,\"\",INDEX(Str!$C$1:$C$18,MATCH(F60,Str!$A$1:$A$18,1)))","v":40},0,0,{"$f":"IF(LEN(A60)=0,\"\",INDEX(Uni!$C$1:$C$20,MATCH($G60,Uni!$A$1:$A$20,1)))","v":0},null,-410,{"$f":"IF(LEN(A60)=0,\"\",IF(OR(LEN(B60)=0,LEN(C60)=0,LEN(D60)=0,LEN(E60)=0,LEN(F60)=0,LEN(G60)=0),\"no HVI data\",IF('Base Values'!$B$6+(SUM($N60:$R60)/100)<0,0,'Base Values'!$B$6+(SUM(N60:R60)/100))))","v":47.9},null,{"$f":"IF(LEN(A60)=0,\"\",IF(LEN(H60)=0,INDEX(Ext!$A$1:$G$5,MATCH(0,Ext!$A$1:$A$5,0),MATCH(H$7,Ext!$A$2:$E$2,0)),IF(AND(H60>=0,H60<3),INDEX(Ext!$A$1:$G$5,MATCH(H60,Ext!$A$1:$A$5,0),MATCH(H$7,Ext!$A$2:$E$2,0)),\"invalid entry\")))","v":0},{"$f":"IF(LEN(B60)=0,\"\",IF(LEN(I60)=0,INDEX(Ext!$A$1:$G$5,MATCH(0,Ext!$A$1:$A$5,0),MATCH(I$7,Ext!$A$2:$E$2,0)),IF(AND(I60>=0,I60<3),INDEX(Ext!$A$1:$G$5,MATCH(I60,Ext!$A$1:$A$5,0),MATCH(I$7,Ext!$A$2:$E$2,0)),\"invalid entry\")))","v":0},{"$f":"IF(LEN(C60)=0,\"\",IF(LEN(J60)=0,INDEX(Ext!$A$1:$G$5,MATCH(0,Ext!$A$1:$A$5,0),MATCH(J$7,Ext!$A$2:$E$2,0)),IF(AND(J60>=0,J60<3),INDEX(Ext!$A$1:$G$5,MATCH(J60,Ext!$A$1:$A$5,0),MATCH(J$7,Ext!$A$2:$E$2,0)),\"invalid entry\")))","v":0},{"$f":"IF(LEN(D60)=0,\"\",IF(LEN(K60)=0,INDEX(Ext!$A$1:$G$5,MATCH(0,Ext!$A$1:$A$5,0),MATCH(K$7,Ext!$A$2:$E$2,0)),IF(AND(K60>=0,K60<3),INDEX(Ext!$A$1:$G$5,MATCH(K60,Ext!$A$1:$A$5,0),MATCH(K$7,Ext!$A$2:$E$2,0)),\"invalid entry\")))","v":0},null,{"$f":"IF(ISNA(INDEX('G&S'!$A$1:$K$1000,MATCH($B60&$C60,'G&S'!$B$1:$B$1000&'G&S'!$C$1:$C$1000,0),MATCH(\"38+\",'G&S'!$A$3:$K$3,0))),-4000,INDEX('G&S'!$A$1:$K$1000,MATCH($B60&$C60,'G&S'!$B$1:$B$1000&'G&S'!$C$1:$C$1000,0),MATCH(\"38+\",'G&S'!$A$3:$K$3,0)))","v":-450},{"$f":"IF(ISNA(INDEX('G&S'!$A$1:$K$1000,MATCH($B60&$C60,'G&S'!$B$1:$B$1000&'G&S'!$C$1:$C$1000,0),MATCH(\"26-31\",'G&S'!$A$3:$K$3,0))),-4000,INDEX('G&S'!$A$1:$K$1000,MATCH($B60&$C60,'G&S'!$B$1:$B$1000&'G&S'!$C$1:$C$1000,0),MATCH(\"26-31\",'G&S'!$A$3:$K$3,0)))","v":-1140},{"$f":"IF(ISNA(INDEX('G&S'!$A$1:$K$1000,MATCH($B60&$C60,'G&S'!$B$1:$B$1000&'G&S'!$C$1:$C$1000,0),MATCH($L60,'G&S'!$A$3:$K$3,0))),-4000,INDEX('G&S'!$A$1:$K$1000,MATCH($B60&$C60,'G&S'!$B$1:$B$1000&'G&S'!$C$1:$C$1000,0),MATCH($L60,'G&S'!$A$3:$K$3,0)))","v":-4000},{"$f":"IF(ISNA(INDEX('G&S'!$A$1:$K$1000,MATCH($B60&$C60,'G&S'!$B$1:$B$1000&'G&S'!$C$1:$C$1000,0),MATCH($L60,'G&S'!$A$3:$K$3,0))),-4000,INDEX('G&S'!$A$1:$K$1000,MATCH($B60&$C60,'G&S'!$B$1:$B$1000&'G&S'!$C$1:$C$1000,0),MATCH($L60,'G&S'!$A$3:$K$3,0)))","v":-4000},null,0,{"$f":"IF(LEN(A60)=0,\"\",INDEX(Mic!$C$1:$C$20,MATCH($D60,Mic!$A$1:$A$20,1)))","v":5}]
[7201061,52,4,4,1.18,31.1,83.3,null,null,null,null,{"$f":"IF(LEN(A61)=0,\"\",IF(LEN(E61)=0,\"HVI data needed\",INDEX('Staple Lookup'!$C$3:$C$100,MATCH(TRUE,'Staple Lookup'!$B$3:$B$100>=E61,0))))","v":38},null,{"$f":"IF(OR(LEN(B61)=0,LEN(C61)=0,LEN(D61)=0),\"\",IF(AND(RIGHT(B61,1)*1=1,C61=8),-2000,IF(L61>=38,AB61,IF(L61<=31,AC61,AE61))))","v":-450},{"$f":"IF(LEN(A61)=0,\"\",INDEX(Str!$C$1:$C$18,MATCH(F61,Str!$A$1:$A$18,1)))","v":30},0,0,{"$f":"IF(LEN(A61)=0,\"\",INDEX(Uni!$C$1:$C$20,MATCH($G61,Uni!$A$1:$A$20,1)))","v":10},null,-410,{"$f":"IF(LEN(A61)=0,\"\",IF(OR(LEN(B61)=0,LEN(C61)=0,LEN(D61)=0,LEN(E61)=0,LEN(F61)=0,LEN(G61)=0),\"no HVI data\",IF('Base Values'!$B$6+(SUM($N61:$R61)/100)<0,0,'Base Values'!$B$6+(SUM(N61:R61)/100))))","v":47.9},null,{"$f":"IF(LEN(A61)=0,\"\",IF(LEN(H61)=0,INDEX(Ext!$A$1:$G$5,MATCH(0,Ext!$A$1:$A$5,0),MATCH(H$7,Ext!$A$2:$E$2,0)),IF(AND(H61>=0,H61<3),INDEX(Ext!$A$1:$G$5,MATCH(H61,Ext!$A$1:$A$5,0),MATCH(H$7,Ext!$A$2:$E$2,0)),\"invalid entry\")))","v":0},{"$f":"IF(LEN(B61)=0,\"\",IF(LEN(I61)=0,INDEX(Ext!$A$1:$G$5,MATCH(0,Ext!$A$1:$A$5,0),MATCH(I$7,Ext!$A$2:$E$2,0)),IF(AND(I61>=0,I61<3),INDEX(Ext!$A$1:$G$5,MATCH(I61,Ext!$A$1:$A$5,0),MATCH(I$7,Ext!$A$2:$E$2,0)),\"invalid entry\")))","v":0},{"$f":"IF(LEN(C61)=0,\"\",IF(LEN(J61)=0,INDEX(Ext!$A$1:$G$5,MATCH(0,Ext!$A$1:$A$5,0),MATCH(J$7,Ext!$A$2:$E$2,0)),IF(AND(J61>=0,J61<3),INDEX(Ext!$A$1:$G$5,MATCH(J61,Ext!$A$1:$A$5,0),MATCH(J$7,Ext!$A$2:$E$2,0)),\"invalid entry\")))","v":0},{"$f":"IF(LEN(D61)=0,\"\",IF(LEN(K61)=0,INDEX(Ext!$A$1:$G$5,MATCH(0,Ext!$A$1:$A$5,0),MATCH(K$7,Ext!$A$2:$E$2,0)),IF(AND(K61>=0,K61<3),INDEX(Ext!$A$1:$G$5,MATCH(K61,Ext!$A$1:$A$5,0),MATCH(K$7,Ext!$A$2:$E$2,0)),\"invalid entry\")))","v":0},null,{"$f":"IF(ISNA(INDEX('G&S'!$A$1:$K$1000,MATCH($B61&$C61,'G&S'!$B$1:$B$1000&'G&S'!$C$1:$C$1000,0),MATCH(\"38+\",'G&S'!$A$3:$K$3,0))),-4000,INDEX('G&S'!$A$1:$K$1000,MATCH($B61&$C61,'G&S'!$B$1:$B$1000&'G&S'!$C$1:$C$1000,0),MATCH(\"38+\",'G&S'!$A$3:$K$3,0)))","v":-450},{"$f":"IF(ISNA(INDEX('G&S'!$A$1:$K$1000,MATCH($B61&$C61,'G&S'!$B$1:$B$1000&'G&S'!$C$1:$C$1000,0),MATCH(\"26-31\",'G&S'!$A$3:$K$3,0))),-4000,INDEX('G&S'!$A$1:$K$1000,MATCH($B61&$C61,'G&S'!$B$1:$B$1000&'G&S'!$C$1:$C$1000,0),MATCH(\"26-31\",'G&S'!$A$3:$K$3,0)))","v":-1140},{"$f":"IF(ISNA(INDEX('G&S'!$A$1:$K$1000,MATCH($B61&$C61,'G&S'!$B$1:$B$1000&'G&S'!$C$1:$C$1000,0),MATCH($L61,'G&S'!$A$3:$K$3,0))),-4000,INDEX('G&S'!$A$1:$K$1000,MATCH($B61&$C61,'G&S'!$B$1:$B$1000&'G&S'!$C$1:$C$1000,0),MATCH($L61,'G&S'!$A$3:$K$3,0)))","v":-4000},{"$f":"IF(ISNA(INDEX('G&S'!$A$1:$K$1000,MATCH($B61&$C61,'G&S'!$B$1:$B$1000&'G&S'!$C$1:$C$1000,0),MATCH($L61,'G&S'!$A$3:$K$3,0))),-4000,INDEX('G&S'!$A$1:$K$1000,MATCH($B61&$C61,'G&S'!$B$1:$B$1000&'G&S'!$C$1:$C$1000,0),MATCH($L61,'G&S'!$A$3:$K$3,0)))","v":-4000},null,0,{"$f":"IF(LEN(A61)=0,\"\",INDEX(Mic!$C$1:$C$20,MATCH($D61,Mic!$A$1:$A$20,1)))","v":5}]
[7401009,31,3,3,1.21,31.6,83.1,null,null,null,null,{"$f":"IF(LEN(A62)=0,\"\",IF(LEN(E62)=0,\"HVI data needed\",INDEX('Staple Lookup'!$C$3:$C$100,MATCH(TRUE,'Staple Lookup'!$B$3:$B$100>=E62,0))))","v":39},null,{"$f":"IF(OR(LEN(B62)=0,LEN(C62)=0,LEN(D62)=0),\"\",IF(AND(RIGHT(B62,1)*1=1,C62=8),-2000,IF(L62>=38,AB62,IF(L62<=31,AC62,AE62))))","v":420},{"$f":"IF(LEN(A62)=0,\"\",INDEX(Str!$C$1:$C$18,MATCH(F62,Str!$A$1:$A$18,1)))","v":30},-650,0,{"$f":"IF(LEN(A62)=0,\"\",INDEX(Uni!$C$1:$C$20,MATCH($G62,Uni!$A$1:$A$20,1)))","v":10},null,-190,{"$f":"IF(LEN(A62)=0,\"\",IF(OR(LEN(B62)=0,LEN(C62)=0,LEN(D62)=0,LEN(E62)=0,LEN(F62)=0,LEN(G62)=0),\"no HVI data\",IF('Base Values'!$B$6+(SUM($N62:$R62)/100)<0,0,'Base Values'!$B$6+(SUM(N62:R62)/100))))","v":50.1},null,{"$f":"IF(LEN(A62)=0,\"\",IF(LEN(H62)=0,INDEX(Ext!$A$1:$G$5,MATCH(0,Ext!$A$1:$A$5,0),MATCH(H$7,Ext!$A$2:$E$2,0)),IF(AND(H62>=0,H62<3),INDEX(Ext!$A$1:$G$5,MATCH(H62,Ext!$A$1:$A$5,0),MATCH(H$7,Ext!$A$2:$E$2,0)),\"invalid entry\")))","v":0},{"$f":"IF(LEN(B62)=0,\"\",IF(LEN(I62)=0,INDEX(Ext!$A$1:$G$5,MATCH(0,Ext!$A$1:$A$5,0),MATCH(I$7,Ext!$A$2:$E$2,0)),IF(AND(I62>=0,I62<3),INDEX(Ext!$A$1:$G$5,MATCH(I62,Ext!$A$1:$A$5,0),MATCH(I$7,Ext!$A$2:$E$2,0)),\"invalid entry\")))","v":0},{"$f":"IF(LEN(C62)=0,\"\",IF(LEN(J62)=0,INDEX(Ext!$A$1:$G$5,MATCH(0,Ext!$A$1:$A$5,0),MATCH(J$7,Ext!$A$2:$E$2,0)),IF(AND(J62>=0,J62<3),INDEX(Ext!$A$1:$G$5,MATCH(J62,Ext!$A$1:$A$5,0),MATCH(J$7,Ext!$A$2:$E$2,0)),\"invalid entry\")))","v":0},{"$f":"IF(LEN(D62)=0,\"\",IF(LEN(K62)=0,INDEX(Ext!$A$1:$G$5,MATCH(0,Ext!$A$1:$A$5,0),MATCH(K$7,Ext!$A$2:$E$2,0)),IF(AND(K62>=0,K62<3),INDEX(Ext!$A$1:$G$5,MATCH(K62,Ext!$A$1:$A$5,0),MATCH(K$7,Ext!$A$2:$E$2,0)),\"invalid entry\")))","v":0},null,{"$f":"IF(ISNA(INDEX('G&S'!$A$1:$K$1000,MATCH($B62&$C62,'G&S'!$B$1:$B$1000&'G&S'!$C$1:$C$1000,0),MATCH(\"38+\",'G&S'!$A$3:$K$3,0))),-4000,INDEX('G&S'!$A$1:$K$1000,MATCH($B62&$C62,'G&S'!$B$1:$B$1000&'G&S'!$C$1:$C$1000,0),MATCH(\"38+\",'G&S'!$A$3:$K$3,0)))","v":420},{"$f":"IF(ISNA(INDEX('G&S'!$A$1:$K$1000,MATCH($B62&$C62,'G&S'!$B$1:$B$1000&'G&S'!$C$1:$C$1000,0),MATCH(\"26-31\",'G&S'!$A$3:$K$3,0))),-4000,INDEX('G&S'!$A$1:$K$1000,MATCH($B62&$C62,'G&S'!$B$1:$B$1000&'G&S'!$C$1:$C$1000,0),MATCH(\"26-31\",'G&S'!$A$3:$K$3,0)))","v":-530},{"$f":"IF(ISNA(INDEX('G&S'!$A$1:$K$1000,MATCH($B62&$C62,'G&S'!$B$1:$B$1000&'G&S'!$C$1:$C$1000,0),MATCH($L62,'G&S'!$A$3:$K$3,0))),-4000,INDEX('G&S'!$A$1:$K$1000,MATCH($B62&$C62,'G&S'!$B$1:$B$1000&'G&S'!$C$1:$C$1000,0),MATCH($L62,'G&S'!$A$3:$K$3,0)))","v":-4000},{"$f":"IF(ISNA(INDEX('G&S'!$A$1:$K$1000,MATCH($B62&$C62,'G&S'!$B$1:$B$1000&'G&S'!$C$1:$C$1000,0),MATCH($L62,'G&S'!$A$3:$K$3,0))),-4000,INDEX('G&S'!$A$1:$K$1000,MATCH($B62&$C62,'G&S'!$B$1:$B$1000&'G&S'!$C$1:$C$1000,0),MATCH($L62,'G&S'!$A$3:$K$3,0)))","v":-4000},null,1,{"$f":"IF(LEN(A62)=0,\"\",INDEX(Mic!$C$1:$C$20,MATCH($D62,Mic!$A$1:$A$20,1)))","v":-650}]
[7401010,31,5,3.7,1.2,30,82.3,null,null,null,null,{"$f":"IF(LEN(A63)=0,\"\",IF(LEN(E63)=0,\"HVI data needed\",INDEX('Staple Lookup'!$C$3:$C$100,MATCH(TRUE,'Staple Lookup'!$B$3:$B$100>=E63,0))))","v":38},null,{"$f":"IF(OR(LEN(B63)=0,LEN(C63)=0,LEN(D63)=0),\"\",IF(AND(RIGHT(B63,1)*1=1,C63=8),-2000,IF(L63>=38,AB63,IF(L63<=31,AC63,AE63))))","v":55},{"$f":"IF(LEN(A63)=0,\"\",INDEX(Str!$C$1:$C$18,MATCH(F63,Str!$A$1:$A$18,1)))","v":15},5,0,{"$f":"IF(LEN(A63)=0,\"\",INDEX(Uni!$C$1:$C$20,MATCH($G63,Uni!$A$1:$A$20,1)))","v":5},null,80,{"$f":"IF(LEN(A63)=0,\"\",IF(OR(LEN(B63)=0,LEN(C63)=0,LEN(D63)=0,LEN(E63)=0,LEN(F63)=0,LEN(G63)=0),\"no HVI data\",IF('Base Values'!$B$6+(SUM($N63:$R63)/100)<0,0,'Base Values'!$B$6+(SUM(N63:R63)/100))))","v":52.8},null,{"$f":"IF(LEN(A63)=0,\"\",IF(LEN(H63)=0,INDEX(Ext!$A$1:$G$5,MATCH(0,Ext!$A$1:$A$5,0),MATCH(H$7,Ext!$A$2:$E$2,0)),IF(AND(H63>=0,H63<3),INDEX(Ext!$A$1:$G$5,MATCH(H63,Ext!$A$1:$A$5,0),MATCH(H$7,Ext!$A$2:$E$2,0)),\"invalid entry\")))","v":0},{"$f":"IF(LEN(B63)=0,\"\",IF(LEN(I63)=0,INDEX(Ext!$A$1:$G$5,MATCH(0,Ext!$A$1:$A$5,0),MATCH(I$7,Ext!$A$2:$E$2,0)),IF(AND(I63>=0,I63<3),INDEX(Ext!$A$1:$G$5,MATCH(I63,Ext!$A$1:$A$5,0),MATCH(I$7,Ext!$A$2:$E$2,0)),\"invalid entry\")))","v":0},{"$f":"IF(LEN(C63)=0,\"\",IF(LEN(J63)=0,INDEX(Ext!$A$1:$G$5,MATCH(0,Ext!$A$1:$A$5,0),MATCH(J$7,Ext!$A$2:$E$2,0)),IF(AND(J63>=0,J63<3),INDEX(Ext!$A$1:$G$5,MATCH(J63,Ext!$A$1:$A$5,0),MATCH(J$7,Ext!$A$2:$E$2,0)),\"invalid entry\")))","v":0},{"$f":"IF(LEN(D63)=0,\"\",IF(LEN(K63)=0,INDEX(Ext!$A$1:$G$5,MATCH(0,Ext!$A$1:$A$5,0),MATCH(K$7,Ext!$A$2:$E$2,0)),IF(AND(K63>=0,K63<3),INDEX(Ext!$A$1:$G$5,MATCH(K63,Ext!$A$1:$A$5,0),MATCH(K$7,Ext!$A$2:$E$2,0)),\"invalid entry\")))","v":0},null,{"$f":"IF(ISNA(INDEX('G&S'!$A$1:$K$1000,MATCH($B63&$C63,'G&S'!$B$1:$B$1000&'G&S'!$C$1:$C$1000,0),MATCH(\"38+\",'G&S'!$A$3:$K$3,0))),-4000,INDEX('G&S'!$A$1:$K$1000,MATCH($B63&$C63,'G&S'!$B$1:$B$1000&'G&S'!$C$1:$C$1000,0),MATCH(\"38+\",'G&S'!$A$3:$K$3,0)))","v":55},{"$f":"IF(ISNA(INDEX('G&S'!$A$1:$K$1000,MATCH($B63&$C63,'G&S'!$B$1:$B$1000&'G&S'!$C$1:$C$1000,0),MATCH(\"26-31\",'G&S'!$A$3:$K$3,0))),-4000,INDEX('G&S'!$A$1:$K$1000,MATCH($B63&$C63,'G&S'!$B$1:$B$1000&'G&S'!$C$1:$C$1000,0),MATCH(\"26-31\",'G&S'!$A$3:$K$3,0)))","v":-650},{"$f":"IF(ISNA(INDEX('G&S'!$A$1:$K$1000,MATCH($B63&$C63,'G&S'!$B$1:$B$1000&'G&S'!$C$1:$C$1000,0),MATCH($L63,'G&S'!$A$3:$K$3,0))),-4000,INDEX('G&S'!$A$1:$K$1000,MATCH($B63&$C63,'G&S'!$B$1:$B$1000&'G&S'!$C$1:$C$1000,0),MATCH($L63,'G&S'!$A$3:$K$3,0)))","v":-4000},{"$f":"IF(ISNA(INDEX('G&S'!$A$1:$K$1000,MATCH($B63&$C63,'G&S'!$B$1:$B$1000&'G&S'!$C$1:$C$1000,0),MATCH($L63,'G&S'!$A$3:$K$3,0))),-4000,INDEX('G&S'!$A$1:$K$1000,MATCH($B63&$C63,'G&S'!$B$1:$B$1000&'G&S'!$C$1:$C$1000,0),MATCH($L63,'G&S'!$A$3:$K$3,0)))","v":-4000},null,1,{"$f":"IF(LEN(A63)=0,\"\",INDEX(Mic!$C$1:$C$20,MATCH($D63,Mic!$A$1:$A$20,1)))","v":5}]
[7401011,32,4,3.5,1.1399999999999999,29.6,82.3,null,null,null,null,{"$f":"IF(LEN(A64)=0,\"\",IF(LEN(E64)=0,\"HVI data needed\",INDEX('Staple Lookup'!$C$3:$C$100,MATCH(TRUE,'Staple Lookup'!$B$3:$B$100>=E64,0))))","v":37},null,{"$f":"IF(OR(LEN(B64)=0,LEN(C64)=0,LEN(D64)=0),\"\",IF(AND(RIGHT(B64,1)*1=1,C64=8),-2000,IF(L64>=38,AB64,IF(L64<=31,AC64,AE64))))","v":-40},{"$f":"IF(LEN(A64)=0,\"\",INDEX(Str!$C$1:$C$18,MATCH(F64,Str!$A$1:$A$18,1)))","v":5},0,0,{"$f":"IF(LEN(A64)=0,\"\",INDEX(Uni!$C$1:$C$20,MATCH($G64,Uni!$A$1:$A$20,1)))","v":5},null,-30,{"$f":"IF(LEN(A64)=0,\"\",IF(OR(LEN(B64)=0,LEN(C64)=0,LEN(D64)=0,LEN(E64)=0,LEN(F64)=0,LEN(G64)=0),\"no HVI data\",IF('Base Values'!$B$6+(SUM($N64:$R64)/100)<0,0,'Base Values'!$B$6+(SUM(N64:R64)/100))))","v":51.7},null,{"$f":"IF(LEN(A64)=0,\"\",IF(LEN(H64)=0,INDEX(Ext!$A$1:$G$5,MATCH(0,Ext!$A$1:$A$5,0),MATCH(H$7,Ext!$A$2:$E$2,0)),IF(AND(H64>=0,H64<3),INDEX(Ext!$A$1:$G$5,MATCH(H64,Ext!$A$1:$A$5,0),MATCH(H$7,Ext!$A$2:$E$2,0)),\"invalid entry\")))","v":0},{"$f":"IF(LEN(B64)=0,\"\",IF(LEN(I64)=0,INDEX(Ext!$A$1:$G$5,MATCH(0,Ext!$A$1:$A$5,0),MATCH(I$7,Ext!$A$2:$E$2,0)),IF(AND(I64>=0,I64<3),INDEX(Ext!$A$1:$G$5,MATCH(I64,Ext!$A$1:$A$5,0),MATCH(I$7,Ext!$A$2:$E$2,0)),\"invalid entry\")))","v":0},{"$f":"IF(LEN(C64)=0,\"\",IF(LEN(J64)=0,INDEX(Ext!$A$1:$G$5,MATCH(0,Ext!$A$1:$A$5,0),MATCH(J$7,Ext!$A$2:$E$2,0)),IF(AND(J64>=0,J64<3),INDEX(Ext!$A$1:$G$5,MATCH(J64,Ext!$A$1:$A$5,0),MATCH(J$7,Ext!$A$2:$E$2,0)),\"invalid entry\")))","v":0},{"$f":"IF(LEN(D64)=0,\"\",IF(LEN(K64)=0,INDEX(Ext!$A$1:$G$5,MATCH(0,Ext!$A$1:$A$5,0),MATCH(K$7,Ext!$A$2:$E$2,0)),IF(AND(K64>=0,K64<3),INDEX(Ext!$A$1:$G$5,MATCH(K64,Ext!$A$1:$A$5,0),MATCH(K$7,Ext!$A$2:$E$2,0)),\"invalid entry\")))","v":0},null,{"$f":"IF(ISNA(INDEX('G&S'!$A$1:$K$1000,MATCH($B64&$C64,'G&S'!$B$1:$B$1000&'G&S'!$C$1:$C$1000,0),MATCH(\"38+\",'G&S'!$A$3:$K$3,0))),-4000,INDEX('G&S'!$A$1:$K$1000,MATCH($B64&$C64,'G&S'!$B$1:$B$1000&'G&S'!$C$1:$C$1000,0),MATCH(\"38+\",'G&S'!$A$3:$K$3,0)))","v":-40},{"$f":"IF(ISNA(INDEX('G&S'!$A$1:$K$1000,MATCH($B64&$C64,'G&S'!$B$1:$B$1000&'G&S'!$C$1:$C$1000,0),MATCH(\"26-31\",'G&S'!$A$3:$K$3,0))),-4000,INDEX('G&S'!$A$1:$K$1000,MATCH($B64&$C64,'G&S'!$B$1:$B$1000&'G&S'!$C$1:$C$1000,0),MATCH(\"26-31\",'G&S'!$A$3:$K$3,0)))","v":-895},{"$f":"IF(ISNA(INDEX('G&S'!$A$1:$K$1000,MATCH($B64&$C64,'G&S'!$B$1:$B$1000&'G&S'!$C$1:$C$1000,0),MATCH($L64,'G&S'!$A$3:$K$3,0))),-4000,INDEX('G&S'!$A$1:$K$1000,MATCH($B64&$C64,'G&S'!$B$1:$B$1000&'G&S'!$C$1:$C$1000,0),MATCH($L64,'G&S'!$A$3:$K$3,0)))","v":-40},{"$f":"IF(ISNA(INDEX('G&S'!$A$1:$K$1000,MATCH($B64&$C64,'G&S'!$B$1:$B$1000&'G&S'!$C$1:$C$1000,0),MATCH($L64,'G&S'!$A$3:$K$3,0))),-4000,INDEX('G&S'!$A$1:$K$1000,MATCH($B64&$C64,'G&S'!$B$1:$B$1000&'G&S'!$C$1:$C$1000,0),MATCH($L64,'G&S'!$A$3:$K$3,0)))","v":-40},null,1,{"$f":"IF(LEN(A64)=0,\"\",INDEX(Mic!$C$1:$C$20,MATCH($D64,Mic!$A$1:$A$20,1)))","v":0}]
[7401012,31,3,3.6,1.2,31.7,82.4,null,null,null,null,{"$f":"IF(LEN(A65)=0,\"\",IF(LEN(E65)=0,\"HVI data needed\",INDEX('Staple Lookup'!$C$3:$C$100,MATCH(TRUE,'Staple Lookup'!$B$3:$B$100>=E65,0))))","v":38},null,{"$f":"IF(OR(LEN(B65)=0,LEN(C65)=0,LEN(D65)=0),\"\",IF(AND(RIGHT(B65,1)*1=1,C65=8),-2000,IF(L65>=38,AB65,IF(L65<=31,AC65,AE65))))","v":420},{"$f":"IF(LEN(A65)=0,\"\",INDEX(Str!$C$1:$C$18,MATCH(F65,Str!$A$1:$A$18,1)))","v":30},0,0,{"$f":"IF(LEN(A65)=0,\"\",INDEX(Uni!$C$1:$C$20,MATCH($G65,Uni!$A$1:$A$20,1)))","v":5},null,455,{"$f":"IF(LEN(A65)=0,\"\",IF(OR(LEN(B65)=0,LEN(C65)=0,LEN(D65)=0,LEN(E65)=0,LEN(F65)=0,LEN(G65)=0),\"no HVI data\",IF('Base Values'!$B$6+(SUM($N65:$R65)/100)<0,0,'Base Values'!$B$6+(SUM(N65:R65)/100))))","v":56.55},null,{"$f":"IF(LEN(A65)=0,\"\",IF(LEN(H65)=0,INDEX(Ext!$A$1:$G$5,MATCH(0,Ext!$A$1:$A$5,0),MATCH(H$7,Ext!$A$2:$E$2,0)),IF(AND(H65>=0,H65<3),INDEX(Ext!$A$1:$G$5,MATCH(H65,Ext!$A$1:$A$5,0),MATCH(H$7,Ext!$A$2:$E$2,0)),\"invalid entry\")))","v":0},{"$f":"IF(LEN(B65)=0,\"\",IF(LEN(I65)=0,INDEX(Ext!$A$1:$G$5,MATCH(0,Ext!$A$1:$A$5,0),MATCH(I$7,Ext!$A$2:$E$2,0)),IF(AND(I65>=0,I65<3),INDEX(Ext!$A$1:$G$5,MATCH(I65,Ext!$A$1:$A$5,0),MATCH(I$7,Ext!$A$2:$E$2,0)),\"invalid entry\")))","v":0},{"$f":"IF(LEN(C65)=0,\"\",IF(LEN(J65)=0,INDEX(Ext!$A$1:$G$5,MATCH(0,Ext!$A$1:$A$5,0),MATCH(J$7,Ext!$A$2:$E$2,0)),IF(AND(J65>=0,J65<3),INDEX(Ext!$A$1:$G$5,MATCH(J65,Ext!$A$1:$A$5,0),MATCH(J$7,Ext!$A$2:$E$2,0)),\"invalid entry\")))","v":0},{"$f":"IF(LEN(D65)=0,\"\",IF(LEN(K65)=0,INDEX(Ext!$A$1:$G$5,MATCH(0,Ext!$A$1:$A$5,0),MATCH(K$7,Ext!$A$2:$E$2,0)),IF(AND(K65>=0,K65<3),INDEX(Ext!$A$1:$G$5,MATCH(K65,Ext!$A$1:$A$5,0),MATCH(K$7,Ext!$A$2:$E$2,0)),\"invalid entry\")))","v":0},null,{"$f":"IF(ISNA(INDEX('G&S'!$A$1:$K$1000,MATCH($B65&$C65,'G&S'!$B$1:$B$1000&'G&S'!$C$1:$C$1000,0),MATCH(\"38+\",'G&S'!$A$3:$K$3,0))),-4000,INDEX('G&S'!$A$1:$K$1000,MATCH($B65&$C65,'G&S'!$B$1:$B$1000&'G&S'!$C$1:$C$1000,0),MATCH(\"38+\",'G&S'!$A$3:$K$3,0)))","v":420},{"$f":"IF(ISNA(INDEX('G&S'!$A$1:$K$1000,MATCH($B65&$C65,'G&S'!$B$1:$B$1000&'G&S'!$C$1:$C$1000,0),MATCH(\"26-31\",'G&S'!$A$3:$K$3,0))),-4000,INDEX('G&S'!$A$1:$K$1000,MATCH($B65&$C65,'G&S'!$B$1:$B$1000&'G&S'!$C$1:$C$1000,0),MATCH(\"26-31\",'G&S'!$A$3:$K$3,0)))","v":-530},{"$f":"IF(ISNA(INDEX('G&S'!$A$1:$K$1000,MATCH($B65&$C65,'G&S'!$B$1:$B$1000&'G&S'!$C$1:$C$1000,0),MATCH($L65,'G&S'!$A$3:$K$3,0))),-4000,INDEX('G&S'!$A$1:$K$1000,MATCH($B65&$C65,'G&S'!$B$1:$B$1000&'G&S'!$C$1:$C$1000,0),MATCH($L65,'G&S'!$A$3:$K$3,0)))","v":-4000},{"$f":"IF(ISNA(INDEX('G&S'!$A$1:$K$1000,MATCH($B65&$C65,'G&S'!$B$1:$B$1000&'G&S'!$C$1:$C$1000,0),MATCH($L65,'G&S'!$A$3:$K$3,0))),-4000,INDEX('G&S'!$A$1:$K$1000,MATCH($B65&$C65,'G&S'!$B$1:$B$1000&'G&S'!$C$1:$C$1000,0),MATCH($L65,'G&S'!$A$3:$K$3,0)))","v":-4000},null,1,{"$f":"IF(LEN(A65)=0,\"\",INDEX(Mic!$C$1:$C$20,MATCH($D65,Mic!$A$1:$A$20,1)))","v":0}]
[7401013,31,4,3.8,1.2,32,84.2,null,null,null,null,{"$f":"IF(LEN(A66)=0,\"\",IF(LEN(E66)=0,\"HVI data needed\",INDEX('Staple Lookup'!$C$3:$C$100,MATCH(TRUE,'Staple Lookup'!$B$3:$B$100>=E66,0))))","v":38},null,{"$f":"IF(OR(LEN(B66)=0,LEN(C66)=0,LEN(D66)=0),\"\",IF(AND(RIGHT(B66,1)*1=1,C66=8),-2000,IF(L66>=38,AB66,IF(L66<=31,AC66,AE66))))","v":285},{"$f":"IF(LEN(A66)=0,\"\",INDEX(Str!$C$1:$C$18,MATCH(F66,Str!$A$1:$A$18,1)))","v":30},5,0,{"$f":"IF(LEN(A66)=0,\"\",INDEX(Uni!$C$1:$C$20,MATCH($G66,Uni!$A$1:$A$20,1)))","v":15},null,335,{"$f":"IF(LEN(A66)=0,\"\",IF(OR(LEN(B66)=0,LEN(C66)=0,LEN(D66)=0,LEN(E66)=0,LEN(F66)=0,LEN(G66)=0),\"no HVI data\",IF('Base Values'!$B$6+(SUM($N66:$R66)/100)<0,0,'Base Values'!$B$6+(SUM(N66:R66)/100))))","v":55.35},null,{"$f":"IF(LEN(A66)=0,\"\",IF(LEN(H66)=0,INDEX(Ext!$A$1:$G$5,MATCH(0,Ext!$A$1:$A$5,0),MATCH(H$7,Ext!$A$2:$E$2,0)),IF(AND(H66>=0,H66<3),INDEX(Ext!$A$1:$G$5,MATCH(H66,Ext!$A$1:$A$5,0),MATCH(H$7,Ext!$A$2:$E$2,0)),\"invalid entry\")))","v":0},{"$f":"IF(LEN(B66)=0,\"\",IF(LEN(I66)=0,INDEX(Ext!$A$1:$G$5,MATCH(0,Ext!$A$1:$A$5,0),MATCH(I$7,Ext!$A$2:$E$2,0)),IF(AND(I66>=0,I66<3),INDEX(Ext!$A$1:$G$5,MATCH(I66,Ext!$A$1:$A$5,0),MATCH(I$7,Ext!$A$2:$E$2,0)),\"invalid entry\")))","v":0},{"$f":"IF(LEN(C66)=0,\"\",IF(LEN(J66)=0,INDEX(Ext!$A$1:$G$5,MATCH(0,Ext!$A$1:$A$5,0),MATCH(J$7,Ext!$A$2:$E$2,0)),IF(AND(J66>=0,J66<3),INDEX(Ext!$A$1:$G$5,MATCH(J66,Ext!$A$1:$A$5,0),MATCH(J$7,Ext!$A$2:$E$2,0)),\"invalid entry\")))","v":0},{"$f":"IF(LEN(D66)=0,\"\",IF(LEN(K66)=0,INDEX(Ext!$A$1:$G$5,MATCH(0,Ext!$A$1:$A$5,0),MATCH(K$7,Ext!$A$2:$E$2,0)),IF(AND(K66>=0,K66<3),INDEX(Ext!$A$1:$G$5,MATCH(K66,Ext!$A$1:$A$5,0),MATCH(K$7,Ext!$A$2:$E$2,0)),\"invalid entry\")))","v":0},null,{"$f":"IF(ISNA(INDEX('G&S'!$A$1:$K$1000,MATCH($B66&$C66,'G&S'!$B$1:$B$1000&'G&S'!$C$1:$C$1000,0),MATCH(\"38+\",'G&S'!$A$3:$K$3,0))),-4000,INDEX('G&S'!$A$1:$K$1000,MATCH($B66&$C66,'G&S'!$B$1:$B$1000&'G&S'!$C$1:$C$1000,0),MATCH(\"38+\",'G&S'!$A$3:$K$3,0)))","v":285},{"$f":"IF(ISNA(INDEX('G&S'!$A$1:$K$1000,MATCH($B66&$C66,'G&S'!$B$1:$B$1000&'G&S'!$C$1:$C$1000,0),MATCH(\"26-31\",'G&S'!$A$3:$K$3,0))),-4000,INDEX('G&S'!$A$1:$K$1000,MATCH($B66&$C66,'G&S'!$B$1:$B$1000&'G&S'!$C$1:$C$1000,0),MATCH(\"26-31\",'G&S'!$A$3:$K$3,0)))","v":-600},{"$f":"IF(ISNA(INDEX('G&S'!$A$1:$K$1000,MATCH($B66&$C66,'G&S'!$B$1:$B$1000&'G&S'!$C$1:$C$1000,0),MATCH($L66,'G&S'!$A$3:$K$3,0))),-4000,INDEX('G&S'!$A$1:$K$1000,MATCH($B66&$C66,'G&S'!$B$1:$B$1000&'G&S'!$C$1:$C$1000,0),MATCH($L66,'G&S'!$A$3:$K$3,0)))","v":-4000},{"$f":"IF(ISNA(INDEX('G&S'!$A$1:$K$1000,MATCH($B66&$C66,'G&S'!$B$1:$B$1000&'G&S'!$C$1:$C$1000,0),MATCH($L66,'G&S'!$A$3:$K$3,0))),-4000,INDEX('G&S'!$A$1:$K$1000,MATCH($B66&$C66,'G&S'!$B$1:$B$1000&'G&S'!$C$1:$C$1000,0),MATCH($L66,'G&S'!$A$3:$K$3,0)))","v":-4000},null,1,{"$f":"IF(LEN(A66)=0,\"\",INDEX(Mic!$C$1:$C$20,MATCH($D66,Mic!$A$1:$A$20,1)))","v":5}]
[7401014,31,3,3.9,1.1399999999999999,29.6,82.2,null,null,null,null,{"$f":"IF(LEN(A67)=0,\"\",IF(LEN(E67)=0,\"HVI data needed\",INDEX('Staple Lookup'!$C$3:$C$100,MATCH(TRUE,'Staple Lookup'!$B$3:$B$100>=E67,0))))","v":37},null,{"$f":"IF(OR(LEN(B67)=0,LEN(C67)=0,LEN(D67)=0),\"\",IF(AND(RIGHT(B67,1)*1=1,C67=8),-2000,IF(L67>=38,AB67,IF(L67<=31,AC67,AE67))))","v":410},{"$f":"IF(LEN(A67)=0,\"\",INDEX(Str!$C$1:$C$18,MATCH(F67,Str!$A$1:$A$18,1)))","v":5},5,0,{"$f":"IF(LEN(A67)=0,\"\",INDEX(Uni!$C$1:$C$20,MATCH($G67,Uni!$A$1:$A$20,1)))","v":5},null,425,{"$f":"IF(LEN(A67)=0,\"\",IF(OR(LEN(B67)=0,LEN(C67)=0,LEN(D67)=0,LEN(E67)=0,LEN(F67)=0,LEN(G67)=0),\"no HVI data\",IF('Base Values'!$B$6+(SUM($N67:$R67)/100)<0,0,'Base Values'!$B$6+(SUM(N67:R67)/100))))","v":56.25},null,{"$f":"IF(LEN(A67)=0,\"\",IF(LEN(H67)=0,INDEX(Ext!$A$1:$G$5,MATCH(0,Ext!$A$1:$A$5,0),MATCH(H$7,Ext!$A$2:$E$2,0)),IF(AND(H67>=0,H67<3),INDEX(Ext!$A$1:$G$5,MATCH(H67,Ext!$A$1:$A$5,0),MATCH(H$7,Ext!$A$2:$E$2,0)),\"invalid entry\")))","v":0},{"$f":"IF(LEN(B67)=0,\"\",IF(LEN(I67)=0,INDEX(Ext!$A$1:$G$5,MATCH(0,Ext!$A$1:$A$5,0),MATCH(I$7,Ext!$A$2:$E$2,0)),IF(AND(I67>=0,I67<3),INDEX(Ext!$A$1:$G$5,MATCH(I67,Ext!$A$1:$A$5,0),MATCH(I$7,Ext!$A$2:$E$2,0)),\"invalid entry\")))","v":0},{"$f":"IF(LEN(C67)=0,\"\",IF(LEN(J67)=0,INDEX(Ext!$A$1:$G$5,MATCH(0,Ext!$A$1:$A$5,0),MATCH(J$7,Ext!$A$2:$E$2,0)),IF(AND(J67>=0,J67<3),INDEX(Ext!$A$1:$G$5,MATCH(J67,Ext!$A$1:$A$5,0),MATCH(J$7,Ext!$A$2:$E$2,0)),\"invalid entry\")))","v":0},{"$f":"IF(LEN(D67)=0,\"\",IF(LEN(K67)=0,INDEX(Ext!$A$1:$G$5,MATCH(0,Ext!$A$1:$A$5,0),MATCH(K$7,Ext!$A$2:$E$2,0)),IF(AND(K67>=0,K67<3),INDEX(Ext!$A$1:$G$5,MATCH(K67,Ext!$A$1:$A$5,0),MATCH(K$7,Ext!$A$2:$E$2,0)),\"invalid entry\")))","v":0},null,{"$f":"IF(ISNA(INDEX('G&S'!$A$1:$K$1000,MATCH($B67&$C67,'G&S'!$B$1:$B$1000&'G&S'!$C$1:$C$1000,0),MATCH(\"38+\",'G&S'!$A$3:$K$3,0))),-4000,INDEX('G&S'!$A$1:$K$1000,MATCH($B67&$C67,'G&S'!$B$1:$B$1000&'G&S'!$C$1:$C$1000,0),MATCH(\"38+\",'G&S'!$A$3:$K$3,0)))","v":420},{"$f":"IF(ISNA(INDEX('G&S'!$A$1:$K$1000,MATCH($B67&$C67,'G&S'!$B$1:$B$1000&'G&S'!$C$1:$C$1000,0),MATCH(\"26-31\",'G&S'!$A$3:$K$3,0))),-4000,INDEX('G&S'!$A$1:$K$1000,MATCH($B67&$C67,'G&S'!$B$1:$B$1000&'G&S'!$C$1:$C$1000,0),MATCH(\"26-31\",'G&S'!$A$3:$K$3,0)))","v":-530},{"$f":"IF(ISNA(INDEX('G&S'!$A$1:$K$1000,MATCH($B67&$C67,'G&S'!$B$1:$B$1000&'G&S'!$C$1:$C$1000,0),MATCH($L67,'G&S'!$A$3:$K$3,0))),-4000,INDEX('G&S'!$A$1:$K$1000,MATCH($B67&$C67,'G&S'!$B$1:$B$1000&'G&S'!$C$1:$C$1000,0),MATCH($L67,'G&S'!$A$3:$K$3,0)))","v":410},{"$f":"IF(ISNA(INDEX('G&S'!$A$1:$K$1000,MATCH($B67&$C67,'G&S'!$B$1:$B$1000&'G&S'!$C$1:$C$1000,0),MATCH($L67,'G&S'!$A$3:$K$3,0))),-4000,INDEX('G&S'!$A$1:$K$1000,MATCH($B67&$C67,'G&S'!$B$1:$B$1000&'G&S'!$C$1:$C$1000,0),MATCH($L67,'G&S'!$A$3:$K$3,0)))","v":410},null,1,{"$f":"IF(LEN(A67)=0,\"\",INDEX(Mic!$C$1:$C$20,MATCH($D67,Mic!$A$1:$A$20,1)))","v":5}]
[7401015,41,5,3.5,1.1299999999999999,30,82,null,null,null,null,{"$f":"IF(LEN(A68)=0,\"\",IF(LEN(E68)=0,\"HVI data needed\",INDEX('Staple Lookup'!$C$3:$C$100,MATCH(TRUE,'Staple Lookup'!$B$3:$B$100>=E68,0))))","v":36},null,{"$f":"IF(OR(LEN(B68)=0,LEN(C68)=0,LEN(D68)=0),\"\",IF(AND(RIGHT(B68,1)*1=1,C68=8),-2000,IF(L68>=38,AB68,IF(L68<=31,AC68,AE68))))","v":-70},{"$f":"IF(LEN(A68)=0,\"\",INDEX(Str!$C$1:$C$18,MATCH(F68,Str!$A$1:$A$18,1)))","v":15},0,0,{"$f":"IF(LEN(A68)=0,\"\",INDEX(Uni!$C$1:$C$20,MATCH($G68,Uni!$A$1:$A$20,1)))","v":5},null,-50,{"$f":"IF(LEN(A68)=0,\"\",IF(OR(LEN(B68)=0,LEN(C68)=0,LEN(D68)=0,LEN(E68)=0,LEN(F68)=0,LEN(G68)=0),\"no HVI data\",IF('Base Values'!$B$6+(SUM($N68:$R68)/100)<0,0,'Base Values'!$B$6+(SUM(N68:R68)/100))))","v":51.5},null,{"$f":"IF(LEN(A68)=0,\"\",IF(LEN(H68)=0,INDEX(Ext!$A$1:$G$5,MATCH(0,Ext!$A$1:$A$5,0),MATCH(H$7,Ext!$A$2:$E$2,0)),IF(AND(H68>=0,H68<3),INDEX(Ext!$A$1:$G$5,MATCH(H68,Ext!$A$1:$A$5,0),MATCH(H$7,Ext!$A$2:$E$2,0)),\"invalid entry\")))","v":0},{"$f":"IF(LEN(B68)=0,\"\",IF(LEN(I68)=0,INDEX(Ext!$A$1:$G$5,MATCH(0,Ext!$A$1:$A$5,0),MATCH(I$7,Ext!$A$2:$E$2,0)),IF(AND(I68>=0,I68<3),INDEX(Ext!$A$1:$G$5,MATCH(I68,Ext!$A$1:$A$5,0),MATCH(I$7,Ext!$A$2:$E$2,0)),\"invalid entry\")))","v":0},{"$f":"IF(LEN(C68)=0,\"\",IF(LEN(J68)=0,INDEX(Ext!$A$1:$G$5,MATCH(0,Ext!$A$1:$A$5,0),MATCH(J$7,Ext!$A$2:$E$2,0)),IF(AND(J68>=0,J68<3),INDEX(Ext!$A$1:$G$5,MATCH(J68,Ext!$A$1:$A$5,0),MATCH(J$7,Ext!$A$2:$E$2,0)),\"invalid entry\")))","v":0},{"$f":"IF(LEN(D68)=0,\"\",IF(LEN(K68)=0,INDEX(Ext!$A$1:$G$5,MATCH(0,Ext!$A$1:$A$5,0),MATCH(K$7,Ext!$A$2:$E$2,0)),IF(AND(K68>=0,K68<3),INDEX(Ext!$A$1:$G$5,MATCH(K68,Ext!$A$1:$A$5,0),MATCH(K$7,Ext!$A$2:$E$2,0)),\"invalid entry\")))","v":0},null,{"$f":"IF(ISNA(INDEX('G&S'!$A$1:$K$1000,MATCH($B68&$C68,'G&S'!$B$1:$B$1000&'G&S'!$C$1:$C$1000,0),MATCH(\"38+\",'G&S'!$A$3:$K$3,0))),-4000,INDEX('G&S'!$A$1:$K$1000,MATCH($B68&$C68,'G&S'!$B$1:$B$1000&'G&S'!$C$1:$C$1000,0),MATCH(\"38+\",'G&S'!$A$3:$K$3,0)))","v":-60},{"$f":"IF(ISNA(INDEX('G&S'!$A$1:$K$1000,MATCH($B68&$C68,'G&S'!$B$1:$B$1000&'G&S'!$C$1:$C$1000,0),MATCH(\"26-31\",'G&S'!$A$3:$K$3,0))),-4000,INDEX('G&S'!$A$1:$K$1000,MATCH($B68&$C68,'G&S'!$B$1:$B$1000&'G&S'!$C$1:$C$1000,0),MATCH(\"26-31\",'G&S'!$A$3:$K$3,0)))","v":-780},{"$f":"IF(ISNA(INDEX('G&S'!$A$1:$K$1000,MATCH($B68&$C68,'G&S'!$B$1:$B$1000&'G&S'!$C$1:$C$1000,0),MATCH($L68,'G&S'!$A$3:$K$3,0))),-4000,INDEX('G&S'!$A$1:$K$1000,MATCH($B68&$C68,'G&S'!$B$1:$B$1000&'G&S'!$C$1:$C$1000,0),MATCH($L68,'G&S'!$A$3:$K$3,0)))","v":-70},{"$f":"IF(ISNA(INDEX('G&S'!$A$1:$K$1000,MATCH($B68&$C68,'G&S'!$B$1:$B$1000&'G&S'!$C$1:$C$1000,0),MATCH($L68,'G&S'!$A$3:$K$3,0))),-4000,INDEX('G&S'!$A$1:$K$1000,MATCH($B68&$C68,'G&S'!$B$1:$B$1000&'G&S'!$C$1:$C$1000,0),MATCH($L68,'G&S'!$A$3:$K$3,0)))","v":-70},null,1,{"$f":"IF(LEN(A68)=0,\"\",INDEX(Mic!$C$1:$C$20,MATCH($D68,Mic!$A$1:$A$20,1)))","v":0}]

{"sheet":"Yield & Return","index":4,"n_rows":7,"n_cols":10,"rows_kept":7,"cut":false,"hidden":false,"merged":[]}
["Yield & Return"]
["Required lint yield & turnout data to be entered on"]
["HVI & Yield Entry sheet (columns N:O)"]
[null,null,null,"Seed Yield","Lint Value","Seed Value","Gross Return","Picking/Stripping","Ginning Cost","Net Return"]
[null,null,null,"Equals Column B x","Equals Column B x","Equals Column D x","Equals Column E +","& Moduling Costs","Equals Column B x","Equals Column B -"]
[null,"Lint Yield","Turnout","Base Values B14","Loan Value","Base Values B8","Column F","=B/C * Base Values B10","Base Values B12","Columns H & I"]
["Sample Name/Code","(lbs acre)","(%)","(lbs acre)","($/acre)","($/acre)","($/acre)","($/acre)","($/acre)","($/acre)"]

{"sheet":"Staple Lookup","index":5,"n_rows":21,"n_cols":3,"rows_kept":21,"cut":false,"hidden":true,"merged":[]}
[null,"Decimal"]
["Floor","Ceiling","Staple"]
[0,0.79,24]
[{"$f":"B3+0.01","v":0.8},0.85,26]
[{"$f":"B4+0.01","v":0.86},0.89,28]
[0.9,0.92,29]
[0.93,0.95,30]
[0.96,0.98,31]
[0.99,1.01,32]
[1.02,1.04,33]
[1.05,1.07,34]
[1.08,1.1000000000000001,35]
[1.1100000000000001,1.1299999999999999,36]
[1.1399999999999999,1.17,37]
[1.18,1.2,38]
[1.21,1.23,39]
[1.24,1.26,40]
[1.27,1.29,41]
[1.3,1.32,42]
[{"$f":"B19+0.01","v":1.33},1.35,43]
[1.36,9999,44]

{"sheet":"G&S","index":6,"n_rows":165,"n_cols":13,"rows_kept":165,"cut":false,"hidden":true,"merged":[]}
[null,null,null,null,null,null,null,null,null,null,null,null,"Note: Data have to be manually copied over from the pdf (then transposed)"]
[null,null,null,null,null,null,null,null,null,null,null,null,"New section created to break out color grades 11 and 21"]
[null,"Color","Leaf","26-31",32,33,34,35,36,37,"38+",null,"Gaps in coverage are assigned -4000, handled by formulas."]
["White",11,1,-365,-250,-80,145,300,440,495,505]
["White",11,2,-365,-250,-80,145,300,440,495,505]
["White",11,3,-440,-285,-105,120,250,400,445,455]
["White",11,4,-485,-305,-190,65,155,295,330,330]
["White",11,5,-555,-440,-320,-100,20,95,120,120]
["White",11,6,-700,-545,-470,-290,-245,-200,-190,-190]
["White",11,7,-775,-640,-575,-385,-335,-290,-280,-280]
["White",21,1,-365,-250,-80,145,300,440,495,505]
["White",21,2,-365,-250,-80,145,300,440,495,505]
["White",21,3,-440,-285,-105,120,250,400,445,455]
["White",21,4,-485,-305,-190,65,155,295,330,330]
["White",21,5,-555,-440,-320,-100,20,95,120,120]
["White",21,6,-700,-545,-470,-290,-245,-200,-190,-190]
["White",21,7,-775,-640,-575,-385,-335,-290,-280,-280]
["White",31,1,-480,-285,-125,85,240,390,445,455]
["White",31,2,-480,-285,-125,85,240,390,445,455]
["White",31,3,-530,-300,-140,80,220,370,410,420]
["White",31,4,-600,-350,-245,50,130,240,280,285]
["White",31,5,-650,-485,-370,-140,-30,30,55,55]
["White",31,6,-770,-585,-495,-310,-285,-250,-245,-245]
["White",31,7,-860,-680,-600,-395,-365,-335,-330,-330]
["White",41,1,-640,-380,-235,40,100,185,200,215]
["White",41,2,-640,-380,-235,40,100,185,200,215]
["White",41,3,-640,-380,-235,40,100,185,200,215]
["White",41,4,-690,-400,-320,0,50,130,145,155]
["White",41,5,-780,-585,-495,-240,-140,-70,-60,-60]
["White",41,6,-890,-690,-610,-425,-375,-310,-310,-310]
["White",41,7,-1005,-795,-735,-520,-470,-430,-430,-430]
["White",51,1,-820,-650,-500,-270,-215,-185,-180,-180]
["White",51,2,-820,-650,-500,-270,-215,-185,-180,-180]
["White",51,3,-820,-650,-500,-270,-215,-185,-180,-180]
["White",51,4,-820,-650,-500,-270,-215,-185,-180,-180]
["White",51,5,-845,-750,-680,-435,-375,-335,-325,-325]
["White",51,6,-1000,-845,-785,-540,-505,-450,-450,-450]
["White",51,7,-1100,-925,-885,-640,-600,-555,-550,-550]
["White",61,1,-935,-790,-730,-525,-465,-415,-415,-415]
["White",61,2,-935,-790,-730,-525,-465,-415,-415,-415]
["White",61,3,-935,-790,-730,-525,-465,-415,-415,-415]
["White",61,4,-935,-790,-730,-525,-465,-415,-415,-415]
["White",61,5,-935,-790,-730,-525,-465,-415,-415,-415]
["White",61,6,-1080,-910,-870,-700,-650,-595,-595,-595]
["White",61,7,-1180,-1035,-975,-795,-735,-685,-685,-685]
["White",71,1,-1135,-1075,-1015,-850,-805,-760,-760,-760]
["White",71,2,-1135,-1075,-1015,-850,-805,-760,-760,-760]
["White",71,3,-1135,-1075,-1015,-850,-805,-760,-760,-760]
["White",71,4,-1135,-1075,-1015,-850,-805,-760,-760,-760]
["White",71,5,-1135,-1075,-1015,-850,-805,-760,-760,-760]
["White",71,6,-1135,-1075,-1015,-850,-805,-760,-760,-760]
["White",71,7,-1220,-1110,-1060,-880,-860,-815,-815,-815]
["Light Spotted",12,1,-680,-365,-195,55,175,300,350,360]
["Light Spotted",12,2,-680,-365,-195,55,175,300,350,360]
["Light Spotted",12,3,-710,-385,-210,45,130,255,290,295]
["Light Spotted",12,4,-750,-395,-290,-35,55,200,230,235]
["Light Spotted",12,5,-820,-600,-505,-270,-130,-55,-25,-25]
["Light Spotted",12,6,-945,-710,-640,-470,-400,-335,-305,-305]
["Light Spotted",12,7,-1060,-805,-745,-575,-520,-455,-430,-430]
["Light Spotted",22,1,-680,-365,-195,55,175,300,350,360]
["Light Spotted",22,2,-680,-365,-195,55,175,300,350,360]
["Light Spotted",22,3,-710,-385,-210,45,130,255,290,295]
["Light Spotted",22,4,-750,-395,-290,-35,55,200,230,235]
["Light Spotted",22,5,-820,-600,-505,-270,-130,-55,-25,-25]
["Light Spotted",22,6,-945,-710,-640,-470,-400,-335,-305,-305]
["Light Spotted",22,7,-1060,-805,-745,-575,-520,-455,-430,-430]
["Light Spotted",32,1,-805,-480,-315,-90,5,45,75,80]
["Light Spotted",32,2,-805,-480,-315,-90,5,45,75,80]
["Light Spotted",32,3,-845,-505,-330,-115,-25,15,40,45]
["Light Spotted",32,4,-895,-555,-400,-205,-100,-55,-40,-40]
["Light Spotted",32,5,-1010,-750,-615,-395,-320,-270,-250,-250]
["Light Spotted",32,6,-1120,-820,-750,-555,-500,-470,-445,-445]
["Light Spotted",32,7,-1240,-925,-845,-665,-605,-580,-560,-560]
["Light Spotted",42,1,-915,-650,-520,-275,-190,-145,-125,-125]
["Light Spotted",42,2,-915,-650,-520,-275,-190,-145,-125,-125]
["Light Spotted",42,3,-915,-650,-520,-275,-190,-145,-125,-125]
["Light Spotted",42,4,-965,-695,-540,-310,-250,-205,-185,-185]
["Light Spotted",42,5,-1080,-830,-705,-455,-365,-335,-315,-315]
["Light Spotted",42,6,-1290,-910,-825,-610,-565,-530,-505,-505]
["Light Spotted",42,7,-1350,-1000,-915,-740,-670,-635,-610,-610]
["Light Spotted",52,1,-1140,-845,-735,-565,-500,-470,-450,-450]
["Light Spotted",52,2,-1140,-845,-735,-565,-500,-470,-450,-450]
["Light Spotted",52,3,-1140,-845,-735,-565,-500,-470,-450,-450]
["Light Spotted",52,4,-1140,-845,-735,-565,-500,-470,-450,-450]
["Light Spotted",52,5,-1215,-920,-850,-645,-590,-565,-540,-540]
["Light Spotted",52,6,-1425,-1055,-990,-795,-745,-720,-700,-700]
["Light Spotted",52,7,-1510,-1160,-1100,-905,-855,-820,-800,-800]
["Light Spotted",62,1,-1265,-1030,-960,-775,-735,-710,-690,-690]
["Light Spotted",62,2,-1265,-1030,-960,-775,-735,-710,-690,-690]
["Light Spotted",62,3,-1265,-1030,-960,-775,-735,-710,-690,-690]
["Light Spotted",62,4,-1265,-1030,-960,-775,-735,-710,-690,-690]
["Light Spotted",62,5,-1265,-1030,-960,-775,-735,-710,-690,-690]
["Light Spotted",62,6,-1460,-1195,-1125,-930,-895,-865,-845,-845]
["Light Spotted",62,7,-4000,-4000,-4000,-4000,-4000,-4000,-4000,-4000]
["Spotted",13,1,-1110,-915,-845,-470,-380,-325,-255,-255]
["Spotted",13,2,-1110,-915,-845,-470,-380,-325,-255,-255]
["Spotted",13,3,-1150,-940,-870,-495,-405,-350,-280,-280]
["Spotted",13,4,-1185,-1015,-935,-545,-455,-400,-330,-330]
["Spotted",13,5,-1295,-1100,-1045,-670,-580,-510,-440,-440]
["Spotted",13,6,-1405,-1175,-1110,-755,-665,-595,-525,-525]
["Spotted",13,7,-1490,-1275,-1205,-835,-775,-705,-635,-635]
["Spotted",23,1,-1110,-915,-845,-470,-380,-325,-255,-255]
["Spotted",23,2,-1110,-915,-845,-470,-380,-325,-255,-255]
["Spotted",23,3,-1150,-940,-870,-495,-405,-350,-280,-280]
["Spotted",23,4,-1185,-1015,-935,-545,-455,-400,-330,-330]
["Spotted",23,5,-1295,-1100,-1045,-670,-580,-510,-440,-440]
["Spotted",23,6,-1405,-1175,-1110,-755,-665,-595,-525,-525]
["Spotted",23,7,-1490,-1275,-1205,-835,-775,-705,-635,-635]
["Spotted",33,1,-1215,-955,-855,-510,-445,-390,-325,-325]
["Spotted",33,2,-1215,-955,-855,-510,-445,-390,-325,-325]
["Spotted",33,3,-1215,-980,-895,-520,-455,-400,-325,-325]
["Spotted",33,4,-1290,-1055,-975,-585,-520,-450,-375,-375]
["Spotted",33,5,-1425,-1155,-1085,-725,-645,-565,-485,-485]
["Spotted",33,6,-1485,-1230,-1190,-810,-760,-675,-595,-595]
["Spotted",33,7,-1570,-1340,-1260,-935,-870,-785,-705,-705]
["Spotted",43,1,-1265,-990,-905,-625,-575,-535,-505,-505]
["Spotted",43,2,-1265,-990,-905,-625,-575,-535,-505,-505]
["Spotted",43,3,-1265,-990,-905,-625,-575,-535,-505,-505]
["Spotted",43,4,-1340,-1065,-985,-670,-605,-560,-525,-525]
["Spotted",43,5,-1450,-1165,-1095,-790,-735,-700,-665,-665]
["Spotted",43,6,-1535,-1240,-1200,-875,-840,-805,-770,-770]
["Spotted",43,7,-1620,-1350,-1270,-975,-940,-905,-870,-870]
["Spotted",53,1,-1420,-1130,-1025,-805,-770,-745,-710,-710]
["Spotted",53,2,-1420,-1130,-1025,-805,-770,-745,-710,-710]
["Spotted",53,3,-1420,-1130,-1025,-805,-770,-745,-710,-710]
["Spotted",53,4,-1420,-1130,-1025,-805,-770,-745,-710,-710]
["Spotted",53,5,-1505,-1205,-1135,-910,-885,-860,-825,-825]
["Spotted",53,6,-1620,-1305,-1210,-995,-975,-950,-915,-915]
["Spotted",53,7,-1705,-1380,-1325,-1105,-1085,-1060,-1025,-1025]
["Spotted",63,1,-1635,-1295,-1215,-985,-940,-915,-880,-880]
["Spotted",63,2,-1635,-1295,-1215,-985,-940,-915,-880,-880]
["Spotted",63,3,-1635,-1295,-1215,-985,-940,-915,-880,-880]
["Spotted",63,4,-1635,-1295,-1215,-985,-940,-915,-880,-880]
["Spotted",63,5,-1635,-1295,-1215,-985,-940,-915,-880,-880]
["Spotted",63,6,-1705,-1385,-1295,-1080,-1050,-1020,-985,-985]
["Tinged",24,1,-1325,-1140,-1065,-675,-650,-590,-530,-530]
["Tinged",24,2,-1325,-1140,-1065,-675,-650,-590,-530,-530]
["Tinged",24,3,-1325,-1140,-1065,-675,-650,-590,-530,-530]
["Tinged",24,4,-1450,-1265,-1165,-775,-750,-690,-630,-630]
["Tinged",24,5,-1535,-1350,-1275,-900,-875,-815,-755,-755]
["Tinged",24,6,-1695,-1510,-1435,-1090,-1065,-1005,-945,-945]
["Tinged",34,1,-1340,-1155,-1080,-690,-665,-605,-545,-545]
["Tinged",34,2,-1340,-1155,-1080,-690,-665,-605,-545,-545]
["Tinged",34,3,-1340,-1155,-1080,-690,-665,-605,-545,-545]
["Tinged",34,4,-1465,-1280,-1180,-790,-765,-705,-645,-645]
["Tinged",34,5,-1550,-1365,-1290,-915,-890,-830,-770,-770]
["Tinged",34,6,-1710,-1525,-1450,-1105,-1080,-1020,-960,-960]
["Tinged",44,1,-1455,-1270,-1195,-805,-780,-720,-660,-660]
["Tinged",44,2,-1455,-1270,-1195,-805,-780,-720,-660,-660]
["Tinged",44,3,-1455,-1270,-1195,-805,-780,-720,-660,-660]
["Tinged",44,4,-1530,-1370,-1245,-855,-830,-770,-710,-710]
["Tinged",44,5,-1605,-1430,-1330,-955,-930,-870,-810,-810]
["Tinged",44,6,-1765,-1580,-1505,-1160,-1135,-1075,-1015,-1015]
["Tinged",54,1,-1555,-1395,-1320,-910,-895,-835,-785,-785]
["Tinged",54,2,-1555,-1395,-1320,-910,-895,-835,-785,-785]
["Tinged",54,3,-1555,-1395,-1320,-910,-895,-835,-785,-785]
["Tinged",54,4,-1555,-1395,-1320,-910,-895,-835,-785,-785]
["Tinged",54,5,-1640,-1465,-1365,-1025,-1000,-940,-890,-890]
["Yellow Stained",25,1,-1585,-1400,-1325,-935,-910,-850,-790,-790]
["Yellow Stained",25,2,-1585,-1400,-1325,-935,-910,-850,-790,-790]
["Yellow Stained",25,3,-1585,-1400,-1325,-935,-910,-850,-790,-790]
["Yellow Stained",25,4,-1710,-1525,-1425,-1035,-1010,-950,-890,-890]
["Yellow Stained",35,1,-1600,-1415,-1340,-950,-925,-865,-805,-805]
["Yellow Stained",35,2,-1600,-1415,-1340,-950,-925,-865,-805,-805]
["Yellow Stained",35,3,-1600,-1415,-1340,-950,-925,-865,-805,-805]

{"sheet":"Str","index":7,"n_rows":18,"n_cols":3,"rows_kept":18,"cut":false,"hidden":true,"merged":[]}
["Strength"]
["Lower","Upper","Points"]
[0,17.899999999999999,-600]
[18,18.899999999999999,-515]
[19,19.899999999999999,-515]
[20,20.9,-510]
[21,21.9,-505]
[22,22.9,-480]
[23,23.9,-465]
[24,24.9,-455]
[25,25.9,-410]
[26,26.9,0]
[27,27.9,0]
[28,28.9,0]
[29,29.9,5]
[30,30.9,15]
[31,32.9,30]
[33,200,40]

{"sheet":"Mic","index":8,"n_rows":12,"n_cols":3,"rows_kept":12,"cut":false,"hidden":true,"merged":[]}
["Micronaire"]
["Lower","Upper","Points"]
[0,2.4,-1840]
[2.5,2.6,-1414]
[2.7,2.9,-950]
[3,3.2,-650]
[3.3,3.4,-475]
[3.5,3.6,0]
[3.7,4.2,5]
[4.3,4.9000000000000004,0]
[5,5.2,-235]
[5.3,20,-390]

{"sheet":"Uni","index":9,"n_rows":12,"n_cols":3,"rows_kept":12,"cut":false,"hidden":true,"merged":[]}
["Length Uniformity"]
["Lower","Upper","Points"]
[0,77.900000000000006,-90]
[78,78.900000000000006,-60]
[79,79.900000000000006,-50]
[80,80.900000000000006,0]
[81,81.900000000000006,0]
[82,82.9,5]
[83,83.9,10]
[84,84.9,15]
[85,85.9,20]
[86,200,20]

{"sheet":"Ext","index":10,"n_rows":5,"n_cols":5,"rows_kept":5,"cut":false,"hidden":true,"merged":[]}
["Extraneous Matter"]
[null,"TX/NM/OK/KS","Prep","Other","Plastic"]
[0,0,0,0,0]
[1,-350,-200,-465,-4000]
[2,-525,-670,-650,-4000]